{"id":1905,"date":"2022-06-02T12:12:06","date_gmt":"2022-06-02T10:12:06","guid":{"rendered":"https:\/\/www.pmfst.unist.hr\/cromc2020\/?page_id=1905"},"modified":"2022-06-09T10:27:59","modified_gmt":"2022-06-09T08:27:59","slug":"posteri","status":"publish","type":"page","link":"https:\/\/www.pmfst.unist.hr\/cromc2020\/hr\/posteri\/","title":{"rendered":"Posteri"},"content":{"rendered":"<p>1.\tMarija Bliznac Trebje\u0161anin, Sveu\u010dili\u0161te u Splitu<br \/>\n2.\tAndrijana \u0106urkovi\u0107, Sveu\u010dili\u0161te u Splitu<br \/>\n3.\tJasmina \u0110or\u0111evi\u0107, Sveu\u010dili\u0161te u Oslu, Norve\u0161ka<br \/>\n4.\tZrinka Franu\u0161i\u0107, Sveu\u010dili\u0161te u Zagrebu<br \/>\n5.\tPetra Marija Gojun, Sveu\u010dili\u0161te u Splitu<br \/>\n6.\tSlavica Iveli\u0107 Bradanovi\u0107, Sveu\u010dili\u0161te u Splitu<br \/>\n7.\tNevena Jakov\u010devi\u0107 Stor, Sveu\u010dili\u0161te u Splitu<br \/>\n8.\tJulije Jak\u0161eti\u0107, Sveu\u010dili\u0161te u Zagrebu<br \/>\n9.\tMatea Jeli\u0107, Sveu\u010dili\u0161te u Splitu<br \/>\n10.\tBojana Jovanovi\u0107, Sveu\u010dili\u0161te u Ni\u0161u, Srbija<br \/>\n11.\tHrvoje Kraljevi\u0107, Sveu\u010dili\u0161te u Zagrebu<br \/>\n12.\tNeda Lovri\u010devi\u0107, Sveu\u010dili\u0161te u Splitu<br \/>\n13.\tDarija Markovi\u0107, Sveu\u010dili\u0161te J. J. Strossmayera u Osijeku<br \/>\n14.\tVedrana Mikuli\u0107 Crnkovi\u0107, Sveu\u010dili\u0161te u Rijeci<br \/>\n15.\tAna Mimica, Sveu\u010dili\u0161te u Dubrovniku<br \/>\n16.\tIvan\u010dica Miro\u0161evi\u0107, Sveu\u010dili\u0161te u Splitu<br \/>\n17.\tAnamarija Peru\u0161i\u0107 Pribani\u0107, Sveu\u010dili\u0161te u Rijeci<br \/>\n18.\tVinko Petri\u010devi\u0107, Sveu\u010dili\u0161te u Zagrebu<br \/>\n19.\tAleksandra Petrovi\u0107, Sveu\u010dili\u0161te u Ni\u0161u, Srbija<br \/>\n20.\tLuka Podrug, Sveu\u010dili\u0161te u Zagrebu<br \/>\n21.\tMirna Rodi\u0107, Sveu\u010dili\u0161te u Zagrebu<br \/>\n22.\tAljo\u0161a \u0160uba\u0161i\u0107, Sveu\u010dili\u0161te u Splitu<br \/>\n23.\tNenad \u0160uvak, Sveu\u010dili\u0161te J. J. Strossmayera u Osijeku<br \/>\n24.\tSanja Tipuri\u0107-Spu\u017eevi\u0107, Sveu\u010dili\u0161te u Splitu<\/p>\n","protected":false},"excerpt":{"rendered":"<p>1. Marija Bliznac Trebje\u0161anin, Sveu\u010dili\u0161te u Splitu 2. Andrijana \u0106urkovi\u0107, Sveu\u010dili\u0161te u Splitu 3. Jasmina \u0110or\u0111evi\u0107, Sveu\u010dili\u0161te u Oslu, Norve\u0161ka 4. Zrinka Franu\u0161i\u0107, Sveu\u010dili\u0161te u Zagrebu 5. Petra Marija Gojun, Sveu\u010dili\u0161te u Splitu 6. Slavica Iveli\u0107 Bradanovi\u0107, Sveu\u010dili\u0161te u Splitu 7. Nevena Jakov\u010devi\u0107 Stor, Sveu\u010dili\u0161te u Splitu 8. Julije Jak\u0161eti\u0107, Sveu\u010dili\u0161te u Zagrebu 9. Matea [&hellip;]<\/p>\n","protected":false},"author":1,"featured_media":0,"parent":0,"menu_order":0,"comment_status":"closed","ping_status":"closed","template":"","meta":{"footnotes":""},"class_list":["post-1905","page","type-page","status-publish","hentry"],"_links":{"self":[{"href":"https:\/\/www.pmfst.unist.hr\/cromc2020\/wp-json\/wp\/v2\/pages\/1905","targetHints":{"allow":["GET"]}}],"collection":[{"href":"https:\/\/www.pmfst.unist.hr\/cromc2020\/wp-json\/wp\/v2\/pages"}],"about":[{"href":"https:\/\/www.pmfst.unist.hr\/cromc2020\/wp-json\/wp\/v2\/types\/page"}],"author":[{"embeddable":true,"href":"https:\/\/www.pmfst.unist.hr\/cromc2020\/wp-json\/wp\/v2\/users\/1"}],"replies":[{"embeddable":true,"href":"https:\/\/www.pmfst.unist.hr\/cromc2020\/wp-json\/wp\/v2\/comments?post=1905"}],"version-history":[{"count":0,"href":"https:\/\/www.pmfst.unist.hr\/cromc2020\/wp-json\/wp\/v2\/pages\/1905\/revisions"}],"wp:attachment":[{"href":"https:\/\/www.pmfst.unist.hr\/cromc2020\/wp-json\/wp\/v2\/media?parent=1905"}],"curies":[{"name":"wp","href":"https:\/\/api.w.org\/{rel}","templated":true}]}}