{"id":1909,"date":"2022-06-02T12:13:17","date_gmt":"2022-06-02T10:13:17","guid":{"rendered":"https:\/\/www.pmfst.unist.hr\/cromc2020\/?page_id=1909"},"modified":"2022-06-06T10:38:49","modified_gmt":"2022-06-06T08:38:49","slug":"okrugli-stol","status":"publish","type":"page","link":"https:\/\/www.pmfst.unist.hr\/cromc2020\/hr\/okrugli-stol\/","title":{"rendered":"Okrugli stol"},"content":{"rendered":"<div class=\"wpb-content-wrapper\">[vc_row][vc_column][vc_column_text css=&#8221;.vc_custom_1654168842839{margin-bottom: 0px !important;}&#8221;]<span style=\"font-size: 16pt;\"><strong>Okrugli stol:<\/strong> <em>Matemati\u010dko obrazovanje<\/em><\/span><\/p>\n<p><strong>Sudionici:<\/strong> Matija Ba\u0161i\u0107, Nikola Kocei\u0107-Bilan, Ana Maji\u0107, \u017deljka Milin \u0160ipu\u0161<\/p>\n<p><strong>Moderatori:<\/strong> Jelena Ple\u0161tina, Tanja Vojkovi\u0107.<\/p>\n<p>Doga\u0111aj kao \u0161to je Hrvatski matemati\u010dki kongres predstavlja priliku da se podsjetimo da je matemati\u010dko obrazovanje s razlogom u fokusu matemati\u010dara. U okviru ovog okruglog stola osvrnut \u0107emo se na neka aktualna pitanja u obrazovnom prostoru RH, a posebno na izazove i mogu\u0107nosti predtercijarnog obrazovanja pojedinih skupina u\u010denika (nadarenih, sa slabijim postignu\u0107ima, te \u201czanemarene sredine\u201d), te na sveu\u010dili\u0161no obrazovanje budu\u0107ih nastavnika matematike. U sklopu ove druge teme, poseban dio okruglog stola bit \u0107e namijenjen aktualnom deficitu nastavnika matematike na hrvatskom tr\u017ei\u0161tu radu, trenutnoj kvalifikacijskoj strukturi osoba zaposlenih na mjestima u\u010ditelja i nastavnika matematike u RH, mjerama koje MZO provodi vezano za ovu problematiku kao i reakcijama i poduzetim aktivnostima hrvatske matemati\u010dke akademske zajednice s ciljem za\u0161tite matemati\u010dke struke i matemati\u010dkog obrazovanja, te udovoljenja potrebama tr\u017ei\u0161ta rada.[\/vc_column_text][\/vc_column][\/vc_row]\n<\/div>","protected":false},"excerpt":{"rendered":"<p>[vc_row][vc_column][vc_column_text css=&#8221;.vc_custom_1654168842839{margin-bottom: 0px !important;}&#8221;]Okrugli stol: Matemati\u010dko obrazovanje Sudionici: Matija Ba\u0161i\u0107, Nikola Kocei\u0107-Bilan, Ana Maji\u0107, \u017deljka Milin \u0160ipu\u0161 Moderatori: Jelena Ple\u0161tina, Tanja Vojkovi\u0107. Doga\u0111aj kao \u0161to je Hrvatski matemati\u010dki kongres predstavlja priliku da se podsjetimo da je matemati\u010dko obrazovanje s razlogom u fokusu matemati\u010dara. U okviru ovog okruglog stola osvrnut \u0107emo se na neka aktualna pitanja [&hellip;]<\/p>\n","protected":false},"author":1,"featured_media":0,"parent":0,"menu_order":0,"comment_status":"closed","ping_status":"closed","template":"","meta":{"footnotes":""},"class_list":["post-1909","page","type-page","status-publish","hentry"],"_links":{"self":[{"href":"https:\/\/www.pmfst.unist.hr\/cromc2020\/wp-json\/wp\/v2\/pages\/1909","targetHints":{"allow":["GET"]}}],"collection":[{"href":"https:\/\/www.pmfst.unist.hr\/cromc2020\/wp-json\/wp\/v2\/pages"}],"about":[{"href":"https:\/\/www.pmfst.unist.hr\/cromc2020\/wp-json\/wp\/v2\/types\/page"}],"author":[{"embeddable":true,"href":"https:\/\/www.pmfst.unist.hr\/cromc2020\/wp-json\/wp\/v2\/users\/1"}],"replies":[{"embeddable":true,"href":"https:\/\/www.pmfst.unist.hr\/cromc2020\/wp-json\/wp\/v2\/comments?post=1909"}],"version-history":[{"count":0,"href":"https:\/\/www.pmfst.unist.hr\/cromc2020\/wp-json\/wp\/v2\/pages\/1909\/revisions"}],"wp:attachment":[{"href":"https:\/\/www.pmfst.unist.hr\/cromc2020\/wp-json\/wp\/v2\/media?parent=1909"}],"curies":[{"name":"wp","href":"https:\/\/api.w.org\/{rel}","templated":true}]}}