{"id":1913,"date":"2022-06-02T12:14:07","date_gmt":"2022-06-02T10:14:07","guid":{"rendered":"https:\/\/www.pmfst.unist.hr\/cromc2020\/?page_id=1913"},"modified":"2022-06-06T10:41:46","modified_gmt":"2022-06-06T08:41:46","slug":"popratni-dogadaji","status":"publish","type":"page","link":"https:\/\/www.pmfst.unist.hr\/cromc2020\/hr\/popratni-dogadaji\/","title":{"rendered":"Popratni doga\u0111aji"},"content":{"rendered":"<div class=\"wpb-content-wrapper\">[vc_row][vc_column][vc_column_text css=&#8221;.vc_custom_1654168918111{margin-bottom: 0px !important;}&#8221;]<strong>Predstavljanje znanstvenog \u010dasopisa<\/strong><strong> <em>Acta Mathematica Spalatensia<\/em> <\/strong><\/p>\n<p><em>Acta Mathematica Spalatensia<\/em> je me\u0111unarodni znanstveni \u010dasopis posve\u0107en objavljivanju \u010dlanaka iz svih podru\u010dja teorijske i primijenjene matematike. \u010casopis objavljuje izvorne znanstvne radove i kvalitetne pregledne \u010dlanke. Svi objavljeni radovi trajno su besplatno dostupni na internetskoj stranici \u010dasopisa: <a href=\"https:\/\/amas.pmfst.unist.hr\/ams\">https:\/\/amas.pmfst.unist.hr\/ams<\/a><\/p>\n<p>&nbsp;<\/p>\n<p><strong>Predstavljanje ERASMUS+ projekta<\/strong>:<em>Teaching mathematics in STEM context for STEM students \u2013 mathSTEM<\/em><\/p>\n<p>Glavni cilj ovog projekta je razvoj metodologije podu\u010davanja matematike i izrada smjernica za mathSTEM metodologiju. Na temelju analize napravljene prije po\u010detka ovog projekta razvijena je nova interaktivna metoda podu\u010davanja i nazivamo je mathSTEM metoda. Nova se metoda zasniva na zadacima modernog takozvanog u\u010denja 21. stolje\u0107a. Pripremljena je u sklopu ra\u010dunalno podr\u017eanog zajedni\u010dkog u\u010denja, temeljenog na konstruktivnosti, omogu\u0107avaju\u0107i studentima da stvore vlastiti na\u010din u\u010denja. Postupak matemati\u010dkog modeliranja s obzirom na novu tehnologiju posebno \u0107e se primjenjivati na matemati\u010dkim predmetima za STEM studente.[\/vc_column_text][\/vc_column][\/vc_row]\n<\/div>","protected":false},"excerpt":{"rendered":"<p>[vc_row][vc_column][vc_column_text css=&#8221;.vc_custom_1654168918111{margin-bottom: 0px !important;}&#8221;]Predstavljanje znanstvenog \u010dasopisa Acta Mathematica Spalatensia Acta Mathematica Spalatensia je me\u0111unarodni znanstveni \u010dasopis posve\u0107en objavljivanju \u010dlanaka iz svih podru\u010dja teorijske i primijenjene matematike. \u010casopis objavljuje izvorne znanstvne radove i kvalitetne pregledne \u010dlanke. Svi objavljeni radovi trajno su besplatno dostupni na internetskoj stranici \u010dasopisa: https:\/\/amas.pmfst.unist.hr\/ams &nbsp; Predstavljanje ERASMUS+ projekta:Teaching mathematics in STEM context [&hellip;]<\/p>\n","protected":false},"author":1,"featured_media":0,"parent":0,"menu_order":0,"comment_status":"closed","ping_status":"closed","template":"","meta":{"footnotes":""},"class_list":["post-1913","page","type-page","status-publish","hentry"],"_links":{"self":[{"href":"https:\/\/www.pmfst.unist.hr\/cromc2020\/wp-json\/wp\/v2\/pages\/1913","targetHints":{"allow":["GET"]}}],"collection":[{"href":"https:\/\/www.pmfst.unist.hr\/cromc2020\/wp-json\/wp\/v2\/pages"}],"about":[{"href":"https:\/\/www.pmfst.unist.hr\/cromc2020\/wp-json\/wp\/v2\/types\/page"}],"author":[{"embeddable":true,"href":"https:\/\/www.pmfst.unist.hr\/cromc2020\/wp-json\/wp\/v2\/users\/1"}],"replies":[{"embeddable":true,"href":"https:\/\/www.pmfst.unist.hr\/cromc2020\/wp-json\/wp\/v2\/comments?post=1913"}],"version-history":[{"count":0,"href":"https:\/\/www.pmfst.unist.hr\/cromc2020\/wp-json\/wp\/v2\/pages\/1913\/revisions"}],"wp:attachment":[{"href":"https:\/\/www.pmfst.unist.hr\/cromc2020\/wp-json\/wp\/v2\/media?parent=1913"}],"curies":[{"name":"wp","href":"https:\/\/api.w.org\/{rel}","templated":true}]}}