{"id":1915,"date":"2022-06-02T12:14:20","date_gmt":"2022-06-02T10:14:20","guid":{"rendered":"https:\/\/www.pmfst.unist.hr\/cromc2020\/?page_id=1915"},"modified":"2022-06-06T10:42:20","modified_gmt":"2022-06-06T08:42:20","slug":"additional-events","status":"publish","type":"page","link":"https:\/\/www.pmfst.unist.hr\/cromc2020\/additional-events\/","title":{"rendered":"Additional events"},"content":{"rendered":"<div class=\"wpb-content-wrapper\">[vc_row][vc_column][vc_column_text css=&#8221;.vc_custom_1654168899016{margin-bottom: 0px !important;}&#8221;]<strong>Presentation of the new scientific journal <em>Acta Mathematica Spalatensia<\/em> <\/strong><\/p>\n<p><em>Acta Mathematica Spalatensia<\/em> is an international journal devoted to publication of articles in all areas of pure and applied mathematics. The journal publishes original research papers and high-quality review articles. All published items are permanently freely available on the journal&#8217;s web site: <a href=\"https:\/\/amas.pmfst.unist.hr\/ams\">https:\/\/amas.pmfst.unist.hr\/ams<\/a><\/p>\n<p>&nbsp;<\/p>\n<p><strong>Presentation of the ERASMUS+ project<\/strong> (in Croatian)<strong>: <\/strong><em>Teaching mathematics in STEM context for STEM students \u2013 mathSTEM<\/em><\/p>\n<p>Glavni cilj ovog projekta je razvoj metodologije podu\u010davanja matematike i izrada smjernica za mathSTEM metodologiju. Na temelju analize napravljene prije po\u010detka ovog projekta razvijena je nova interaktivna metoda podu\u010davanja i nazivamo je mathSTEM metoda. Nova se metoda zasniva na zadacima modernog takozvanog u\u010denja 21. stolje\u0107a. Pripremljena je u sklopu ra\u010dunalno podr\u017eanog zajedni\u010dkog u\u010denja, temeljenog na konstruktivnosti, omogu\u0107avaju\u0107i studentima da stvore vlastiti na\u010din u\u010denja. Postupak matemati\u010dkog modeliranja s obzirom na novu tehnologiju posebno \u0107e se primjenjivati na matemati\u010dkim predmetima za STEM studente.[\/vc_column_text][\/vc_column][\/vc_row]\n<\/div>","protected":false},"excerpt":{"rendered":"<p>[vc_row][vc_column][vc_column_text css=&#8221;.vc_custom_1654168899016{margin-bottom: 0px !important;}&#8221;]Presentation of the new scientific journal Acta Mathematica Spalatensia Acta Mathematica Spalatensia is an international journal devoted to publication of articles in all areas of pure and applied mathematics. The journal publishes original research papers and high-quality review articles. All published items are permanently freely available on the journal&#8217;s web site: https:\/\/amas.pmfst.unist.hr\/ams [&hellip;]<\/p>\n","protected":false},"author":1,"featured_media":0,"parent":0,"menu_order":0,"comment_status":"closed","ping_status":"closed","template":"","meta":{"footnotes":""},"class_list":["post-1915","page","type-page","status-publish","hentry"],"_links":{"self":[{"href":"https:\/\/www.pmfst.unist.hr\/cromc2020\/wp-json\/wp\/v2\/pages\/1915","targetHints":{"allow":["GET"]}}],"collection":[{"href":"https:\/\/www.pmfst.unist.hr\/cromc2020\/wp-json\/wp\/v2\/pages"}],"about":[{"href":"https:\/\/www.pmfst.unist.hr\/cromc2020\/wp-json\/wp\/v2\/types\/page"}],"author":[{"embeddable":true,"href":"https:\/\/www.pmfst.unist.hr\/cromc2020\/wp-json\/wp\/v2\/users\/1"}],"replies":[{"embeddable":true,"href":"https:\/\/www.pmfst.unist.hr\/cromc2020\/wp-json\/wp\/v2\/comments?post=1915"}],"version-history":[{"count":0,"href":"https:\/\/www.pmfst.unist.hr\/cromc2020\/wp-json\/wp\/v2\/pages\/1915\/revisions"}],"wp:attachment":[{"href":"https:\/\/www.pmfst.unist.hr\/cromc2020\/wp-json\/wp\/v2\/media?parent=1915"}],"curies":[{"name":"wp","href":"https:\/\/api.w.org\/{rel}","templated":true}]}}