{"id":1940,"date":"2022-06-02T12:24:05","date_gmt":"2022-06-02T10:24:05","guid":{"rendered":"https:\/\/www.pmfst.unist.hr\/cromc2020\/?page_id=1940"},"modified":"2022-06-06T10:53:19","modified_gmt":"2022-06-06T08:53:19","slug":"upute-za-sudionike","status":"publish","type":"page","link":"https:\/\/www.pmfst.unist.hr\/cromc2020\/hr\/upute-za-sudionike\/","title":{"rendered":"Upute za sudionike"},"content":{"rendered":"<div class=\"wpb-content-wrapper\">[vc_row][vc_column][vc_column_text]\n<p style=\"text-align: justify;\">[\/vc_column_text][\/vc_column][\/vc_row][vc_row][vc_column][vc_column_text css=&#8221;.vc_custom_1654503838297{margin-bottom: 0px !important;}&#8221;]\n<ul>\n<li>Kongres se odr\u017eava na Prirodoslovno matemati\u010dkom fakultetu Sveu\u010dili\u0161ta u Splitu (<a href=\"https:\/\/www.pmfst.unist.hr\/cromc2020\/hr\/mjesto-odrzavanja\/\">Ru\u0111era Bo\u0161kovi\u0107a 33 \u2013 Sveu\u010dili\u0161ni kampus<\/a>).<\/li>\n<\/ul>\n<ul>\n<li><strong>Registracija:<\/strong><br \/>\n&#8211; <strong>Utorak, 14. lipnja od 19 do 20 sati<\/strong><br \/>\n&#8211; <strong>Srijeda, 15. lipnja od 8 do 9 sati <\/strong><br \/>\nKongresni prijemni pult se nalazi u fakultetskoj auli nasuprot glavnog ulaza. \u010clanovi organizacijskog odbora bit \u0107e za pultom i svaki dan za vrijeme pauza za kavu.<\/li>\n<\/ul>\n<ul>\n<li>Predavanja \u0107e se odr\u017eavati u amfiteatrima: A0-1, A0-2 (prizemlje), A1-1 (prvi kat) i u predavaonicama: B3-16, B3-17, B3-37, B3-68 (tre\u0107i kat). Posteri \u0107e biti izlo\u017eeni u hodniku ispred ulaza u amfiteatar A0-2.<\/li>\n<\/ul>\n<ul>\n<li>Znanstveni program se sastoji od plenarnih predavanja (45 minuta), pozvanih predavanja (30 minuta), kratkih priop\u0107enja (15 minuta) i posterske sekcije. Pozvana predavanja se odr\u017eavaju svaki dan u dvije paralelne sekcije, a kratka priop\u0107enja u \u0161est paralelnih sekcija, stoga <strong><strong>molimo voditelje sekcija i predava\u010de da se striktno pridr\u017eavaju objavljenog <a href=\"https:\/\/www.pmfst.unist.hr\/cromc2020\/hr\/raspored\/\"><span style=\"text-decoration: underline;\">rasporeda<\/span><\/a>.<\/strong><\/strong><\/li>\n<\/ul>\n<ul>\n<li>Tijekom <strong>pauze za ru\u010dak<\/strong> sudionici Kongresa mogu uz predo\u010denje akreditacije ru\u010dati u rezerviranom dijelu restorana <a href=\"https:\/\/www.google.com\/maps\/place\/Studentski+centar+Split\/@43.5119852,16.4672548,457m\/data=!3m1!1e3!4m5!3m4!1s0x13355f4c17182159:0x49dc0f0e8d535588!8m2!3d43.5117561!4d16.4661976?hl=en\">Studentskog doma &#8220;Dr. Franjo Tu\u0111man&#8221;<\/a> udaljenog svega par minuta hoda od Prirodoslovno-matemati\u010dkog fakulteta. Cijena ru\u010dka je otprilike 50 kn.<\/li>\n<\/ul>\n<p><a href=\"https:\/\/www.pmfst.unist.hr\/cromc2020\/hr\/upute-za-predavace-i-autore-postera\/\"><strong>Upute za predava\u010de i autore postera<\/strong><\/a><\/p>\n<p><a href=\"https:\/\/www.pmfst.unist.hr\/cromc2020\/hr\/1984-2\/\"><strong>Raspored<\/strong><\/a>[\/vc_column_text][\/vc_column][\/vc_row][vc_row][vc_column][vc_column_text]\n[\/vc_column_text][\/vc_column][\/vc_row]\n<\/div>","protected":false},"excerpt":{"rendered":"<p>[vc_row][vc_column][vc_column_text] [\/vc_column_text][\/vc_column][\/vc_row][vc_row][vc_column][vc_column_text css=&#8221;.vc_custom_1654503838297{margin-bottom: 0px !important;}&#8221;] Kongres se odr\u017eava na Prirodoslovno matemati\u010dkom fakultetu Sveu\u010dili\u0161ta u Splitu (Ru\u0111era Bo\u0161kovi\u0107a 33 \u2013 Sveu\u010dili\u0161ni kampus). Registracija: &#8211; Utorak, 14. lipnja od 19 do 20 sati &#8211; Srijeda, 15. lipnja od 8 do 9 sati Kongresni prijemni pult se nalazi u fakultetskoj auli nasuprot glavnog ulaza. \u010clanovi organizacijskog odbora bit [&hellip;]<\/p>\n","protected":false},"author":1,"featured_media":0,"parent":0,"menu_order":0,"comment_status":"closed","ping_status":"closed","template":"","meta":{"footnotes":""},"class_list":["post-1940","page","type-page","status-publish","hentry"],"_links":{"self":[{"href":"https:\/\/www.pmfst.unist.hr\/cromc2020\/wp-json\/wp\/v2\/pages\/1940","targetHints":{"allow":["GET"]}}],"collection":[{"href":"https:\/\/www.pmfst.unist.hr\/cromc2020\/wp-json\/wp\/v2\/pages"}],"about":[{"href":"https:\/\/www.pmfst.unist.hr\/cromc2020\/wp-json\/wp\/v2\/types\/page"}],"author":[{"embeddable":true,"href":"https:\/\/www.pmfst.unist.hr\/cromc2020\/wp-json\/wp\/v2\/users\/1"}],"replies":[{"embeddable":true,"href":"https:\/\/www.pmfst.unist.hr\/cromc2020\/wp-json\/wp\/v2\/comments?post=1940"}],"version-history":[{"count":0,"href":"https:\/\/www.pmfst.unist.hr\/cromc2020\/wp-json\/wp\/v2\/pages\/1940\/revisions"}],"wp:attachment":[{"href":"https:\/\/www.pmfst.unist.hr\/cromc2020\/wp-json\/wp\/v2\/media?parent=1940"}],"curies":[{"name":"wp","href":"https:\/\/api.w.org\/{rel}","templated":true}]}}