{"id":380,"date":"2019-10-04T08:46:22","date_gmt":"2019-10-04T06:46:22","guid":{"rendered":"https:\/\/www.pmfst.unist.hr\/cromc2020\/?page_id=380"},"modified":"2019-11-27T11:54:14","modified_gmt":"2019-11-27T10:54:14","slug":"scientific-committee","status":"publish","type":"page","link":"https:\/\/www.pmfst.unist.hr\/cromc2020\/scientific-committee\/","title":{"rendered":"SCIENTIFIC COMMITTEE"},"content":{"rendered":"<p>Co-chairs:<\/p>\n<ul>\n<li>Borka Jadrijevi\u0107 (University of Split)<\/li>\n<li>Milica Klari\u010di\u0107 Bakula (University of Split)<\/li>\n<\/ul>\n<p>Members:<\/p>\n<ul>\n<li>Dra\u017een Adamovi\u0107 (University of Zagreb)<\/li>\n<li>Dean Crnkovi\u0107 (University of Rijeka)<\/li>\n<li>Jak\u0161a Cvitani\u0107 (Caltech, Pasadena)<\/li>\n<li>Zlatko Drma\u010d (University of Zagreb)<\/li>\n<li>Andrej Dujella (University of Zagreb)<\/li>\n<li>Dijana Ili\u0161evi\u0107 (University of Zagreb)<\/li>\n<li>Dragan Juki\u0107 (University of Osijek)<\/li>\n<li>Hrvoje Kraljevi\u0107 (University of Zagreb)<\/li>\n<li>Mario Krni\u0107 (University of Zagreb)<\/li>\n<li>Martin Lazar (University of Dubrovnik)<\/li>\n<li>Eduard Maru\u0161i\u0107-Paloka (University of Zagreb)<\/li>\n<li>Vlasta Matijevi\u0107 (University of Split)<\/li>\n<li>\u017deljka Milin \u0160ipu\u0161 (University of Zagreb)<\/li>\n<li>Goran Mui\u0107 (University of Zagreb)<\/li>\n<li>Tibor Poganj (University of Rijeka)<\/li>\n<li>Hrvoje \u0160iki\u0107\u00a0 (University of Zagreb)<\/li>\n<li>Marko Tadi\u0107 (University of Zagreb)<\/li>\n<li>Josip Tamba\u010da\u00a0 (University of Zagreb)<\/li>\n<li>Ninoslav Truhar (University of Osijek)<\/li>\n<li>Zoran Vondra\u010dek (University of Zagreb)<\/li>\n<li>Damir Vuki\u010devi\u0107 (University of Split),<\/li>\n<li>Mladen Vukovi\u0107 (University of Zagreb)<\/li>\n<li>Vesna \u017dupanovi\u0107 (University of Zagreb)<\/li>\n<\/ul>\n","protected":false},"excerpt":{"rendered":"<p>Co-chairs: Borka Jadrijevi\u0107 (University of Split) Milica Klari\u010di\u0107 Bakula (University of Split) Members: Dra\u017een Adamovi\u0107 (University of Zagreb) Dean Crnkovi\u0107 (University of Rijeka) Jak\u0161a Cvitani\u0107 (Caltech, Pasadena) Zlatko Drma\u010d (University of Zagreb) Andrej Dujella (University of Zagreb) Dijana Ili\u0161evi\u0107 (University of Zagreb) Dragan Juki\u0107 (University of Osijek) Hrvoje Kraljevi\u0107 (University of Zagreb) Mario Krni\u0107 (University [&hellip;]<\/p>\n","protected":false},"author":1,"featured_media":0,"parent":0,"menu_order":0,"comment_status":"closed","ping_status":"closed","template":"","meta":{"footnotes":""},"class_list":["post-380","page","type-page","status-publish","hentry"],"_links":{"self":[{"href":"https:\/\/www.pmfst.unist.hr\/cromc2020\/wp-json\/wp\/v2\/pages\/380","targetHints":{"allow":["GET"]}}],"collection":[{"href":"https:\/\/www.pmfst.unist.hr\/cromc2020\/wp-json\/wp\/v2\/pages"}],"about":[{"href":"https:\/\/www.pmfst.unist.hr\/cromc2020\/wp-json\/wp\/v2\/types\/page"}],"author":[{"embeddable":true,"href":"https:\/\/www.pmfst.unist.hr\/cromc2020\/wp-json\/wp\/v2\/users\/1"}],"replies":[{"embeddable":true,"href":"https:\/\/www.pmfst.unist.hr\/cromc2020\/wp-json\/wp\/v2\/comments?post=380"}],"version-history":[{"count":0,"href":"https:\/\/www.pmfst.unist.hr\/cromc2020\/wp-json\/wp\/v2\/pages\/380\/revisions"}],"wp:attachment":[{"href":"https:\/\/www.pmfst.unist.hr\/cromc2020\/wp-json\/wp\/v2\/media?parent=380"}],"curies":[{"name":"wp","href":"https:\/\/api.w.org\/{rel}","templated":true}]}}