{"id":403,"date":"2019-10-04T09:05:10","date_gmt":"2019-10-04T07:05:10","guid":{"rendered":"https:\/\/www.pmfst.unist.hr\/cromc2020\/?page_id=403"},"modified":"2022-02-18T19:34:20","modified_gmt":"2022-02-18T18:34:20","slug":"pozvana-predavanja","status":"publish","type":"page","link":"https:\/\/www.pmfst.unist.hr\/cromc2020\/hr\/pozvana-predavanja\/","title":{"rendered":"POZVANA PREDAVANJA"},"content":{"rendered":"<ul>\n<li>Iztok Bani\u010d, Sveu\u010dili\u0161te u Mariboru, Slovenija<\/li>\n<li>Yann Bugeaud, Sveu\u010dili\u0161te u Strasbourgu, Francuska<\/li>\n<li>Jehanne Dousse, Sveu\u010dili\u0161te u Lyonu, Francuska<\/li>\n<li>Davor Dragi\u010devi\u0107, Sveu\u010dili\u0161te u Rijeci, Hrvatska<\/li>\n<li>Istv\u00e1n Ga\u00e1l, Sveu\u010dili\u0161te u Debrecenu, Ma\u0111arska<\/li>\n<li>Zorana Grbac, Sveu\u010dili\u0161te Pariz Diderot, Francuska<\/li>\n<li>Luka Grubi\u0161i\u0107, Sveu\u010dili\u0161te u Zagrebu, Hrvatska<\/li>\n<li>Miljenko Huzak, Sveu\u010dili\u0161te u Zagrebu, Hrvatska<\/li>\n<li>Dijana Ili\u0161evi\u0107, Sveu\u010dili\u0161te u Zagrebu, Hrvatska<\/li>\n<li>Nikola Kocei\u0107-Bilan, Sveu\u010dili\u0161te u Splitu, Hrvatska<\/li>\n<li>Mario Krni\u0107, Sveu\u010dili\u0161te u Zagrebu, Hrvatska<\/li>\n<li>Boris Muha, Sveu\u010dili\u0161te u Zagrebu, Hrvatska<\/li>\n<li>Igor Pa\u017eanin, Sveu\u010dili\u0161te u Zagrebu, Hrvatska<\/li>\n<li>Ozren Per\u0161e, Sveu\u010dili\u0161te u Zagrebu, Hrvatska<\/li>\n<li>Ivan Toma\u0161i\u0107, Sveu\u010dili\u0161te Queen Mary u Londonu, UK<\/li>\n<li>Igor Vel\u010di\u0107, Sveu\u010dili\u0161te u Zagrebu, Hrvatska<\/li>\n<\/ul>\n","protected":false},"excerpt":{"rendered":"<p>Iztok Bani\u010d, Sveu\u010dili\u0161te u Mariboru, Slovenija Yann Bugeaud, Sveu\u010dili\u0161te u Strasbourgu, Francuska Jehanne Dousse, Sveu\u010dili\u0161te u Lyonu, Francuska Davor Dragi\u010devi\u0107, Sveu\u010dili\u0161te u Rijeci, Hrvatska Istv\u00e1n Ga\u00e1l, Sveu\u010dili\u0161te u Debrecenu, Ma\u0111arska Zorana Grbac, Sveu\u010dili\u0161te Pariz Diderot, Francuska Luka Grubi\u0161i\u0107, Sveu\u010dili\u0161te u Zagrebu, Hrvatska Miljenko Huzak, Sveu\u010dili\u0161te u Zagrebu, Hrvatska Dijana Ili\u0161evi\u0107, Sveu\u010dili\u0161te u Zagrebu, Hrvatska Nikola [&hellip;]<\/p>\n","protected":false},"author":1,"featured_media":0,"parent":0,"menu_order":0,"comment_status":"closed","ping_status":"closed","template":"","meta":{"footnotes":""},"class_list":["post-403","page","type-page","status-publish","hentry"],"_links":{"self":[{"href":"https:\/\/www.pmfst.unist.hr\/cromc2020\/wp-json\/wp\/v2\/pages\/403","targetHints":{"allow":["GET"]}}],"collection":[{"href":"https:\/\/www.pmfst.unist.hr\/cromc2020\/wp-json\/wp\/v2\/pages"}],"about":[{"href":"https:\/\/www.pmfst.unist.hr\/cromc2020\/wp-json\/wp\/v2\/types\/page"}],"author":[{"embeddable":true,"href":"https:\/\/www.pmfst.unist.hr\/cromc2020\/wp-json\/wp\/v2\/users\/1"}],"replies":[{"embeddable":true,"href":"https:\/\/www.pmfst.unist.hr\/cromc2020\/wp-json\/wp\/v2\/comments?post=403"}],"version-history":[{"count":0,"href":"https:\/\/www.pmfst.unist.hr\/cromc2020\/wp-json\/wp\/v2\/pages\/403\/revisions"}],"wp:attachment":[{"href":"https:\/\/www.pmfst.unist.hr\/cromc2020\/wp-json\/wp\/v2\/media?parent=403"}],"curies":[{"name":"wp","href":"https:\/\/api.w.org\/{rel}","templated":true}]}}