{"id":558,"date":"2019-10-14T14:31:45","date_gmt":"2019-10-14T12:31:45","guid":{"rendered":"https:\/\/www.pmfst.unist.hr\/cromc2020\/?page_id=558"},"modified":"2022-07-08T12:09:05","modified_gmt":"2022-07-08T10:09:05","slug":"kotizacija-i-registracija","status":"publish","type":"page","link":"https:\/\/www.pmfst.unist.hr\/cromc2020\/hr\/kotizacija-i-registracija\/","title":{"rendered":"REGISTRACIJA I KOTIZACIJA"},"content":{"rendered":"<div class=\"wpb-content-wrapper\">[vc_row][vc_column width=&#8221;2\/3&#8243;][mk_table]\n<table>\n<tbody>\n<tr>\n<th width=\"135\"><\/th>\n<th width=\"110\">KOTIZACIJA A<\/th>\n<th width=\"104\">KOTIZACIJA B<\/th>\n<\/tr>\n<tr>\n<td width=\"135\">Standardna<\/td>\n<td width=\"110\">900 HRK<\/td>\n<td width=\"104\">1200 HRK<\/td>\n<\/tr>\n<tr>\n<td width=\"135\">\u010clanovi HMD-a<\/td>\n<td width=\"110\">675 HRK<\/td>\n<td width=\"104\">975 HRK<\/td>\n<\/tr>\n<tr>\n<td width=\"135\">Studenti<\/td>\n<td width=\"110\">450 HRK<\/td>\n<td width=\"104\">750 HRK<\/td>\n<\/tr>\n<\/tbody>\n<\/table>\n[\/mk_table][\/vc_column][vc_column width=&#8221;1\/3&#8243;][\/vc_column][\/vc_row][vc_row][vc_column][vc_column_text css=&#8221;.vc_custom_1657274934902{margin-bottom: 0px !important;}&#8221;]Kotizacija A uklju\u010duje:<\/p>\n<ul>\n<li>Kongresne materijale<\/li>\n<li>Okrjepe za vrijeme pauza<\/li>\n<li>Domjenak dobodo\u0161lice<\/li>\n<\/ul>\n<p>Kotizacija B jo\u0161 uklju\u010duje i\u00a0<a href=\"https:\/\/www.pmfst.unist.hr\/cromc2020\/hr\/drustvena-dogadanja\/\">Kongresni banket<\/a>. Za prate\u0107e osobe cijena banketa je 300 HRK. Za djecu do 12 godina banket je besplatan.[\/vc_column_text][\/vc_column][\/vc_row][vc_row][vc_column width=&#8221;1\/3&#8243;][\/vc_column][vc_column width=&#8221;1\/3&#8243;][mk_button dimension=&#8221;flat&#8221; size=&#8221;large&#8221; icon=&#8221;mk-moon-pencil-6&#8243; target=&#8221;_blank&#8221; align=&#8221;center&#8221; fullwidth=&#8221;true&#8221; bg_color=&#8221;#0078ff&#8221; btn_hover_bg=&#8221;#3d97ff&#8221;]Registracijski obrazac[\/mk_button][vc_empty_space][\/vc_column][vc_column width=&#8221;1\/3&#8243;][\/vc_column][\/vc_row][vc_row][vc_column][vc_column_text css=&#8221;.vc_custom_1574345077838{margin-bottom: 0px !important;}&#8221;]Kotizacija se upla\u0107uje primatelju:<br \/>\nSplitsko matemati\u010dko dru\u0161tvo<br \/>\nRu\u0111era Bo\u0161kovi\u0107a 33<br \/>\n21000 Split<br \/>\nHrvatska<br \/>\n<em>s naznakom za Kongres2020<\/em><\/p>\n<p>U uplati se obavezno navodi ime uplatitelja (pravna ili fizi\u010dka osoba), njegova adresa i njegov OIB.<br \/>\nAdministrativni tro\u0161ak uplate snosi uplatitelj.<br \/>\nMolimo da potvrdu o uplati s tra\u017eenim podacima dostavite na: <a href=\"mailto:cromc2020@pmfst.hr\">cromc2020@pmfst.hr<\/a><br \/>\n<strong>Bankovne informacije primatelja:<\/strong><br \/>\nHrvatska po\u0161tanska banka, dioni\u010dko dru\u0161tvo, Juri\u0161i\u0107eva 4, 10000 Zagreb<br \/>\nSWIFT\/BIC CODE: HPBZHR2X<br \/>\nIBAN: HR5523900011100310039[\/vc_column_text][\/vc_column][\/vc_row]\n<\/div>","protected":false},"excerpt":{"rendered":"<p>[vc_row][vc_column width=&#8221;2\/3&#8243;][mk_table] KOTIZACIJA A KOTIZACIJA B Standardna 900 HRK 1200 HRK \u010clanovi HMD-a 675 HRK 975 HRK Studenti 450 HRK 750 HRK [\/mk_table][\/vc_column][vc_column width=&#8221;1\/3&#8243;][\/vc_column][\/vc_row][vc_row][vc_column][vc_column_text css=&#8221;.vc_custom_1657274934902{margin-bottom: 0px !important;}&#8221;]Kotizacija A uklju\u010duje: Kongresne materijale Okrjepe za vrijeme pauza Domjenak dobodo\u0161lice Kotizacija B jo\u0161 uklju\u010duje i\u00a0Kongresni banket. Za prate\u0107e osobe cijena banketa je 300 HRK. Za djecu do 12 [&hellip;]<\/p>\n","protected":false},"author":1,"featured_media":0,"parent":0,"menu_order":0,"comment_status":"closed","ping_status":"closed","template":"","meta":{"footnotes":""},"class_list":["post-558","page","type-page","status-publish","hentry"],"_links":{"self":[{"href":"https:\/\/www.pmfst.unist.hr\/cromc2020\/wp-json\/wp\/v2\/pages\/558","targetHints":{"allow":["GET"]}}],"collection":[{"href":"https:\/\/www.pmfst.unist.hr\/cromc2020\/wp-json\/wp\/v2\/pages"}],"about":[{"href":"https:\/\/www.pmfst.unist.hr\/cromc2020\/wp-json\/wp\/v2\/types\/page"}],"author":[{"embeddable":true,"href":"https:\/\/www.pmfst.unist.hr\/cromc2020\/wp-json\/wp\/v2\/users\/1"}],"replies":[{"embeddable":true,"href":"https:\/\/www.pmfst.unist.hr\/cromc2020\/wp-json\/wp\/v2\/comments?post=558"}],"version-history":[{"count":0,"href":"https:\/\/www.pmfst.unist.hr\/cromc2020\/wp-json\/wp\/v2\/pages\/558\/revisions"}],"wp:attachment":[{"href":"https:\/\/www.pmfst.unist.hr\/cromc2020\/wp-json\/wp\/v2\/media?parent=558"}],"curies":[{"name":"wp","href":"https:\/\/api.w.org\/{rel}","templated":true}]}}