{"id":22,"date":"2019-04-26T14:01:43","date_gmt":"2019-04-26T12:01:43","guid":{"rendered":"https:\/\/www.pmfst.unist.hr\/istrazivanje-u-edukaciji\/?page_id=22"},"modified":"2019-04-26T14:03:09","modified_gmt":"2019-04-26T12:03:09","slug":"o-studiju","status":"publish","type":"page","link":"https:\/\/www.pmfst.unist.hr\/istrazivanje-u-edukaciji\/o-studiju\/","title":{"rendered":"O studiju"},"content":{"rendered":"<div class=\"wpb-content-wrapper\">[vc_row][vc_column][vc_column_text css=&#8221;.vc_custom_1556280119700{margin-bottom: 0px !important;}&#8221;]<strong>Za\u0161to <\/strong><strong>doktorski studij iz edukacije u podru\u010dju prirodnih i tehni\u010dkih znanosti?<\/strong><\/p>\n<p>Studij je namijenjen polaznicima s izra\u017eenim zanimanjem za probleme obrazovanja, kojima je \u017eelja da znanjem i iskustvom ste\u010denim kroz rad na doktorskoj disertaciji unaprijede kvalitetu vlastitoga djelovanja u svim oblicima odgojno-obrazovnoga rada, cjelo\u017eivotnoga obrazovanja, istra\u017eivanja u podru\u010dju odgoja i obrazovanja i na osnovi svega doprinesu uspje\u0161nom unapre\u0111ivanju odgojno-obrazovnog procesa.<\/p>\n<p>Ovim studijem, nastavnicima je omogu\u0107eno stjecanje vi\u0161eg akademskog stupnja u kontinuiranom obrazovnom procesu s te\u017ei\u0161tem na specifi\u010dnim aspektima obrazovanja odabrane struke, poput suvremenih metoda u\u010denja i pou\u010davanja, uvo\u0111enja e-u\u010denja i sustava e-u\u010denja u nastavni proces, dijagnosticiranja i rje\u0161avanja te\u0161ko\u0107a u u\u010denju i razvijanje kvalitetnijih na\u010dina pou\u010davanja, evaluacije kurikuluma, izrade novih kurikuluma, uvo\u0111enja novih metoda i medija u obrazovni sustav, mentorskog rada s talentiranim u\u010denicima te razvijanja sposobnosti procjene znanja i nastavnih sadr\u017eaja.<\/p>\n<p>Studij omogu\u0107ava stjecanje uvjeta za napredovanje u \u0161koli i u obrazovnim ustanovama, za zapo\u0161ljavanje na vi\u0161im \u0161kolama, na visokim u\u010dili\u0161tima koja obrazuju nastavni\u010dki kadar, istra\u017eiva\u010dkim institutima, u prosvjetnim slu\u017ebama i zavodima, agenciji za odgoj i obrazovanje, agencija za strukovno obrazovanje i obrazovanje odraslih, izdava\u010dkim ku\u0107ama koje izdaju \u0161kolske ud\u017ebenike i dr. te u\u010de\u0161\u0107e u Savjetodavnim tijelima za pitanja \u0161kolstva.<\/p>\n<p>Prednost studija je individualan rad sa studentima, pristup nastavnim bazama te interdisciplinarni pristup obrazovanju iz podru\u010dja u\u017ee struke. Istra\u017eiva\u010dki rad je s te\u017ei\u0161tem na edukaciji u podru\u010dju prirodnih ili tehni\u010dkih znanosti, a provodi se integracijom temeljnih sadr\u017eaja iz obrazovnih znanosti, predmetnih metodika i temeljne akademske discipline. Iskustvo nam je pokazalo veliku spremnost nastavnika u \u0161kolama na suradnju u istra\u017eiva\u010dkom radu na\u0161ih polaznika, budu\u0107i da je \u0161kola istra\u017eiva\u010dki poligon, odnosno laboratorij, a realizacija istra\u017eivanja se provodi uz sudjelovanje predmetnih nastavnika i u\u010denika.[\/vc_column_text][\/vc_column][\/vc_row]\n<\/div>","protected":false},"excerpt":{"rendered":"<p>[vc_row][vc_column][vc_column_text css=&#8221;.vc_custom_1556280119700{margin-bottom: 0px !important;}&#8221;]Za\u0161to doktorski studij iz edukacije u podru\u010dju prirodnih i tehni\u010dkih znanosti? Studij je namijenjen polaznicima s izra\u017eenim zanimanjem za probleme obrazovanja, kojima je \u017eelja da znanjem i iskustvom ste\u010denim kroz rad na doktorskoj disertaciji unaprijede kvalitetu vlastitoga djelovanja u svim oblicima odgojno-obrazovnoga rada, cjelo\u017eivotnoga obrazovanja, istra\u017eivanja u podru\u010dju odgoja i obrazovanja i [&hellip;]<\/p>\n","protected":false},"author":1,"featured_media":0,"parent":0,"menu_order":0,"comment_status":"closed","ping_status":"closed","template":"","meta":{"footnotes":""},"class_list":["post-22","page","type-page","status-publish","hentry"],"_links":{"self":[{"href":"https:\/\/www.pmfst.unist.hr\/istrazivanje-u-edukaciji\/wp-json\/wp\/v2\/pages\/22","targetHints":{"allow":["GET"]}}],"collection":[{"href":"https:\/\/www.pmfst.unist.hr\/istrazivanje-u-edukaciji\/wp-json\/wp\/v2\/pages"}],"about":[{"href":"https:\/\/www.pmfst.unist.hr\/istrazivanje-u-edukaciji\/wp-json\/wp\/v2\/types\/page"}],"author":[{"embeddable":true,"href":"https:\/\/www.pmfst.unist.hr\/istrazivanje-u-edukaciji\/wp-json\/wp\/v2\/users\/1"}],"replies":[{"embeddable":true,"href":"https:\/\/www.pmfst.unist.hr\/istrazivanje-u-edukaciji\/wp-json\/wp\/v2\/comments?post=22"}],"version-history":[{"count":2,"href":"https:\/\/www.pmfst.unist.hr\/istrazivanje-u-edukaciji\/wp-json\/wp\/v2\/pages\/22\/revisions"}],"predecessor-version":[{"id":25,"href":"https:\/\/www.pmfst.unist.hr\/istrazivanje-u-edukaciji\/wp-json\/wp\/v2\/pages\/22\/revisions\/25"}],"wp:attachment":[{"href":"https:\/\/www.pmfst.unist.hr\/istrazivanje-u-edukaciji\/wp-json\/wp\/v2\/media?parent=22"}],"curies":[{"name":"wp","href":"https:\/\/api.w.org\/{rel}","templated":true}]}}