{"id":252,"date":"2019-05-16T11:49:19","date_gmt":"2019-05-16T09:49:19","guid":{"rendered":"https:\/\/www.pmfst.unist.hr\/istrazivanje-u-edukaciji\/?page_id=252"},"modified":"2025-11-10T08:48:50","modified_gmt":"2025-11-10T07:48:50","slug":"obrana-seminara-i","status":"publish","type":"page","link":"https:\/\/www.pmfst.unist.hr\/istrazivanje-u-edukaciji\/obrana-seminara-i\/","title":{"rendered":"Obrana Seminara I"},"content":{"rendered":"<div class=\"wpb-content-wrapper\">[vc_row][vc_column][vc_column_text css=&#8221;.vc_custom_1556479448081{margin-bottom: 0px !important;}&#8221;]\n<h4 style=\"text-align: center;\">Obrana Seminara I<\/h4>\n[\/vc_column_text][mk_table]\n<table>\n<tbody>\n<tr>\n<td>Marina Marega Selecki<\/td>\n<td><a href=\"https:\/\/www.pmfst.unist.hr\/istrazivanje-u-edukaciji\/wp-content\/uploads\/2025\/11\/istrazivacki-seminar-i-mmselecki.pdf\" target=\"_blank\" rel=\"noopener\">U\u010dinak diskursne nastave na razvoj konceptualnog i proceduralnog znanja u\u010denika o linearnim jednad\u017ebama s jednom nepoznanicom <\/a><\/td>\n<td>10. studenoga 2025<\/td>\n<\/tr>\n<tr>\n<td>Jozo Pivac<\/td>\n<td><a href=\"https:\/\/www.pmfst.unist.hr\/istrazivanje-u-edukaciji\/wp-content\/uploads\/2025\/07\/is1_jozo-pivac.pdf\" target=\"_blank\" rel=\"noopener\">U\u010denje i pou\u010davanje elektronike temeljeno na simulacijama u predmetnoj nastavi Tehni\u010dke kulture<\/a><\/td>\n<td>15. srpnja 2025.<\/td>\n<\/tr>\n<tr>\n<td>Darko Suman<\/td>\n<td><a href=\"https:\/\/www.pmfst.unist.hr\/istrazivanje-u-edukaciji\/wp-content\/uploads\/2024\/12\/suman-istrazivacki-seminar-i.pdf\" target=\"_blank\" rel=\"noopener\">Razvoj prostornih vje\u0161tina u\u010denika osnovne \u0161kole primjenom programa za ra\u010dunalno potpomognuto oblikovanje u nastavi Tehni\u010dke kulture<\/a><\/td>\n<td>16. prosinca 2024.<\/td>\n<\/tr>\n<tr>\n<td>Barbara Popovac Ta\u0161ev<\/td>\n<td><a href=\"https:\/\/www.pmfst.unist.hr\/istrazivanje-u-edukaciji\/wp-content\/uploads\/2024\/10\/barbara-popovac-tasev-istrazivacki-seminar-1.pdf\" target=\"_blank\" rel=\"noopener\">Povezanost zadovoljstva nastavom, motivacije i samoreguliranog u\u010denja kod studenata i polaznika programa obrazovanja odraslih u razli\u010ditim oblicima nastave kemije<\/a><\/td>\n<td>31.listopada 2024.<\/td>\n<\/tr>\n<tr>\n<td>Josip Kli\u010dinovi\u0107<\/td>\n<td><a href=\"https:\/\/www.pmfst.unist.hr\/istrazivanje-u-edukaciji\/wp-content\/uploads\/2024\/10\/is1-klicinovic.pdf\" target=\"_blank\" rel=\"noopener\">Utjecaj formativnog vrednovanja i kvalitativne povratne informacije na rezultate sumativnog vrednovanja i motivaciju za matematiku<\/a><\/td>\n<td>18.listopada 2024.<\/td>\n<\/tr>\n<tr>\n<td>Nikolina Bobi\u0107<\/td>\n<td><a href=\"https:\/\/www.pmfst.unist.hr\/istrazivanje-u-edukaciji\/wp-content\/uploads\/2024\/09\/istrazivacki-seminar-1_dva-stupca-1-1.pdf\" target=\"_blank\" rel=\"noopener\">Nastava astronomije u Hrvatskoj<\/a><\/td>\n<td>20.rujna 2024.<\/td>\n<\/tr>\n<tr>\n<td>Maja \u010culeti\u0107 \u010condri\u0107<\/td>\n<td><a href=\"https:\/\/www.pmfst.unist.hr\/istrazivanje-u-edukaciji\/wp-content\/uploads\/2024\/09\/maja-cc-istrazivacki-seminar-1-09092024.pdf\" target=\"_blank\" rel=\"noopener\">Utjecaj vizualizacije i geometrijskog rezoniranja u pou\u010davanju geometrijskih koncepata<\/a><\/td>\n<td>19.rujna 2024<\/td>\n<\/tr>\n<tr>\n<td>Josipa \u010cuka<\/td>\n<td><a href=\"https:\/\/www.pmfst.unist.hr\/istrazivanje-u-edukaciji\/wp-content\/uploads\/2024\/09\/seminar_cuka-1.pdf\" target=\"_blank\" rel=\"noopener\">Uvjerenja u\u010ditelja razredne nastave o pou\u010davanju matematike i njihova nastavna praksa<\/a><\/td>\n<td>19. rujna 2024.<\/td>\n<\/tr>\n<tr>\n<td>Ivana-Marija Pavkovi\u0107<\/td>\n<td><a href=\"https:\/\/www.pmfst.unist.hr\/istrazivanje-u-edukaciji\/wp-content\/uploads\/2024\/08\/sredisnje-teme-i-orijentacije-u-podrucju-rjesavanja-matematickih-problema-is1-impavkovic.pdf\" target=\"_blank\" rel=\"noopener\">Sredi\u0161nje teme i orijentacije u podru\u010dju rje\u0161avanja matemati\u010dkih problema<\/a><\/td>\n<td>6. rujna. 2024.<\/td>\n<\/tr>\n<tr>\n<td>Branimir \u010cori\u0107<\/td>\n<td><a href=\"https:\/\/www.pmfst.unist.hr\/istrazivanje-u-edukaciji\/wp-content\/uploads\/2024\/07\/istrazivacki-seminar-i-branimir-coric.pdf\" target=\"_blank\" rel=\"noopener\">Utjecaj terenske nastave na pou\u010davanje botani\u010dkih tema u nastavi biologije<\/a><\/td>\n<td>17. srpnja. 2024.<\/td>\n<\/tr>\n<tr>\n<td>Jadran Jeli\u0107<\/td>\n<td><a href=\"https:\/\/www.pmfst.unist.hr\/istrazivanje-u-edukaciji\/wp-content\/uploads\/2024\/06\/jelic-istrazivacki-seminar-1-1.pdf\" target=\"_blank\" rel=\"noopener\">Odnos izme\u0111u stresa, strategija suo\u010davanja, samou\u010dinkovitosti i profesionalnog sagorijevanja me\u0111u nastavnicima Tehni\u010dke kulture<\/a><\/td>\n<td>5. srpnja. 2024.<\/td>\n<\/tr>\n<tr>\n<td>Ana Plantak<\/td>\n<td><a href=\"https:\/\/www.pmfst.unist.hr\/istrazivanje-u-edukaciji\/wp-content\/uploads\/2024\/04\/ana-plantak-istrazivacki-seminar-i.pdf\" target=\"_blank\" rel=\"noopener\">Kori\u0161tenje Moodle lekcija za pou\u010davanje i ponavljanje nastavnog sadr\u017eaja u nastavi biologije<\/a><\/td>\n<td>2. svibnja.\u00a0 2024.<\/td>\n<\/tr>\n<tr>\n<td>Dorotea Vrbanovi\u0107 Lisac<\/td>\n<td><a href=\"https:\/\/www.pmfst.unist.hr\/istrazivanje-u-edukaciji\/wp-content\/uploads\/2024\/03\/istrazivacki-seminar-i_utjecaj-prosirivanja-znanja-osnovnog-ucenja-na-bolje-razumijevanje-bioloskih-sadrzaja.pdf\" target=\"_blank\" rel=\"noopener\">Utjecaj pro\u0161irivanja znanja osnovnog u\u010denja na bolje razumijevanje biolo\u0161kih sadr\u017eaja<\/a><\/td>\n<td>10.travnja.\u00a0 2024.<\/td>\n<\/tr>\n<tr>\n<td>Bo\u0161ko Li\u0161ni\u0107<\/td>\n<td><a href=\"https:\/\/www.pmfst.unist.hr\/istrazivanje-u-edukaciji\/wp-content\/uploads\/2023\/09\/umjetna-inteligencija-u-skolskom-obrazovanju-_istrazivacki-seminar-i_bosko-lisnic.pdf\" target=\"_blank\" rel=\"noopener\">Umjetna inteligencija u \u0161kolskom obrazovanju<\/a><\/td>\n<td>21. rujna 2023.<\/td>\n<\/tr>\n<tr>\n<td>Josipa Matotek<\/td>\n<td><a href=\"https:\/\/www.pmfst.unist.hr\/istrazivanje-u-edukaciji\/wp-content\/uploads\/2023\/09\/is1_matotek.pdf\" target=\"_blank\" rel=\"noopener\">Analiza normativnih i deskriptivnih osnovnih ideja funkcije i njezinih primjena<\/a><\/td>\n<td>21. rujna 2023.<\/td>\n<\/tr>\n<tr>\n<td>Marija Gaurina<\/td>\n<td><a href=\"https:\/\/www.pmfst.unist.hr\/istrazivanje-u-edukaciji\/wp-content\/uploads\/2023\/09\/utjecaj-primjene-elemenata-igre-na-ucenicko-razumijevanje-koncepata-energije-rada-i-kolicine-gibanja.pdf\" target=\"_blank\" rel=\"noopener\">Utjecaj primjene elemenata igre na u\u010deni\u010dko razumijevanje koncepata energije, rada i koli\u010dine gibanja<\/a><\/td>\n<td>18. rujna 2023.<\/td>\n<\/tr>\n<tr>\n<td>Patricija Nikolaus<\/td>\n<td><a href=\"https:\/\/www.pmfst.unist.hr\/istrazivanje-u-edukaciji\/wp-content\/uploads\/2023\/09\/moderna-fizika-u-razvoju-darovitih-ucenika-u-21-stoljecu_nikolaus_patricija_istrazivacki_seminar-i.pdf\" target=\"_blank\" rel=\"noopener\">Moderna fizika u razvoju darovitih u\u010denika u 21. stolje\u0107u<\/a><\/td>\n<td>15. rujna 2023.<\/td>\n<\/tr>\n<tr>\n<td>Lejla Jelovica<\/td>\n<td><a href=\"https:\/\/www.pmfst.unist.hr\/istrazivanje-u-edukaciji\/wp-content\/uploads\/2023\/04\/istrazivanje-konceptualnog-razumijevanja-termodinamickih-i-transportnih-pojava-cvrstih-tvari-mikroskopski-modeli-elektricne-i-toplinske-vodljivosti.pdf\" target=\"_blank\" rel=\"noopener\">Istra\u017eivanje konceptualnog razumijevanja termodinami\u010dkih i transportnih pojava \u010dvrstih tvari &#8211; mikroskopski modeli elektri\u010dne i toplinske vodljivosti<\/a><\/td>\n<td>28. travnja 2023.<\/td>\n<\/tr>\n<tr>\n<td>Antonio Vidovi\u0107<\/td>\n<td><a href=\"https:\/\/www.pmfst.unist.hr\/istrazivanje-u-edukaciji\/wp-content\/uploads\/2022\/09\/a.vidovic_rad-istrazivacki-seminar-i.pdf\" target=\"_blank\" rel=\"noopener\">Darovitost kao polisistemati\u010dni fenomen s naglaskom na darovitost u prirodoslovlju<\/a><\/td>\n<td>28. rujna 2022.<\/td>\n<\/tr>\n<tr>\n<td>Gabrijela Marin<\/td>\n<td><a href=\"https:\/\/www.pmfst.unist.hr\/istrazivanje-u-edukaciji\/wp-content\/uploads\/2021\/10\/istrazivacki-seminar-1-gabrijela-marin.pdf\">Diferencirani pristup pou\u010davanju i vrednovanju s naglaskom na dimenzije Petofaktorskog modela osobina li\u010dnosti u nastavi biologije<\/a><\/td>\n<td>25. listopada 2021.<\/td>\n<\/tr>\n<tr>\n<td>Melita Marinelli<\/td>\n<td><a href=\"https:\/\/www.pmfst.unist.hr\/istrazivanje-u-edukaciji\/wp-content\/uploads\/2020\/11\/melita-marinelli-istrazivacki-seminar-i-metode-poucavanja-u-nastavi-biologije-poucavanje-stanicnog-ciklusa-1.pdf\">Metode pou\u010davanja u nastavi biologije \u2013 pou\u010davanje stani\u010dnog ciklusa<\/a><\/td>\n<td>20. studenog 2020.<\/td>\n<\/tr>\n<tr>\n<td>Ivan Perai\u0107<\/td>\n<td><a href=\"https:\/\/www.pmfst.unist.hr\/wp-content\/uploads\/2020\/09\/peraic_ist.-seminar-i_nadzorne-ploce-analitike-ucenja.pdf\">Nadzorne plo\u010de analitike u\u010denja<\/a><\/td>\n<td>30. rujna 2020.<\/td>\n<\/tr>\n<tr>\n<td>Mirjana Mia O\u017ei\u0107<\/td>\n<td><a href=\"https:\/\/www.pmfst.unist.hr\/istrazivanje-u-edukaciji\/wp-content\/uploads\/2019\/09\/mia-ozic-seminar-i.pdf\">Pogre\u0161na poimanja u nastavi kemije<\/a><\/td>\n<td>30. rujna 2019.<\/td>\n<\/tr>\n<tr>\n<td>Marin Agli\u0107 \u010cuvi\u0107<\/td>\n<td><a href=\"https:\/\/www.pmfst.unist.hr\/istrazivanje-u-edukaciji\/wp-content\/uploads\/2019\/09\/seminar_i_marin_aglic_cuvic.pdf\">Pregled vizualizacija programa i dizajn dataflow vizualnog programskog jezika<\/a><\/td>\n<td>26. rujna 2019.<\/td>\n<\/tr>\n<tr>\n<td>Daniela Novoseli\u0107<\/td>\n<td><a href=\"https:\/\/www.pmfst.unist.hr\/istrazivanje-u-edukaciji\/wp-content\/uploads\/2019\/05\/d.-novoselic_seminar_i_.pdf\">Primjena tiskanih i digitalnih ud\u017ebenika te ra\u010dunalnih tehnologija i novih medija u nastavi prirode i biologije<\/a><\/td>\n<td>28. svibnja 2019.<\/td>\n<\/tr>\n<tr>\n<td>Predrag Bro\u0111anac<\/td>\n<td><a href=\"https:\/\/www.pmfst.unist.hr\/istrazivanje-u-edukaciji\/wp-content\/uploads\/2019\/05\/paralelno_programiranje_za_srednjoskolce-je_li_doslo_vrijeme_predrag_brodanac.pdf\">Paralelno programiranje za srednjo\u0161kolce \u2013 je li do\u0161lo vrijeme?<\/a><\/td>\n<td>23. svibnja 2019.<\/td>\n<\/tr>\n<tr>\n<td>Lana \u0160ari\u0107<\/td>\n<td><a href=\"https:\/\/www.pmfst.unist.hr\/wp-content\/uploads\/2018\/09\/pds_sem1_saric_lana_hj.pdf\">Metodi\u010dko znanje i Uvjerenja budu\u0107ih nastavnika kemije u Hrvatskoj<\/a><\/td>\n<td>15. lipnja 2018.<\/td>\n<\/tr>\n<tr>\n<td>Ivanka Podrug<\/td>\n<td><a href=\"https:\/\/www.pmfst.unist.hr\/wp-content\/uploads\/2018\/09\/ivanka-podrug_istrazivacki-seminar-i.pdf\">Metodi\u010dke kompetencije nastavnika prirodoslovnog podru\u010dja i pou\u010davanje procesa fotosinteze<\/a><\/td>\n<td>15. lipnja 2018.<\/td>\n<\/tr>\n<tr>\n<td>Marina Bala\u017einec<\/td>\n<td><a href=\"https:\/\/www.pmfst.unist.hr\/wp-content\/uploads\/2018\/09\/balazinec_istrazivacki-seminar-i.pdf\">Tlo kao model za pou\u010davanje slo\u017eenih odnosa u ekosustavu<\/a><\/td>\n<td>9. svibnja 2018.<\/td>\n<\/tr>\n<tr>\n<td>Nikolina Ribari\u0107<\/td>\n<td><a href=\"https:\/\/www.pmfst.unist.hr\/wp-content\/uploads\/2018\/09\/istraivaki-seminar-n.ribari.pdf\">Upotreba informacijsko-komunikacijskih tehnologija u nastavi kemije<\/a><\/td>\n<td>8. svibnja 2018.<\/td>\n<\/tr>\n<tr>\n<td>Marijana Zaninovi\u0107<\/td>\n<td><a href=\"https:\/\/www.pmfst.unist.hr\/wp-content\/uploads\/2018\/09\/mzaninovic_seminar1.docx_2017_travanj.pdf\">Uloga interaktivnih modela u<br \/>\npou\u010davanju sadr\u017eaja organske kemije<\/a><\/td>\n<td>30. lipnja 2017.<\/td>\n<\/tr>\n<tr>\n<td>\u017dana \u017danko<\/td>\n<td><a href=\"https:\/\/www.pmfst.unist.hr\/wp-content\/uploads\/2018\/09\/zana_zanko_seminar1.pdf\">Miskoncepcije u uvodnoj nastavi programiranja<\/a><\/td>\n<td>22. rujna 2016.<\/td>\n<\/tr>\n<tr>\n<td>Divna Krpan<\/td>\n<td><a href=\"https:\/\/www.pmfst.unist.hr\/wp-content\/uploads\/2018\/09\/divnakrpan-seminar1.pdf\">Pou\u010davanje programera po\u010detnika u visokom obrazovanju<\/a><\/td>\n<td>22. rujna 2016.<\/td>\n<\/tr>\n<tr>\n<td>Snje\u017eana Smerdel<\/td>\n<td><a href=\"https:\/\/www.pmfst.unist.hr\/wp-content\/uploads\/2018\/09\/smerdel-seminar-1-implementacija-strategije-pred-ucenja-u-prirodoznanstvenom-obrazovanju.pdf\">Implementacija strategije pred-u\u010denja u prirodoznanstvenom<br \/>\nobrazovanju<\/a><\/td>\n<td>22. travnja 2016.<\/td>\n<\/tr>\n<tr>\n<td>Mila Buli\u0107<\/td>\n<td><a href=\"https:\/\/www.pmfst.unist.hr\/wp-content\/uploads\/2018\/09\/m.bulic_sustavi-e-ucenja-u-promicanju-obrazovanja-za-zdrav-i-odrziv-zivot.pdf\">Sustavi e-u\u010denja u promicanju obrazovanja za zdrav i odr\u017eiv \u017eivot<\/a><\/td>\n<td>6. studenog 2015.<\/td>\n<\/tr>\n<tr>\n<td>Kre\u0161imir Raki\u0107<\/td>\n<td><a href=\"https:\/\/www.pmfst.unist.hr\/wp-content\/uploads\/2018\/09\/kresimir-rakic-istrazivacki-seminar-1.pdf\">Vrednovanje znanja u sustavima e-u\u010denja kori\u0161tenjem zadataka objektivnog tipa na kontroliranom prirodnom jeziku<\/a><\/td>\n<td>1.<br \/>\nsrpnja 2014.<\/td>\n<\/tr>\n<tr>\n<td>Nikolina Bubica<\/td>\n<td><a href=\"https:\/\/www.pmfst.unist.hr\/wp-content\/uploads\/2018\/09\/bubica-istrazivacki-seminar-1.pdf\">Strategije pou\u010davanja i faktori koji utje\u010du na unapre\u0111enje znanja programera po\u010detnika<\/a><\/td>\n<td>5.svibnja 2014.<\/td>\n<\/tr>\n<tr>\n<td>Monika Mladenovi\u0107<\/td>\n<td><a href=\"https:\/\/www.pmfst.unist.hr\/wp-content\/uploads\/2018\/09\/monikamladenovic_seminar-i.pdf\">U\u010denje i pou\u010davanje programiranja temeljeno na igrama<\/a><\/td>\n<td>29. travnja 2014.<\/td>\n<\/tr>\n<tr>\n<td>Roko Vladu\u0161i\u0107<\/td>\n<td><a href=\"https:\/\/www.pmfst.unist.hr\/wp-content\/uploads\/2018\/09\/roko-vladusic-rad-pck-seminar-i.pdf\">Pedagogical content knowledge with particular focus on chemical bonding concepts and language-based issues<\/a><\/td>\n<td>3. travnja 2014.<\/td>\n<\/tr>\n<tr>\n<td>Sanda \u0160imi\u010di\u0107<\/td>\n<td><a href=\"https:\/\/www.pmfst.unist.hr\/wp-content\/uploads\/2018\/09\/simicic-seminar_1.pdf\">Uporaba \u010desti\u010dnog crte\u017ea pri analizi, usvajanju, provjeri i unapre\u0111enju konceptualne razine znanja u nastavi kemije<\/a><\/td>\n<td>18.<br \/>\nvelja\u010de 2014.<\/td>\n<\/tr>\n<tr>\n<td>Damir<br \/>\nPurkovi\u0107<\/td>\n<td><a href=\"https:\/\/www.pmfst.unist.hr\/wp-content\/uploads\/2018\/09\/purkovic-kontekstualni_pristup_seminari.pdf\" target=\"_blank\" rel=\"noopener noreferrer\">Kontekstualni pristup u\u010denju i pou\u010davanju u nastavi tehni\u010dke kulture u osnovnoj \u0161koli<\/a><\/td>\n<td>20. sije\u010dnja<br \/>\n2014.<\/td>\n<\/tr>\n<\/tbody>\n<\/table>\n[\/mk_table][\/vc_column][\/vc_row]\n<\/div>","protected":false},"excerpt":{"rendered":"<p>[vc_row][vc_column][vc_column_text css=&#8221;.vc_custom_1556479448081{margin-bottom: 0px !important;}&#8221;] Obrana Seminara I [\/vc_column_text][mk_table] Marina Marega Selecki U\u010dinak diskursne nastave na razvoj konceptualnog i proceduralnog znanja u\u010denika o linearnim jednad\u017ebama s jednom nepoznanicom 10. studenoga 2025 Jozo Pivac U\u010denje i pou\u010davanje elektronike temeljeno na simulacijama u predmetnoj nastavi Tehni\u010dke kulture 15. srpnja 2025. Darko Suman Razvoj prostornih vje\u0161tina u\u010denika osnovne \u0161kole [&hellip;]<\/p>\n","protected":false},"author":1,"featured_media":0,"parent":0,"menu_order":0,"comment_status":"closed","ping_status":"closed","template":"","meta":{"footnotes":""},"class_list":["post-252","page","type-page","status-publish","hentry"],"_links":{"self":[{"href":"https:\/\/www.pmfst.unist.hr\/istrazivanje-u-edukaciji\/wp-json\/wp\/v2\/pages\/252","targetHints":{"allow":["GET"]}}],"collection":[{"href":"https:\/\/www.pmfst.unist.hr\/istrazivanje-u-edukaciji\/wp-json\/wp\/v2\/pages"}],"about":[{"href":"https:\/\/www.pmfst.unist.hr\/istrazivanje-u-edukaciji\/wp-json\/wp\/v2\/types\/page"}],"author":[{"embeddable":true,"href":"https:\/\/www.pmfst.unist.hr\/istrazivanje-u-edukaciji\/wp-json\/wp\/v2\/users\/1"}],"replies":[{"embeddable":true,"href":"https:\/\/www.pmfst.unist.hr\/istrazivanje-u-edukaciji\/wp-json\/wp\/v2\/comments?post=252"}],"version-history":[{"count":43,"href":"https:\/\/www.pmfst.unist.hr\/istrazivanje-u-edukaciji\/wp-json\/wp\/v2\/pages\/252\/revisions"}],"predecessor-version":[{"id":1021,"href":"https:\/\/www.pmfst.unist.hr\/istrazivanje-u-edukaciji\/wp-json\/wp\/v2\/pages\/252\/revisions\/1021"}],"wp:attachment":[{"href":"https:\/\/www.pmfst.unist.hr\/istrazivanje-u-edukaciji\/wp-json\/wp\/v2\/media?parent=252"}],"curies":[{"name":"wp","href":"https:\/\/api.w.org\/{rel}","templated":true}]}}