{"id":478,"date":"2021-10-19T11:19:09","date_gmt":"2021-10-19T09:19:09","guid":{"rendered":"https:\/\/www.pmfst.unist.hr\/istrazivanje-u-edukaciji\/?page_id=478"},"modified":"2023-04-20T12:47:34","modified_gmt":"2023-04-20T10:47:34","slug":"defence-of-the-research-seminar-i-2","status":"publish","type":"page","link":"https:\/\/www.pmfst.unist.hr\/istrazivanje-u-edukaciji\/en\/defence-of-the-research-seminar-i-2\/","title":{"rendered":"Defence of the Research Seminar I"},"content":{"rendered":"<div class=\"wpb-content-wrapper\">[vc_row][vc_column][vc_column_text css=&#8221;.vc_custom_1556484040392{margin-bottom: 0px !important;}&#8221;]\n<h4 style=\"text-align: center;\">Defence of the Research Seminar I<\/h4>\n[\/vc_column_text][mk_table]\n<table>\n<tbody>\n<tr>\n<td>Lejla Jelovica<\/td>\n<td><a href=\"https:\/\/www.pmfst.unist.hr\/istrazivanje-u-edukaciji\/wp-content\/uploads\/2023\/04\/istrazivanje-konceptualnog-razumijevanja-termodinamickih-i-transportnih-pojava-cvrstih-tvari-mikroskopski-modeli-elektricne-i-toplinske-vodljivosti.pdf\" target=\"_blank\" rel=\"noopener\">Research on conceptual understanding of thermodynamic and transport phenomena of solids &#8211; microscopic models of electrical and thermal conductivity<\/a><\/td>\n<td>28. April 2023.<\/td>\n<\/tr>\n<tr>\n<td>Antonio Vidovi\u0107<\/td>\n<td><a href=\"https:\/\/www.pmfst.unist.hr\/istrazivanje-u-edukaciji\/wp-content\/uploads\/2022\/09\/a.vidovic_rad-istrazivacki-seminar-i.pdf\" target=\"_blank\" rel=\"noopener\">Giftedness as a polysystematic phenomenon with an emphasis on giftedness in natural sciences<\/a><\/td>\n<td>28. September 2022.<\/td>\n<\/tr>\n<tr>\n<td>Gabrijela Marin<\/td>\n<td><a href=\"https:\/\/www.pmfst.unist.hr\/istrazivanje-u-edukaciji\/wp-content\/uploads\/2021\/10\/istrazivacki-seminar-1-gabrijela-marin.pdf\">Differentiated approach to teaching and assessment with emphasis on the dimensions ofthe Five-Factor Model of Personality Traits in Biology Teaching<\/a><\/td>\n<td>25.October 2021<\/td>\n<\/tr>\n<tr>\n<td>Melita Marinelli<\/td>\n<td><a href=\"https:\/\/www.pmfst.unist.hr\/istrazivanje-u-edukaciji\/wp-content\/uploads\/2020\/11\/melita-marinelli-istrazivacki-seminar-i-metode-poucavanja-u-nastavi-biologije-poucavanje-stanicnog-ciklusa-1.pdf\">Teaching Methods in Biology Tuition \u2013 Teaching Cell Cycle<\/a><\/td>\n<td>20 November 2020<\/td>\n<\/tr>\n<tr>\n<td>Ivan Perai\u0107<\/td>\n<td><a href=\"https:\/\/www.pmfst.unist.hr\/wp-content\/uploads\/2020\/09\/peraic_ist.-seminar-i_nadzorne-ploce-analitike-ucenja.pdf\">Learning Analytics Dashboards<\/a><\/td>\n<td>30 September 2020<\/td>\n<\/tr>\n<tr>\n<td>Mirjana Mia O\u017ei\u0107<\/td>\n<td><a href=\"https:\/\/www.pmfst.unist.hr\/istrazivanje-u-edukaciji\/wp-content\/uploads\/2019\/09\/mia-ozic-seminar-i.pdf\">Alternative conceptions in chemistry teaching<\/a><\/td>\n<td>30 September 2019<\/td>\n<\/tr>\n<tr>\n<td>Marin Agli\u0107 \u010cuvi\u0107<\/td>\n<td><a href=\"https:\/\/www.pmfst.unist.hr\/istrazivanje-u-edukaciji\/wp-content\/uploads\/2019\/09\/seminar_i_marin_aglic_cuvic.pdf\">A review of program visualizations and design of a visual dataflow language<\/a><\/td>\n<td>26 September 2019<\/td>\n<\/tr>\n<tr>\n<td>Novoseli\u0107 Daniela<\/td>\n<td><a href=\"https:\/\/www.pmfst.unist.hr\/istrazivanje-u-edukaciji\/wp-content\/uploads\/2019\/05\/d.-novoselic_seminar_i_.pdf\">The application of printed and digital textbooks, information technologies and new media in science and biology courses<\/a><\/td>\n<td>28 May 2019<\/td>\n<\/tr>\n<tr>\n<td>Bro\u0111anac Predrag<\/td>\n<td><a href=\"https:\/\/www.pmfst.unist.hr\/istrazivanje-u-edukaciji\/wp-content\/uploads\/2019\/05\/paralelno_programiranje_za_srednjoskolce-je_li_doslo_vrijeme_predrag_brodanac.pdf\">Parallel Programming for High School Students \u2013 Has the Time Come?<\/a><\/td>\n<td>23 May 2019<\/td>\n<\/tr>\n<tr>\n<td>Podrug Ivanka<\/td>\n<td><a href=\"https:\/\/www.pmfst.unist.hr\/wp-content\/uploads\/2018\/09\/ivanka-podrug_istrazivacki-seminar-i.pdf\" target=\"_blank\" rel=\"noopener noreferrer\">Science teachers&#8217; pedagogical content knowledge and teaching photosynthesis<\/a><\/td>\n<td>15 June 2018<\/td>\n<\/tr>\n<tr>\n<td>\u0160ari\u0107 Lana<\/td>\n<td><a href=\"https:\/\/www.pmfst.unist.hr\/wp-content\/uploads\/2018\/09\/pds_sem1_saric_lana_hj.pdf\" target=\"_blank\" rel=\"noopener noreferrer\">Pedagogical content knowledge and beliefs of Croatian chemistry pre-service teachers<\/a><\/td>\n<td>15 June 2018<\/td>\n<\/tr>\n<tr>\n<td>Bala\u017einec Marina<\/td>\n<td><a href=\"https:\/\/www.pmfst.unist.hr\/wp-content\/uploads\/2018\/09\/balazinec_istrazivacki-seminar-i.pdf\" target=\"_blank\" rel=\"noopener noreferrer\">Soil as a model for teaching complex relations in ecosystems<\/a><\/td>\n<td>9 May 2018<\/td>\n<\/tr>\n<tr>\n<td>Ribari\u0107 Nikolina<\/td>\n<td><a href=\"https:\/\/www.pmfst.unist.hr\/wp-content\/uploads\/2018\/09\/istraivaki-seminar-n.ribari.pdf\" target=\"_blank\" rel=\"noopener noreferrer\">Use of information and communication technology in teaching chemistry<\/a><\/td>\n<td>8 May 2018<\/td>\n<\/tr>\n<tr>\n<td>Zaninovi\u0107 Marijana<\/td>\n<td><a href=\"https:\/\/www.pmfst.unist.hr\/wp-content\/uploads\/2018\/09\/mzaninovic_seminar1.docx_2017_travanj.pdf\" target=\"_blank\" rel=\"noopener noreferrer\">The role of interactive models in teaching organic chemistry<\/a><\/td>\n<td>30 June 2017<\/td>\n<\/tr>\n<tr>\n<td>\u017danko \u017dana<\/td>\n<td><a href=\"https:\/\/www.pmfst.unist.hr\/wp-content\/uploads\/2018\/09\/zana_zanko_seminar1.pdf\">Misconceptions in introductory programming education<\/a><\/td>\n<td>22 September 2016<\/td>\n<\/tr>\n<tr>\n<td>Krpan Divna<\/td>\n<td><a href=\"https:\/\/www.pmfst.unist.hr\/wp-content\/uploads\/2018\/09\/divnakrpan-seminar1.pdf\" target=\"_blank\" rel=\"noopener noreferrer\">Training of beginner software developers in higher education<\/a><\/td>\n<td>22 September 2016<\/td>\n<\/tr>\n<tr>\n<td>Smerdel Snje\u017eana<\/td>\n<td><a href=\"https:\/\/www.pmfst.unist.hr\/wp-content\/uploads\/2018\/09\/smerdel-seminar-1-implementacija-strategije-pred-ucenja-u-prirodoznanstvenom-obrazovanju.pdf\" target=\"_blank\" rel=\"noopener noreferrer\">The implementation of the strategy of pre-learning in science education<\/a><\/td>\n<td>22 April 2016<\/td>\n<\/tr>\n<tr>\n<td>Buli\u0107 Mila<\/td>\n<td><a href=\"https:\/\/www.pmfst.unist.hr\/wp-content\/uploads\/2018\/09\/m.bulic_sustavi-e-ucenja-u-promicanju-obrazovanja-za-zdrav-i-odrziv-zivot.pdf\" target=\"_blank\" rel=\"noopener noreferrer\">E-learning systems in promoting education for a healthy and sustainable life<\/a><\/td>\n<td>6 November 2015<\/td>\n<\/tr>\n<tr>\n<td>Raki\u0107 Kre\u0161imir<\/td>\n<td><a href=\"https:\/\/www.pmfst.unist.hr\/wp-content\/uploads\/2018\/09\/kresimir-rakic-istrazivacki-seminar-1.pdf\">Evaluation of students\u2019 knowledge in e-learning systems using objective tests in controlled natural language<\/a><\/td>\n<td>1 July 2014<\/td>\n<\/tr>\n<tr>\n<td>Bubica Nikolina<\/td>\n<td><a href=\"https:\/\/www.pmfst.unist.hr\/wp-content\/uploads\/2018\/09\/bubica-istrazivacki-seminar-1.pdf\">Teaching strategies and factors influencing knowledge of novice programmers<\/a><\/td>\n<td>5 May 2014<\/td>\n<\/tr>\n<tr>\n<td>Mladenovi\u0107 Monika<\/td>\n<td><a href=\"https:\/\/www.pmfst.unist.hr\/wp-content\/uploads\/2018\/09\/monikamladenovic_seminar-i.pdf\">Gaming based learning and teaching of programming <\/a><\/td>\n<td>29 April 2014<\/td>\n<\/tr>\n<tr>\n<td>Vladu\u0161i\u0107 Roko<\/td>\n<td><a href=\"https:\/\/www.pmfst.unist.hr\/wp-content\/uploads\/2018\/09\/roko-vladusic-rad-pck-seminar-i.pdf\">Pedagogical content knowledge with particular focus on chemical bonding concepts and language-based issues<\/a><\/td>\n<td>3 April 2014<\/td>\n<\/tr>\n<tr>\n<td>\u0160imi\u010di\u0107 Sanda<\/td>\n<td><a href=\"https:\/\/www.pmfst.unist.hr\/wp-content\/uploads\/2018\/09\/simicic-seminar_1.pdf\">Usage of particulate drawing in analysis, testing and improvement of conceptual knowledge in teaching chemistry<\/a><\/td>\n<td>18 February 2014<\/td>\n<\/tr>\n<tr>\n<td>Purkovi\u0107 Damir<\/td>\n<td><a href=\"https:\/\/www.pmfst.unist.hr\/wp-content\/uploads\/2018\/09\/purkovic-kontekstualni_pristup_seminari.pdf\" target=\"_blank\" rel=\"noopener noreferrer\">Contextual approach to learning and teaching of technical education in primary schools<\/a><\/td>\n<td>20 January 2014<\/td>\n<\/tr>\n<\/tbody>\n<\/table>\n[\/mk_table][\/vc_column][\/vc_row]\n<\/div>","protected":false},"excerpt":{"rendered":"<p>[vc_row][vc_column][vc_column_text css=&#8221;.vc_custom_1556484040392{margin-bottom: 0px !important;}&#8221;] Defence of the Research Seminar I [\/vc_column_text][mk_table] Lejla Jelovica Research on conceptual understanding of thermodynamic and transport phenomena of solids &#8211; microscopic models of electrical and thermal conductivity 28. April 2023. Antonio Vidovi\u0107 Giftedness as a polysystematic phenomenon with an emphasis on giftedness in natural sciences 28. September 2022. Gabrijela Marin [&hellip;]<\/p>\n","protected":false},"author":1,"featured_media":0,"parent":0,"menu_order":0,"comment_status":"closed","ping_status":"closed","template":"","meta":{"footnotes":""},"class_list":["post-478","page","type-page","status-publish","hentry"],"_links":{"self":[{"href":"https:\/\/www.pmfst.unist.hr\/istrazivanje-u-edukaciji\/wp-json\/wp\/v2\/pages\/478","targetHints":{"allow":["GET"]}}],"collection":[{"href":"https:\/\/www.pmfst.unist.hr\/istrazivanje-u-edukaciji\/wp-json\/wp\/v2\/pages"}],"about":[{"href":"https:\/\/www.pmfst.unist.hr\/istrazivanje-u-edukaciji\/wp-json\/wp\/v2\/types\/page"}],"author":[{"embeddable":true,"href":"https:\/\/www.pmfst.unist.hr\/istrazivanje-u-edukaciji\/wp-json\/wp\/v2\/users\/1"}],"replies":[{"embeddable":true,"href":"https:\/\/www.pmfst.unist.hr\/istrazivanje-u-edukaciji\/wp-json\/wp\/v2\/comments?post=478"}],"version-history":[{"count":5,"href":"https:\/\/www.pmfst.unist.hr\/istrazivanje-u-edukaciji\/wp-json\/wp\/v2\/pages\/478\/revisions"}],"predecessor-version":[{"id":685,"href":"https:\/\/www.pmfst.unist.hr\/istrazivanje-u-edukaciji\/wp-json\/wp\/v2\/pages\/478\/revisions\/685"}],"wp:attachment":[{"href":"https:\/\/www.pmfst.unist.hr\/istrazivanje-u-edukaciji\/wp-json\/wp\/v2\/media?parent=478"}],"curies":[{"name":"wp","href":"https:\/\/api.w.org\/{rel}","templated":true}]}}