{"id":11680,"date":"2019-05-10T10:52:50","date_gmt":"2019-05-10T08:52:50","guid":{"rendered":"https:\/\/www.pmfst.unist.hr\/odjel-za-biologiju\/?page_id=11680"},"modified":"2019-05-10T10:54:04","modified_gmt":"2019-05-10T08:54:04","slug":"studenstke-aktivnosti","status":"publish","type":"page","link":"https:\/\/www.pmfst.unist.hr\/odjel-za-biologiju\/studenstke-aktivnosti\/","title":{"rendered":"Studenstke aktivnosti"},"content":{"rendered":"<div class=\"wpb-content-wrapper\">[vc_row][vc_column][vc_empty_space][vc_column_text css=&#8221;.vc_custom_1557478279159{margin-bottom: 0px !important;}&#8221;]\n<h4 style=\"text-align: center;\">PREDBLAGDANSKO URE\u0110ENJE ODJELA ZA BIOLOGIJU<\/h4>\n<p>Studenti 1. godine smjera Biologija i Kemija (generacija 2018.\/19.), ure\u0111uju hodnike Odjela za biologiju za po\u010detak Adventa. Ure\u0111enja nema bez pokojeg polomljenog ukrasa\u2026kona\u010dan rezultat je bio za \u010distu peticu![\/vc_column_text][\/vc_column][\/vc_row][vc_row][vc_column][mk_gallery images=&#8221;11681,11683,11685,11687,11689,11691,11693,11695,11697,11699&#8243; column=&#8221;4&#8243; height=&#8221;300&#8243;][\/vc_column][\/vc_row]\n<\/div>","protected":false},"excerpt":{"rendered":"<p>[vc_row][vc_column][vc_empty_space][vc_column_text css=&#8221;.vc_custom_1557478279159{margin-bottom: 0px !important;}&#8221;] PREDBLAGDANSKO URE\u0110ENJE ODJELA ZA BIOLOGIJU Studenti 1. godine smjera Biologija i Kemija (generacija 2018.\/19.), ure\u0111uju hodnike Odjela za biologiju za po\u010detak Adventa. Ure\u0111enja nema bez pokojeg polomljenog ukrasa\u2026kona\u010dan rezultat je bio za \u010distu peticu![\/vc_column_text][\/vc_column][\/vc_row][vc_row][vc_column][mk_gallery images=&#8221;11681,11683,11685,11687,11689,11691,11693,11695,11697,11699&#8243; column=&#8221;4&#8243; height=&#8221;300&#8243;][\/vc_column][\/vc_row]<\/p>\n","protected":false},"author":1,"featured_media":0,"parent":0,"menu_order":0,"comment_status":"closed","ping_status":"closed","template":"","meta":{"_acf_changed":false,"rs_blank_template":"","rs_page_bg_color":"","slide_template_v7":"","footnotes":""},"class_list":["post-11680","page","type-page","status-publish","hentry"],"acf":[],"yoast_head":"<!-- This site is optimized with the Yoast SEO plugin v27.4 - https:\/\/yoast.com\/product\/yoast-seo-wordpress\/ -->\n<title>Studenstke aktivnosti - Odjel za biologiju - PMF Split<\/title>\n<meta name=\"robots\" content=\"index, follow, max-snippet:-1, max-image-preview:large, max-video-preview:-1\" \/>\n<link rel=\"canonical\" href=\"https:\/\/www.pmfst.unist.hr\/odjel-za-biologiju\/studenstke-aktivnosti\/\" \/>\n<meta property=\"og:locale\" content=\"hr_HR\" \/>\n<meta property=\"og:type\" content=\"article\" \/>\n<meta property=\"og:title\" content=\"Studenstke aktivnosti - Odjel za biologiju - PMF Split\" \/>\n<meta property=\"og:description\" content=\"[vc_row][vc_column][vc_empty_space][vc_column_text css=&#8221;.vc_custom_1557478279159{margin-bottom: 0px !important;}&#8221;] PREDBLAGDANSKO URE\u0110ENJE ODJELA ZA BIOLOGIJU Studenti 1. godine smjera Biologija i Kemija (generacija 2018.\/19.), ure\u0111uju hodnike Odjela za biologiju za po\u010detak Adventa. Ure\u0111enja nema bez pokojeg polomljenog ukrasa\u2026kona\u010dan rezultat je bio za \u010distu peticu![\/vc_column_text][\/vc_column][\/vc_row][vc_row][vc_column][mk_gallery images=&#8221;11681,11683,11685,11687,11689,11691,11693,11695,11697,11699&#8243; column=&#8221;4&#8243; height=&#8221;300&#8243;][\/vc_column][\/vc_row]\" \/>\n<meta property=\"og:url\" content=\"https:\/\/www.pmfst.unist.hr\/odjel-za-biologiju\/studenstke-aktivnosti\/\" \/>\n<meta property=\"og:site_name\" content=\"Odjel za biologiju - PMF Split\" \/>\n<meta property=\"article:modified_time\" content=\"2019-05-10T08:54:04+00:00\" \/>\n<meta name=\"twitter:card\" content=\"summary_large_image\" \/>\n<script type=\"application\/ld+json\" class=\"yoast-schema-graph\">{\"@context\":\"https:\\\/\\\/schema.org\",\"@graph\":[{\"@type\":\"WebPage\",\"@id\":\"https:\\\/\\\/www.pmfst.unist.hr\\\/odjel-za-biologiju\\\/studenstke-aktivnosti\\\/\",\"url\":\"https:\\\/\\\/www.pmfst.unist.hr\\\/odjel-za-biologiju\\\/studenstke-aktivnosti\\\/\",\"name\":\"Studenstke aktivnosti - Odjel za biologiju - PMF Split\",\"isPartOf\":{\"@id\":\"https:\\\/\\\/www.pmfst.unist.hr\\\/odjel-za-biologiju\\\/#website\"},\"datePublished\":\"2019-05-10T08:52:50+00:00\",\"dateModified\":\"2019-05-10T08:54:04+00:00\",\"breadcrumb\":{\"@id\":\"https:\\\/\\\/www.pmfst.unist.hr\\\/odjel-za-biologiju\\\/studenstke-aktivnosti\\\/#breadcrumb\"},\"inLanguage\":\"hr\",\"potentialAction\":[{\"@type\":\"ReadAction\",\"target\":[\"https:\\\/\\\/www.pmfst.unist.hr\\\/odjel-za-biologiju\\\/studenstke-aktivnosti\\\/\"]}]},{\"@type\":\"BreadcrumbList\",\"@id\":\"https:\\\/\\\/www.pmfst.unist.hr\\\/odjel-za-biologiju\\\/studenstke-aktivnosti\\\/#breadcrumb\",\"itemListElement\":[{\"@type\":\"ListItem\",\"position\":1,\"name\":\"Po\u010detna stranica\",\"item\":\"https:\\\/\\\/www.pmfst.unist.hr\\\/odjel-za-biologiju\\\/\"},{\"@type\":\"ListItem\",\"position\":2,\"name\":\"Studenstke aktivnosti\"}]},{\"@type\":\"WebSite\",\"@id\":\"https:\\\/\\\/www.pmfst.unist.hr\\\/odjel-za-biologiju\\\/#website\",\"url\":\"https:\\\/\\\/www.pmfst.unist.hr\\\/odjel-za-biologiju\\\/\",\"name\":\"Odjel za biologiju - PMF Split\",\"description\":\"Web stranica odjela za bilogiju PMF-a Split\",\"potentialAction\":[{\"@type\":\"SearchAction\",\"target\":{\"@type\":\"EntryPoint\",\"urlTemplate\":\"https:\\\/\\\/www.pmfst.unist.hr\\\/odjel-za-biologiju\\\/?s={search_term_string}\"},\"query-input\":{\"@type\":\"PropertyValueSpecification\",\"valueRequired\":true,\"valueName\":\"search_term_string\"}}],\"inLanguage\":\"hr\"}]}<\/script>\n<!-- \/ Yoast SEO plugin. -->","yoast_head_json":{"title":"Studenstke aktivnosti - Odjel za biologiju - PMF Split","robots":{"index":"index","follow":"follow","max-snippet":"max-snippet:-1","max-image-preview":"max-image-preview:large","max-video-preview":"max-video-preview:-1"},"canonical":"https:\/\/www.pmfst.unist.hr\/odjel-za-biologiju\/studenstke-aktivnosti\/","og_locale":"hr_HR","og_type":"article","og_title":"Studenstke aktivnosti - Odjel za biologiju - PMF Split","og_description":"[vc_row][vc_column][vc_empty_space][vc_column_text css=&#8221;.vc_custom_1557478279159{margin-bottom: 0px !important;}&#8221;] PREDBLAGDANSKO URE\u0110ENJE ODJELA ZA BIOLOGIJU Studenti 1. godine smjera Biologija i Kemija (generacija 2018.\/19.), ure\u0111uju hodnike Odjela za biologiju za po\u010detak Adventa. Ure\u0111enja nema bez pokojeg polomljenog ukrasa\u2026kona\u010dan rezultat je bio za \u010distu peticu![\/vc_column_text][\/vc_column][\/vc_row][vc_row][vc_column][mk_gallery images=&#8221;11681,11683,11685,11687,11689,11691,11693,11695,11697,11699&#8243; column=&#8221;4&#8243; height=&#8221;300&#8243;][\/vc_column][\/vc_row]","og_url":"https:\/\/www.pmfst.unist.hr\/odjel-za-biologiju\/studenstke-aktivnosti\/","og_site_name":"Odjel za biologiju - PMF Split","article_modified_time":"2019-05-10T08:54:04+00:00","twitter_card":"summary_large_image","schema":{"@context":"https:\/\/schema.org","@graph":[{"@type":"WebPage","@id":"https:\/\/www.pmfst.unist.hr\/odjel-za-biologiju\/studenstke-aktivnosti\/","url":"https:\/\/www.pmfst.unist.hr\/odjel-za-biologiju\/studenstke-aktivnosti\/","name":"Studenstke aktivnosti - Odjel za biologiju - PMF Split","isPartOf":{"@id":"https:\/\/www.pmfst.unist.hr\/odjel-za-biologiju\/#website"},"datePublished":"2019-05-10T08:52:50+00:00","dateModified":"2019-05-10T08:54:04+00:00","breadcrumb":{"@id":"https:\/\/www.pmfst.unist.hr\/odjel-za-biologiju\/studenstke-aktivnosti\/#breadcrumb"},"inLanguage":"hr","potentialAction":[{"@type":"ReadAction","target":["https:\/\/www.pmfst.unist.hr\/odjel-za-biologiju\/studenstke-aktivnosti\/"]}]},{"@type":"BreadcrumbList","@id":"https:\/\/www.pmfst.unist.hr\/odjel-za-biologiju\/studenstke-aktivnosti\/#breadcrumb","itemListElement":[{"@type":"ListItem","position":1,"name":"Po\u010detna stranica","item":"https:\/\/www.pmfst.unist.hr\/odjel-za-biologiju\/"},{"@type":"ListItem","position":2,"name":"Studenstke aktivnosti"}]},{"@type":"WebSite","@id":"https:\/\/www.pmfst.unist.hr\/odjel-za-biologiju\/#website","url":"https:\/\/www.pmfst.unist.hr\/odjel-za-biologiju\/","name":"Odjel za biologiju - PMF Split","description":"Web stranica odjela za bilogiju PMF-a Split","potentialAction":[{"@type":"SearchAction","target":{"@type":"EntryPoint","urlTemplate":"https:\/\/www.pmfst.unist.hr\/odjel-za-biologiju\/?s={search_term_string}"},"query-input":{"@type":"PropertyValueSpecification","valueRequired":true,"valueName":"search_term_string"}}],"inLanguage":"hr"}]}},"_links":{"self":[{"href":"https:\/\/www.pmfst.unist.hr\/odjel-za-biologiju\/wp-json\/wp\/v2\/pages\/11680","targetHints":{"allow":["GET"]}}],"collection":[{"href":"https:\/\/www.pmfst.unist.hr\/odjel-za-biologiju\/wp-json\/wp\/v2\/pages"}],"about":[{"href":"https:\/\/www.pmfst.unist.hr\/odjel-za-biologiju\/wp-json\/wp\/v2\/types\/page"}],"author":[{"embeddable":true,"href":"https:\/\/www.pmfst.unist.hr\/odjel-za-biologiju\/wp-json\/wp\/v2\/users\/1"}],"replies":[{"embeddable":true,"href":"https:\/\/www.pmfst.unist.hr\/odjel-za-biologiju\/wp-json\/wp\/v2\/comments?post=11680"}],"version-history":[{"count":0,"href":"https:\/\/www.pmfst.unist.hr\/odjel-za-biologiju\/wp-json\/wp\/v2\/pages\/11680\/revisions"}],"wp:attachment":[{"href":"https:\/\/www.pmfst.unist.hr\/odjel-za-biologiju\/wp-json\/wp\/v2\/media?parent=11680"}],"curies":[{"name":"wp","href":"https:\/\/api.w.org\/{rel}","templated":true}]}}