{"id":12090,"date":"2022-04-11T12:01:12","date_gmt":"2022-04-11T10:01:12","guid":{"rendered":"https:\/\/www.pmfst.unist.hr\/odjel-za-kemiju\/?page_id=12090"},"modified":"2025-02-21T12:41:15","modified_gmt":"2025-02-21T11:41:15","slug":"pomaganje-ucenicima","status":"publish","type":"page","link":"https:\/\/www.pmfst.unist.hr\/odjel-za-kemiju\/pomaganje-ucenicima\/","title":{"rendered":"Rad s u\u010denicima"},"content":{"rendered":"<div class=\"wpb-content-wrapper\">[vc_row][vc_column][vc_tta_accordion title_tag=&#8221;h4&#8243; style=&#8221;modern&#8221; shape=&#8221;square&#8221; color=&#8221;mulled-wine&#8221; spacing=&#8221;2&#8243; gap=&#8221;1&#8243; c_align=&#8221;center&#8221; active_section=&#8221;1&#8243; title=&#8221;Rad s u\u010denicima&#8221;][vc_tta_section tab_id=&#8221;1669898962880-7d7c51c6-adf0&#8243; title=&#8221;U\u010denici O\u0160 Hvar u posjetu Prirodoslovno-matemati\u010dkom fakultetu&#8221;][vc_column_text css=&#8221;.vc_custom_1740137781969{margin-bottom: 0px !important;}&#8221;]U petak, 21. velja\u010de 2025., u\u010denici 7. razreda Osnovne \u0161kole Hvar posjetili su Prirodoslovno-matemati\u010dki fakultet u Splitu u pratnji svojih profesorica Ru\u017eice \u0106urin i Katije Barbi\u0107. Tijekom ovog edukativnog izleta obi\u0161li su Odjel za kemiju, gdje su sudjelovali u zanimljivoj radionici.<\/p>\n<p>Pod vodstvom sveu\u010dili\u0161nih nastavnika i asistenata, u\u010denici su se upoznali s procesom saponifikacije \u2013 kemijskom reakcijom kojom nastaju sapuni. Uz mnogo znati\u017eelje i kreativnosti, sami su izra\u0111ivali prigodne sapune, biraju\u0107i boje, mirise i oblike, a pritom su nau\u010dili kako se kemija krije u svakodnevnim stvarima koje koristimo.<\/p>\n<p>Tko zna, mo\u017eda se me\u0111u njima ve\u0107 krije budu\u0107i znanstvenik \u010dije \u0107e istra\u017eivanje jednog dana promijeniti svijet![\/vc_column_text][vc_row_inner][vc_column_inner width=&#8221;1\/6&#8243;][\/vc_column_inner][vc_column_inner width=&#8221;2\/3&#8243;][mk_image src=&#8221;https:\/\/www.pmfst.unist.hr\/odjel-za-kemiju\/wp-content\/uploads\/sites\/25\/2025\/02\/rad-s-ucencima-oshvar-2025.jpg&#8221; image_size=&#8221;full&#8221; lightbox=&#8221;true&#8221;][\/vc_column_inner][vc_column_inner width=&#8221;1\/6&#8243;][\/vc_column_inner][\/vc_row_inner][\/vc_tta_section][vc_tta_section tab_id=&#8221;1740137740457-31e4f51a-7f95&#8243; title=&#8221;POSJET OSNOVNE \u0160KOLE MARJAN&#8221;][vc_column_text css=&#8221;.vc_custom_1737356419300{margin-bottom: 0px !important;}&#8221;]Odjel za kemiju je ugostio u\u010denice 5. i 6. razreda Osnvovne \u0161kole Marjan u sklopu izvannastavne aktivnosti STeam \u010diji je cilj ja\u010danje obrazovnih i karijernih aspiracija prvenstveno djevoj\u010dica prema STEM podru\u010dju. Za realizaciju projekta zaslu\u017eni su Institut za dru\u0161tvena istra\u017eivanja u Zagrebu, Grad Split i A1.<\/p>\n<p>U sklopu projekta njeguje se interdisciplinarnost odnosno upoznavanje i ja\u010danje razumijevanja razli\u010ditih mogu\u0107nosti u STEM-u, stjecanje razli\u010ditih iskustava u\u010denja u \u0161koli i izvan nje, poticanje kreativnog djelovanja, ali i kriti\u010dkog mi\u0161ljenja, Budu\u0107i je tema u 1. ciklusu projekta dalmatinsko bilje i njegova upotreba u kozmetici, u\u010denice su uz stru\u010dno vodstvo djelatnika na PMF-u (Renate Od\u017eak i Bo\u0161ka Ivkovi\u0107a) izra\u0111ivali sapune i balzam na bazi raznog dalmatinskog bilja.<\/p>\n<p>Kako je to izgledalo, pogledajte na fotografijama.[\/vc_column_text][mk_gallery images=&#8221;12721,12723,12725,12727,12729,12731&#8243; height=&#8221;300&#8243; hover_scenarios=&#8221;slow_zoom&#8221; orderby=&#8221;title&#8221;][\/vc_tta_section][vc_tta_section tab_id=&#8221;1737356366215-26b4478e-87a3&#8243; title=&#8221;Posjet maturanata Zdravstvene \u0161kole na Odjelu za kemiju&#8221;][vc_column_text css=&#8221;.vc_custom_1706775005088{margin-bottom: 0px !important;}&#8221;]Dvadesetak maturanta Zdravstvene \u0161kole Split, jo\u0161 malo pa <em>Farmaceutski tehni\u010dari<\/em>, pod vodstvom profesorice Ines Drnasin, posjetilo je 06. prosinca 2023. na\u0161 Fakultet. Nakon obilaska laboratorija Odjela za biologiju te laboratorija za umjetnu inteligenciju na Odjelu za informatiku, ugostili smo ih i mi na Odjelu za kemiju.\u00a0 U znanstveno-istra\u017eiva\u010dkom laboratoriju ih je do\u010dekao izv. prof. dr. sc. Ivica Ljubenkov\u00a0te ih upoznao s kromatografskim metodama koje se koriste u analizi hrane. U nastavnim laboratorijima su nazo\u010dili prakti\u010dnoj nastavi iz <em>Op\u0107e i anorganske kemije<\/em> pod vodstvom doc. dr. sc. Barbare Soldo te <em>Analiti\u010dke kemije<\/em>, tijekom koje je asistent Kristian Naki\u0107 demonstrirao vje\u017ebu Bojanje plamena. U\u010denici su s novim saznanjima o znanosti, nastavi i mogu\u0107nostima studiranja na PMF-u, \u010dvrstog smo dojma, zadovoljni oti\u0161li ku\u0107ama.[\/vc_column_text][mk_gallery images=&#8221;12507,12509,12511&#8243; height=&#8221;300&#8243; hover_scenarios=&#8221;slow_zoom&#8221;][\/vc_tta_section][vc_tta_section tab_id=&#8221;1706774970410-435bd6f9-37be&#8221; title=&#8221;Posjet srednjo\u0161kolaca Odjelu za kemiju&#8221;][vc_column_text css=&#8221;.vc_custom_1706528729274{margin-bottom: 0px !important;}&#8221;]U\u010denici 3. i 4. razreda S\u0160 Bra\u0107e Radi\u0107 iz Ka\u0161tel \u0160tafili\u0107a, smjer: <em>Tehni\u010dar nutricionist<\/em> su u pratnji svojih nastavnica Zdravke Vu\u010demilovi\u0107 \u0110api\u0107 i Vesne Re\u017ei\u0107 Dereani 24. studenog 2023. posjetili Prirodoslovno- matemati\u010dki fakultet. U\u010denici poha\u0111aju nastavu iz predmeta <em>Kontrola kakvo\u0107e namirnica<\/em>, a jedna od tema iste je Instrumentalna analiza. U potrazi o detaljima na navedenu temu, po\u017eeljeli su do\u0107i na Odjel za kemiju gdje ih je ugostio izv. prof. dr. sc. Ivica Ljubenkov. Pokazao im je znanstveno-istra\u017eiva\u010dke laboratorije Odjela i poku\u0161ao objasniti \u0161to je fokus istra\u017eivanja kemi\u010dara na Odjelu. Tako\u0111er im je pokazao i veliki broj ure\u0111aja te njihovu primjenu. U\u010denici su sa zanimanjem postavljali pitanja kojih je bilo poprili\u010dno, \u0161to ukazuje na veliki interes u\u010denika. Tome ide u prilog i \u010dinjenica da su u\u010denici navedene \u0161kole i pro\u0161le godine bili kod nas, pa se nadamo ponovnom susretu.[\/vc_column_text][mk_gallery images=&#8221;12497,12499,12501&#8243; height=&#8221;300&#8243; hover_scenarios=&#8221;slow_zoom&#8221;][\/vc_tta_section][vc_tta_section tab_id=&#8221;1706528547815-fd0b0b65-2977&#8243; title=&#8221;Slaven Alfirevi\u0107 ponovno na dr\u017eavnom natjecanju iz kemije&#8221;][vc_column_text css=&#8221;.vc_custom_1683282839456{margin-bottom: 0px !important;}&#8221;]I ove godine smo na Odjelu s velikim zadovoljstvom ugostili u\u010denika 3. razreda III. gimnazije Slavena Alfirevi\u0107a. Naime, nakon \u0161to je osvojio 1. mjesto na \u0161kolskom i \u017eupanijskom natjecanju, na redu je bilo osvajanje i dr\u017eavnog natjecanja iz kemije. I ovaj put je izv. prof. dr. sc. Renata Od\u017eak odabrala eksperimente prikladne po cjelinama za 3. razred srednje \u0161kole, laborant Bo\u0161ko Ivkovi\u0107 je pripremio sve potrebno za njihovo izvo\u0111enje, a asistent Kristian Naki\u0107 je s puno energije i entuzijazma uputio Slavena u \u201etajne\u201c izvo\u0111enja istih. Moramo istaknuti veliku sinergiju Slavena i Kristiana koji se poznaju jo\u0161 od ranijih doga\u0111anja na Ljetnoj tvornici znanosti koji bi \u010desto od zanesenosti pokusima zaboravili na \u201evrijeme u laboratoriju\u201c. Ove godine u na\u0161em kemijskom laboratoriju, je Slaven bio opu\u0161teniji, s puno ve\u0107om sigurnosti u radu, ali zainteresiranost, pitanja i zaklju\u010dci nisu izostali ni ovaj put. Slaven je ponovno bio odli\u010dan i osvojio medalju srebrnog sjaja na 32. dr\u017eavnom natjecanju iz kemije odr\u017eanom u Puli, a mi smo ponosni \u0161to smo bili sudionici u ostvarenju njegovog cilja.<\/p>\n<p>Iskrene \u010destitke Slavenu![\/vc_column_text][mk_gallery images=&#8221;12298,12300,12302,12304,12306,12308,12310,12312&#8243; height=&#8221;250&#8243; hover_scenarios=&#8221;slow_zoom&#8221; orderby=&#8221;title&#8221;][\/vc_tta_section][vc_tta_section tab_id=&#8221;1683282797590-3f548f11-d33d&#8221; title=&#8221;Posjet maturanata 2. gimnazije iz Splita&#8221;][vc_column_text css=&#8221;.vc_custom_1681799644125{margin-bottom: 0px !important;}&#8221;]Odjel za kemiju su 24. o\u017eujka 2023. posjetili u\u010denici 4. razreda II. Gimnazije iz Splita sa svojom razrednicom, na\u0161om biv\u0161om studenticom Dinom Spahijom. Maturanti navedene \u0161kole su \u017eeljeli saznati o mogu\u0107nostima upisa na studijske programe koje nudi na\u0161 fakultet, osjetiti rad u laboratoriju, upoznati se s opremom i ure\u0111ajima koje koriste djelatnici Odjela. U tome su im pomogle profesorice Matilda \u0160prung i Renata Od\u017eak koje su odgovarali na pitanja zainteresiranih u\u010denika te ih provele kroz studentske i znanstveno-istra\u017eiva\u010dke laboratorije, pokazali kako sinteza pod inertnim plinom mora biti u skladu s tradicijom. Maturanti su iskazali veliki interes za ure\u0111aje koje Odjel ima na raspolaganje. Nadamo se da ovo nije njihov jedini posjet na\u0161em Fakultetu, mo\u017eda ih ve\u0107 sljede\u0107e godine ponovno ugostimo, ali kao studente.[\/vc_column_text][mk_gallery images=&#8221;12287,12283,12285,12281,12279&#8243; height=&#8221;250&#8243; hover_scenarios=&#8221;slow_zoom&#8221; order=&#8221;DESC&#8221;][\/vc_tta_section][vc_tta_section tab_id=&#8221;1681799512105-a6b2d16c-43d3&#8243; title=&#8221;Srednja \u0161kola &#8220;Bra\u0107e Radi\u0107&#8220;&#8221;][vc_column_text css=&#8221;.vc_custom_1669898984209{margin-bottom: 0px !important;}&#8221;]Odjel za kemiju su 24. studenog 2022. posjetili u\u010denici 4. razreda srednje \u0161kole &#8220;Bra\u0107e Radi\u0107&#8221;, smjer tehni\u010dar nutricionist, sa svojom nastavnicom mr. sc. Vesnom Re\u017ei\u0107 Dereani.<\/p>\n<p>U okviru predmeta <em>Kontrola kakvo\u0107e namirnica<\/em> \u017eeljeli su pobli\u017ee osjetiti rad u laboratoriju, upoznati se s opremom i ure\u0111ajima koje koriste djelatnici Odjela. U tome su im pomogli profesori Ivica Ljubenkov i Stjepan Orhanovi\u0107 koji su odgovarali na pitanja zainteresiranih u\u010denika. Nadamo se da \u0107emo ih sljede\u0107e godine ponovno vidjeti u na\u0161im prostorima kao studente.[\/vc_column_text][mk_image_slideshow images=&#8221;12213,12211,12209&#8243; image_width=&#8221;700&#8243; image_height=&#8221;400&#8243; effect=&#8221;slide&#8221;][\/vc_tta_section][vc_tta_section tab_id=&#8221;1649671072393-51ebe93f-0561&#8243; title=&#8221;U\u010denik 3. gimnazije Slaven Alfirevi\u0107&#8221;][vc_column_text css=&#8221;.vc_custom_1649754496214{margin-bottom: 0px !important;}&#8221;]U protekla dva tjedna na Odjelu smo imali priliku i zadovoljstvo ugostiti u\u010denika 2. razreda III. Gimnazije, Slavena Alfirevi\u0107a. Naime, Slaven je kroz prethodno \u0161kolovanje iskazao veliki interes i znanje u kemiji, te se pripremao za dr\u017eavno natjecanje. Me\u0111utim, nedostatak prakti\u010dnog i samostalnog rada u eksperimentima iz kemije u \u0161koli, Slaven je \u017eelio nadomjestiti. Stoga smo prihvatili njegovu molbu i ugostili ga u kemijskom laboratoriju na na\u0161em Odjelu za vrijeme odr\u017eavanja <em>Praktikuma iz op\u0107e kemije II<\/em>, namijenjenom studentima 1. godine studijskog programa Biologije i kemije. S velikim zadovoljstvom je izv. prof. dr. sc. Renata Od\u017eak odabrala eksperimente prikladne po cjelinama za 2. razred srednje \u0161kole, laboranti su pripremili sve potrebno za njihovo izvo\u0111enje, a studenti-demonstratori su uputili Slavena u samostalno izvo\u0111enje istih. Moramo istaknuti \u010dinjenicu da je Slaven s velikim zanimanjem i razumijevanjem izvodio pokuse, bilje\u017ee\u0107i zapa\u017eanja i rezultate. Nije nas iznenadila, ali nas je svakako razveselila vijest da je Slaven osvojio 1. mjesto na 31. dr\u017eavnom natjecanju iz kemije odr\u017eanom ove godine u Vinkovcima, a mi smo sretni \u0161to smo bili jedan mali kota\u010di\u0107 u ostvarenju njegova cilja.<\/p>\n<p>Slavenu iskreno \u010destitamo![\/vc_column_text][mk_gallery images=&#8221;12091,12093,12095,12097,12099&#8243; height=&#8221;300&#8243; hover_scenarios=&#8221;slow_zoom&#8221; order=&#8221;DESC&#8221; orderby=&#8221;id&#8221;][\/vc_tta_section][\/vc_tta_accordion][\/vc_column][\/vc_row]\n<\/div>","protected":false},"excerpt":{"rendered":"<p>[vc_row][vc_column][vc_tta_accordion title_tag=&#8221;h4&#8243; style=&#8221;modern&#8221; shape=&#8221;square&#8221; color=&#8221;mulled-wine&#8221; spacing=&#8221;2&#8243; gap=&#8221;1&#8243; c_align=&#8221;center&#8221; active_section=&#8221;1&#8243; title=&#8221;Rad s u\u010denicima&#8221;][vc_tta_section tab_id=&#8221;1669898962880-7d7c51c6-adf0&#8243; title=&#8221;U\u010denici O\u0160 Hvar u posjetu Prirodoslovno-matemati\u010dkom fakultetu&#8221;][vc_column_text css=&#8221;.vc_custom_1740137781969{margin-bottom: 0px !important;}&#8221;]U petak, 21. velja\u010de 2025., u\u010denici 7. razreda Osnovne \u0161kole Hvar posjetili su Prirodoslovno-matemati\u010dki fakultet u Splitu u pratnji svojih profesorica Ru\u017eice \u0106urin i Katije Barbi\u0107. Tijekom ovog edukativnog izleta obi\u0161li su Odjel [&hellip;]<\/p>\n","protected":false},"author":1,"featured_media":0,"parent":0,"menu_order":0,"comment_status":"closed","ping_status":"closed","template":"","meta":{"_acf_changed":false,"rs_blank_template":"","rs_page_bg_color":"","slide_template_v7":"","footnotes":""},"class_list":["post-12090","page","type-page","status-publish","hentry"],"acf":[],"yoast_head":"<!-- This site is optimized with the Yoast SEO plugin v27.4 - https:\/\/yoast.com\/product\/yoast-seo-wordpress\/ -->\n<title>Rad s u\u010denicima - Odjel za kemiju<\/title>\n<meta name=\"robots\" content=\"index, follow, max-snippet:-1, max-image-preview:large, max-video-preview:-1\" \/>\n<link rel=\"canonical\" href=\"https:\/\/www.pmfst.unist.hr\/odjel-za-kemiju\/pomaganje-ucenicima\/\" \/>\n<meta property=\"og:locale\" content=\"hr_HR\" \/>\n<meta property=\"og:type\" content=\"article\" \/>\n<meta property=\"og:title\" content=\"Rad s u\u010denicima - Odjel za kemiju\" \/>\n<meta property=\"og:description\" content=\"[vc_row][vc_column][vc_tta_accordion title_tag=&#8221;h4&#8243; style=&#8221;modern&#8221; shape=&#8221;square&#8221; color=&#8221;mulled-wine&#8221; spacing=&#8221;2&#8243; gap=&#8221;1&#8243; c_align=&#8221;center&#8221; active_section=&#8221;1&#8243; title=&#8221;Rad s u\u010denicima&#8221;][vc_tta_section tab_id=&#8221;1669898962880-7d7c51c6-adf0&#8243; title=&#8221;U\u010denici O\u0160 Hvar u posjetu Prirodoslovno-matemati\u010dkom fakultetu&#8221;][vc_column_text css=&#8221;.vc_custom_1740137781969{margin-bottom: 0px !important;}&#8221;]U petak, 21. velja\u010de 2025., u\u010denici 7. razreda Osnovne \u0161kole Hvar posjetili su Prirodoslovno-matemati\u010dki fakultet u Splitu u pratnji svojih profesorica Ru\u017eice \u0106urin i Katije Barbi\u0107. Tijekom ovog edukativnog izleta obi\u0161li su Odjel [&hellip;]\" \/>\n<meta property=\"og:url\" content=\"https:\/\/www.pmfst.unist.hr\/odjel-za-kemiju\/pomaganje-ucenicima\/\" \/>\n<meta property=\"og:site_name\" content=\"Odjel za kemiju\" \/>\n<meta property=\"article:modified_time\" content=\"2025-02-21T11:41:15+00:00\" \/>\n<meta name=\"twitter:card\" content=\"summary_large_image\" \/>\n<meta name=\"twitter:label1\" content=\"Procijenjeno vrijeme \u010ditanja\" \/>\n\t<meta name=\"twitter:data1\" content=\"7 minuta\" \/>\n<script type=\"application\/ld+json\" class=\"yoast-schema-graph\">{\"@context\":\"https:\\\/\\\/schema.org\",\"@graph\":[{\"@type\":\"WebPage\",\"@id\":\"https:\\\/\\\/www.pmfst.unist.hr\\\/odjel-za-kemiju\\\/pomaganje-ucenicima\\\/\",\"url\":\"https:\\\/\\\/www.pmfst.unist.hr\\\/odjel-za-kemiju\\\/pomaganje-ucenicima\\\/\",\"name\":\"Rad s u\u010denicima - Odjel za kemiju\",\"isPartOf\":{\"@id\":\"https:\\\/\\\/www.pmfst.unist.hr\\\/odjel-za-kemiju\\\/#website\"},\"datePublished\":\"2022-04-11T10:01:12+00:00\",\"dateModified\":\"2025-02-21T11:41:15+00:00\",\"breadcrumb\":{\"@id\":\"https:\\\/\\\/www.pmfst.unist.hr\\\/odjel-za-kemiju\\\/pomaganje-ucenicima\\\/#breadcrumb\"},\"inLanguage\":\"hr\",\"potentialAction\":[{\"@type\":\"ReadAction\",\"target\":[\"https:\\\/\\\/www.pmfst.unist.hr\\\/odjel-za-kemiju\\\/pomaganje-ucenicima\\\/\"]}]},{\"@type\":\"BreadcrumbList\",\"@id\":\"https:\\\/\\\/www.pmfst.unist.hr\\\/odjel-za-kemiju\\\/pomaganje-ucenicima\\\/#breadcrumb\",\"itemListElement\":[{\"@type\":\"ListItem\",\"position\":1,\"name\":\"Po\u010detna stranica\",\"item\":\"https:\\\/\\\/www.pmfst.unist.hr\\\/odjel-za-kemiju\\\/\"},{\"@type\":\"ListItem\",\"position\":2,\"name\":\"Rad s u\u010denicima\"}]},{\"@type\":\"WebSite\",\"@id\":\"https:\\\/\\\/www.pmfst.unist.hr\\\/odjel-za-kemiju\\\/#website\",\"url\":\"https:\\\/\\\/www.pmfst.unist.hr\\\/odjel-za-kemiju\\\/\",\"name\":\"Odjel za kemiju\",\"description\":\"Odjel za kemiju  Prirodoslovnog-matemati\u010dkiog fakulteta Sveu\u010dili\u0161ta u Splitu\",\"potentialAction\":[{\"@type\":\"SearchAction\",\"target\":{\"@type\":\"EntryPoint\",\"urlTemplate\":\"https:\\\/\\\/www.pmfst.unist.hr\\\/odjel-za-kemiju\\\/?s={search_term_string}\"},\"query-input\":{\"@type\":\"PropertyValueSpecification\",\"valueRequired\":true,\"valueName\":\"search_term_string\"}}],\"inLanguage\":\"hr\"}]}<\/script>\n<!-- \/ Yoast SEO plugin. -->","yoast_head_json":{"title":"Rad s u\u010denicima - Odjel za kemiju","robots":{"index":"index","follow":"follow","max-snippet":"max-snippet:-1","max-image-preview":"max-image-preview:large","max-video-preview":"max-video-preview:-1"},"canonical":"https:\/\/www.pmfst.unist.hr\/odjel-za-kemiju\/pomaganje-ucenicima\/","og_locale":"hr_HR","og_type":"article","og_title":"Rad s u\u010denicima - Odjel za kemiju","og_description":"[vc_row][vc_column][vc_tta_accordion title_tag=&#8221;h4&#8243; style=&#8221;modern&#8221; shape=&#8221;square&#8221; color=&#8221;mulled-wine&#8221; spacing=&#8221;2&#8243; gap=&#8221;1&#8243; c_align=&#8221;center&#8221; active_section=&#8221;1&#8243; title=&#8221;Rad s u\u010denicima&#8221;][vc_tta_section tab_id=&#8221;1669898962880-7d7c51c6-adf0&#8243; title=&#8221;U\u010denici O\u0160 Hvar u posjetu Prirodoslovno-matemati\u010dkom fakultetu&#8221;][vc_column_text css=&#8221;.vc_custom_1740137781969{margin-bottom: 0px !important;}&#8221;]U petak, 21. velja\u010de 2025., u\u010denici 7. razreda Osnovne \u0161kole Hvar posjetili su Prirodoslovno-matemati\u010dki fakultet u Splitu u pratnji svojih profesorica Ru\u017eice \u0106urin i Katije Barbi\u0107. Tijekom ovog edukativnog izleta obi\u0161li su Odjel [&hellip;]","og_url":"https:\/\/www.pmfst.unist.hr\/odjel-za-kemiju\/pomaganje-ucenicima\/","og_site_name":"Odjel za kemiju","article_modified_time":"2025-02-21T11:41:15+00:00","twitter_card":"summary_large_image","twitter_misc":{"Procijenjeno vrijeme \u010ditanja":"7 minuta"},"schema":{"@context":"https:\/\/schema.org","@graph":[{"@type":"WebPage","@id":"https:\/\/www.pmfst.unist.hr\/odjel-za-kemiju\/pomaganje-ucenicima\/","url":"https:\/\/www.pmfst.unist.hr\/odjel-za-kemiju\/pomaganje-ucenicima\/","name":"Rad s u\u010denicima - Odjel za kemiju","isPartOf":{"@id":"https:\/\/www.pmfst.unist.hr\/odjel-za-kemiju\/#website"},"datePublished":"2022-04-11T10:01:12+00:00","dateModified":"2025-02-21T11:41:15+00:00","breadcrumb":{"@id":"https:\/\/www.pmfst.unist.hr\/odjel-za-kemiju\/pomaganje-ucenicima\/#breadcrumb"},"inLanguage":"hr","potentialAction":[{"@type":"ReadAction","target":["https:\/\/www.pmfst.unist.hr\/odjel-za-kemiju\/pomaganje-ucenicima\/"]}]},{"@type":"BreadcrumbList","@id":"https:\/\/www.pmfst.unist.hr\/odjel-za-kemiju\/pomaganje-ucenicima\/#breadcrumb","itemListElement":[{"@type":"ListItem","position":1,"name":"Po\u010detna stranica","item":"https:\/\/www.pmfst.unist.hr\/odjel-za-kemiju\/"},{"@type":"ListItem","position":2,"name":"Rad s u\u010denicima"}]},{"@type":"WebSite","@id":"https:\/\/www.pmfst.unist.hr\/odjel-za-kemiju\/#website","url":"https:\/\/www.pmfst.unist.hr\/odjel-za-kemiju\/","name":"Odjel za kemiju","description":"Odjel za kemiju  Prirodoslovnog-matemati\u010dkiog fakulteta Sveu\u010dili\u0161ta u Splitu","potentialAction":[{"@type":"SearchAction","target":{"@type":"EntryPoint","urlTemplate":"https:\/\/www.pmfst.unist.hr\/odjel-za-kemiju\/?s={search_term_string}"},"query-input":{"@type":"PropertyValueSpecification","valueRequired":true,"valueName":"search_term_string"}}],"inLanguage":"hr"}]}},"_links":{"self":[{"href":"https:\/\/www.pmfst.unist.hr\/odjel-za-kemiju\/wp-json\/wp\/v2\/pages\/12090","targetHints":{"allow":["GET"]}}],"collection":[{"href":"https:\/\/www.pmfst.unist.hr\/odjel-za-kemiju\/wp-json\/wp\/v2\/pages"}],"about":[{"href":"https:\/\/www.pmfst.unist.hr\/odjel-za-kemiju\/wp-json\/wp\/v2\/types\/page"}],"author":[{"embeddable":true,"href":"https:\/\/www.pmfst.unist.hr\/odjel-za-kemiju\/wp-json\/wp\/v2\/users\/1"}],"replies":[{"embeddable":true,"href":"https:\/\/www.pmfst.unist.hr\/odjel-za-kemiju\/wp-json\/wp\/v2\/comments?post=12090"}],"version-history":[{"count":0,"href":"https:\/\/www.pmfst.unist.hr\/odjel-za-kemiju\/wp-json\/wp\/v2\/pages\/12090\/revisions"}],"wp:attachment":[{"href":"https:\/\/www.pmfst.unist.hr\/odjel-za-kemiju\/wp-json\/wp\/v2\/media?parent=12090"}],"curies":[{"name":"wp","href":"https:\/\/api.w.org\/{rel}","templated":true}]}}