{"id":12578,"date":"2024-05-17T09:51:56","date_gmt":"2024-05-17T07:51:56","guid":{"rendered":"https:\/\/www.pmfst.unist.hr\/odjel-za-kemiju\/?page_id=12578"},"modified":"2024-05-17T09:57:41","modified_gmt":"2024-05-17T07:57:41","slug":"ljetna-tvornica-znanosti","status":"publish","type":"page","link":"https:\/\/www.pmfst.unist.hr\/odjel-za-kemiju\/ljetna-tvornica-znanosti\/","title":{"rendered":"LJETNA TVORNICA ZNANOSTI"},"content":{"rendered":"<div class=\"wpb-content-wrapper\">[vc_row][vc_column][vc_tta_tabs active_section=&#8221;1&#8243;][vc_tta_section title=&#8221;LTZ 2023&#8243; tab_id=&#8221;1715931887683-8da043fc-ff9f&#8221;][vc_column_text css=&#8221;.vc_custom_1715932175737{margin-bottom: 0px !important;}&#8221;]<strong>LJETNA TVORNICA ZNANOSTI 2023.<\/strong><\/p>\n<p>Ove godine, po prvi put, Prirodoslovno-matemati\u010dki fakultet u Splitu, je bio sudionik i doma\u0107in LJETNE TVORNICE ZNANOSTI 2023. u organizaciji udruge Tvornice znanosti koji traje ve\u0107 17 godina za redom. Popularno-znastveni projekt <em>Ljetna tvornica znanosti<\/em> proveden je posljednji tjedan dana mjeseca srpnja (24. \u2013 30. 7. 2023.) u kojem je sudjelovao i Odjel za kemiju. Rije\u010d je znanstvenim radionicama za osnovno\u0161kolce i srednjo\u0161kolce kroz koje djeca i mladi u\u010de kako koristiti znanstvene ideje u svakodnevnom \u017eivotu te upoznaju znanost na njima prikladan i zabavan na\u010din. U provedbi projekta sudjelovalo je ukupno 24 volontera od \u010dega je 18 mentora. Radionice su bile organizirane tijekom 6 dana u periodu od 9 do 16 sati. Zadnji dan projekta odr\u017ean je Mali znanstveni sajam na kojem su polaznici roditeljima i drugim posjetiteljima samostalno demonstrirali i izlagali \u0161to su radili na radionicama. Organizatori, mentori, djeca i roditelji \u2013 svi su zadovoljni i jedva \u010dekaju novo izdanje ovoga festivala koji kompleksnu znanost poku\u0161ava pribli\u017eiti djeci i u\u010diniti im je \u0161to zanimljivijom.[\/vc_column_text][mk_image_slideshow images=&#8221;12579,12581,12583,12585,12587,12589,12591,12593&#8243; image_width=&#8221;900&#8243; image_height=&#8221;400&#8243;][\/vc_tta_section][\/vc_tta_tabs][\/vc_column][\/vc_row]\n<\/div>","protected":false},"excerpt":{"rendered":"<p>[vc_row][vc_column][vc_tta_tabs active_section=&#8221;1&#8243;][vc_tta_section title=&#8221;LTZ 2023&#8243; tab_id=&#8221;1715931887683-8da043fc-ff9f&#8221;][vc_column_text css=&#8221;.vc_custom_1715932175737{margin-bottom: 0px !important;}&#8221;]LJETNA TVORNICA ZNANOSTI 2023. Ove godine, po prvi put, Prirodoslovno-matemati\u010dki fakultet u Splitu, je bio sudionik i doma\u0107in LJETNE TVORNICE ZNANOSTI 2023. u organizaciji udruge Tvornice znanosti koji traje ve\u0107 17 godina za redom. Popularno-znastveni projekt Ljetna tvornica znanosti proveden je posljednji tjedan dana mjeseca srpnja (24. \u2013 [&hellip;]<\/p>\n","protected":false},"author":1,"featured_media":0,"parent":0,"menu_order":0,"comment_status":"closed","ping_status":"closed","template":"","meta":{"_acf_changed":false,"rs_blank_template":"","rs_page_bg_color":"","slide_template_v7":"","footnotes":""},"class_list":["post-12578","page","type-page","status-publish","hentry"],"acf":[],"yoast_head":"<!-- This site is optimized with the Yoast SEO plugin v27.4 - https:\/\/yoast.com\/product\/yoast-seo-wordpress\/ -->\n<title>LJETNA TVORNICA ZNANOSTI - Odjel za kemiju<\/title>\n<meta name=\"robots\" content=\"index, follow, max-snippet:-1, max-image-preview:large, max-video-preview:-1\" \/>\n<link rel=\"canonical\" href=\"https:\/\/www.pmfst.unist.hr\/odjel-za-kemiju\/ljetna-tvornica-znanosti\/\" \/>\n<meta property=\"og:locale\" content=\"hr_HR\" \/>\n<meta property=\"og:type\" content=\"article\" \/>\n<meta property=\"og:title\" content=\"LJETNA TVORNICA ZNANOSTI - Odjel za kemiju\" \/>\n<meta property=\"og:description\" content=\"[vc_row][vc_column][vc_tta_tabs active_section=&#8221;1&#8243;][vc_tta_section title=&#8221;LTZ 2023&#8243; tab_id=&#8221;1715931887683-8da043fc-ff9f&#8221;][vc_column_text css=&#8221;.vc_custom_1715932175737{margin-bottom: 0px !important;}&#8221;]LJETNA TVORNICA ZNANOSTI 2023. Ove godine, po prvi put, Prirodoslovno-matemati\u010dki fakultet u Splitu, je bio sudionik i doma\u0107in LJETNE TVORNICE ZNANOSTI 2023. u organizaciji udruge Tvornice znanosti koji traje ve\u0107 17 godina za redom. Popularno-znastveni projekt Ljetna tvornica znanosti proveden je posljednji tjedan dana mjeseca srpnja (24. \u2013 [&hellip;]\" \/>\n<meta property=\"og:url\" content=\"https:\/\/www.pmfst.unist.hr\/odjel-za-kemiju\/ljetna-tvornica-znanosti\/\" \/>\n<meta property=\"og:site_name\" content=\"Odjel za kemiju\" \/>\n<meta property=\"article:modified_time\" content=\"2024-05-17T07:57:41+00:00\" \/>\n<meta name=\"twitter:card\" content=\"summary_large_image\" \/>\n<meta name=\"twitter:label1\" content=\"Procijenjeno vrijeme \u010ditanja\" \/>\n\t<meta name=\"twitter:data1\" content=\"2 minute\" \/>\n<script type=\"application\/ld+json\" class=\"yoast-schema-graph\">{\"@context\":\"https:\\\/\\\/schema.org\",\"@graph\":[{\"@type\":\"WebPage\",\"@id\":\"https:\\\/\\\/www.pmfst.unist.hr\\\/odjel-za-kemiju\\\/ljetna-tvornica-znanosti\\\/\",\"url\":\"https:\\\/\\\/www.pmfst.unist.hr\\\/odjel-za-kemiju\\\/ljetna-tvornica-znanosti\\\/\",\"name\":\"LJETNA TVORNICA ZNANOSTI - Odjel za kemiju\",\"isPartOf\":{\"@id\":\"https:\\\/\\\/www.pmfst.unist.hr\\\/odjel-za-kemiju\\\/#website\"},\"datePublished\":\"2024-05-17T07:51:56+00:00\",\"dateModified\":\"2024-05-17T07:57:41+00:00\",\"breadcrumb\":{\"@id\":\"https:\\\/\\\/www.pmfst.unist.hr\\\/odjel-za-kemiju\\\/ljetna-tvornica-znanosti\\\/#breadcrumb\"},\"inLanguage\":\"hr\",\"potentialAction\":[{\"@type\":\"ReadAction\",\"target\":[\"https:\\\/\\\/www.pmfst.unist.hr\\\/odjel-za-kemiju\\\/ljetna-tvornica-znanosti\\\/\"]}]},{\"@type\":\"BreadcrumbList\",\"@id\":\"https:\\\/\\\/www.pmfst.unist.hr\\\/odjel-za-kemiju\\\/ljetna-tvornica-znanosti\\\/#breadcrumb\",\"itemListElement\":[{\"@type\":\"ListItem\",\"position\":1,\"name\":\"Po\u010detna stranica\",\"item\":\"https:\\\/\\\/www.pmfst.unist.hr\\\/odjel-za-kemiju\\\/\"},{\"@type\":\"ListItem\",\"position\":2,\"name\":\"LJETNA TVORNICA ZNANOSTI\"}]},{\"@type\":\"WebSite\",\"@id\":\"https:\\\/\\\/www.pmfst.unist.hr\\\/odjel-za-kemiju\\\/#website\",\"url\":\"https:\\\/\\\/www.pmfst.unist.hr\\\/odjel-za-kemiju\\\/\",\"name\":\"Odjel za kemiju\",\"description\":\"Odjel za kemiju  Prirodoslovnog-matemati\u010dkiog fakulteta Sveu\u010dili\u0161ta u Splitu\",\"potentialAction\":[{\"@type\":\"SearchAction\",\"target\":{\"@type\":\"EntryPoint\",\"urlTemplate\":\"https:\\\/\\\/www.pmfst.unist.hr\\\/odjel-za-kemiju\\\/?s={search_term_string}\"},\"query-input\":{\"@type\":\"PropertyValueSpecification\",\"valueRequired\":true,\"valueName\":\"search_term_string\"}}],\"inLanguage\":\"hr\"}]}<\/script>\n<!-- \/ Yoast SEO plugin. -->","yoast_head_json":{"title":"LJETNA TVORNICA ZNANOSTI - Odjel za kemiju","robots":{"index":"index","follow":"follow","max-snippet":"max-snippet:-1","max-image-preview":"max-image-preview:large","max-video-preview":"max-video-preview:-1"},"canonical":"https:\/\/www.pmfst.unist.hr\/odjel-za-kemiju\/ljetna-tvornica-znanosti\/","og_locale":"hr_HR","og_type":"article","og_title":"LJETNA TVORNICA ZNANOSTI - Odjel za kemiju","og_description":"[vc_row][vc_column][vc_tta_tabs active_section=&#8221;1&#8243;][vc_tta_section title=&#8221;LTZ 2023&#8243; tab_id=&#8221;1715931887683-8da043fc-ff9f&#8221;][vc_column_text css=&#8221;.vc_custom_1715932175737{margin-bottom: 0px !important;}&#8221;]LJETNA TVORNICA ZNANOSTI 2023. Ove godine, po prvi put, Prirodoslovno-matemati\u010dki fakultet u Splitu, je bio sudionik i doma\u0107in LJETNE TVORNICE ZNANOSTI 2023. u organizaciji udruge Tvornice znanosti koji traje ve\u0107 17 godina za redom. Popularno-znastveni projekt Ljetna tvornica znanosti proveden je posljednji tjedan dana mjeseca srpnja (24. \u2013 [&hellip;]","og_url":"https:\/\/www.pmfst.unist.hr\/odjel-za-kemiju\/ljetna-tvornica-znanosti\/","og_site_name":"Odjel za kemiju","article_modified_time":"2024-05-17T07:57:41+00:00","twitter_card":"summary_large_image","twitter_misc":{"Procijenjeno vrijeme \u010ditanja":"2 minute"},"schema":{"@context":"https:\/\/schema.org","@graph":[{"@type":"WebPage","@id":"https:\/\/www.pmfst.unist.hr\/odjel-za-kemiju\/ljetna-tvornica-znanosti\/","url":"https:\/\/www.pmfst.unist.hr\/odjel-za-kemiju\/ljetna-tvornica-znanosti\/","name":"LJETNA TVORNICA ZNANOSTI - Odjel za kemiju","isPartOf":{"@id":"https:\/\/www.pmfst.unist.hr\/odjel-za-kemiju\/#website"},"datePublished":"2024-05-17T07:51:56+00:00","dateModified":"2024-05-17T07:57:41+00:00","breadcrumb":{"@id":"https:\/\/www.pmfst.unist.hr\/odjel-za-kemiju\/ljetna-tvornica-znanosti\/#breadcrumb"},"inLanguage":"hr","potentialAction":[{"@type":"ReadAction","target":["https:\/\/www.pmfst.unist.hr\/odjel-za-kemiju\/ljetna-tvornica-znanosti\/"]}]},{"@type":"BreadcrumbList","@id":"https:\/\/www.pmfst.unist.hr\/odjel-za-kemiju\/ljetna-tvornica-znanosti\/#breadcrumb","itemListElement":[{"@type":"ListItem","position":1,"name":"Po\u010detna stranica","item":"https:\/\/www.pmfst.unist.hr\/odjel-za-kemiju\/"},{"@type":"ListItem","position":2,"name":"LJETNA TVORNICA ZNANOSTI"}]},{"@type":"WebSite","@id":"https:\/\/www.pmfst.unist.hr\/odjel-za-kemiju\/#website","url":"https:\/\/www.pmfst.unist.hr\/odjel-za-kemiju\/","name":"Odjel za kemiju","description":"Odjel za kemiju  Prirodoslovnog-matemati\u010dkiog fakulteta Sveu\u010dili\u0161ta u Splitu","potentialAction":[{"@type":"SearchAction","target":{"@type":"EntryPoint","urlTemplate":"https:\/\/www.pmfst.unist.hr\/odjel-za-kemiju\/?s={search_term_string}"},"query-input":{"@type":"PropertyValueSpecification","valueRequired":true,"valueName":"search_term_string"}}],"inLanguage":"hr"}]}},"_links":{"self":[{"href":"https:\/\/www.pmfst.unist.hr\/odjel-za-kemiju\/wp-json\/wp\/v2\/pages\/12578","targetHints":{"allow":["GET"]}}],"collection":[{"href":"https:\/\/www.pmfst.unist.hr\/odjel-za-kemiju\/wp-json\/wp\/v2\/pages"}],"about":[{"href":"https:\/\/www.pmfst.unist.hr\/odjel-za-kemiju\/wp-json\/wp\/v2\/types\/page"}],"author":[{"embeddable":true,"href":"https:\/\/www.pmfst.unist.hr\/odjel-za-kemiju\/wp-json\/wp\/v2\/users\/1"}],"replies":[{"embeddable":true,"href":"https:\/\/www.pmfst.unist.hr\/odjel-za-kemiju\/wp-json\/wp\/v2\/comments?post=12578"}],"version-history":[{"count":0,"href":"https:\/\/www.pmfst.unist.hr\/odjel-za-kemiju\/wp-json\/wp\/v2\/pages\/12578\/revisions"}],"wp:attachment":[{"href":"https:\/\/www.pmfst.unist.hr\/odjel-za-kemiju\/wp-json\/wp\/v2\/media?parent=12578"}],"curies":[{"name":"wp","href":"https:\/\/api.w.org\/{rel}","templated":true}]}}