{"id":40,"date":"2018-02-07T09:47:05","date_gmt":"2018-02-07T08:47:05","guid":{"rendered":"https:\/\/www.pmfst.unist.hr\/odjel-za-matematiku\/?page_id=40"},"modified":"2018-03-20T21:17:56","modified_gmt":"2018-03-20T20:17:56","slug":"aktivnosti","status":"publish","type":"page","link":"https:\/\/www.pmfst.unist.hr\/odjel-za-matematiku\/aktivnosti\/","title":{"rendered":"Aktivnosti"},"content":{"rendered":"<div class=\"wpb-content-wrapper\">[vc_row][vc_column][vc_separator color=&#8221;black&#8221; style=&#8221;shadow&#8221; border_width=&#8221;10&#8243;][vc_column_text css=&#8221;.vc_custom_1521577070841{margin-bottom: 0px !important;}&#8221;]\n<div id=\"science-djelatnost\">\n<div id=\"math-projekti\" class=\"znanstvena-djelatnost\">\n<h3 class=\"title-znanstvena-djelatnost\">Projekti<\/h3>\n<hr style=\"color: #fff; margin-top: -5px; margin-bottom: 10px;\" \/>\n<p>Popis znanstvenih projekata MZOS-a aktivnih od 2009. &#8211; 2013. \u010diji su voditelji djelatnici Odjela za matematiku.<\/p>\n<p><a href=\"http:\/\/bib.irb.hr\/lista-radova?sif_proj=177-0000000-0882\" target=\"_blank\" rel=\"noopener\">Tranzitivne grupe i s njima povezane diskretne strukture<br \/>\n<span class=\"normal-font\">(177-0000000-0882)<br \/>\nAnka Golemac<\/span><\/a><\/p>\n<p><a href=\"http:\/\/bib.irb.hr\/lista-radova?sif_proj=177-0000000-0884\" target=\"_blank\" rel=\"noopener\">Diskretni matemati\u010dki modeli u kemiji<br \/>\n<span class=\"normal-font\">(177-0000000-0884)<br \/>\nDamir Vuki\u010devi\u0107<\/span><\/a><\/p>\n<p><a href=\"http:\/\/bib.irb.hr\/lista-radova?sif_proj=177-0372791-0886\" target=\"_blank\" rel=\"noopener\">Grubi oblik i klasifikacija natkrivanja<br \/>\n<span class=\"normal-font\">(177-0372791-0886)<br \/>\nVlasta Matijevi\u0107<\/span><\/a><\/p>\n<p><a href=\"http:\/\/bib.irb.hr\/lista-radova?sif_proj=177-0372794-2816\" target=\"_blank\" rel=\"noopener\">Lijeve grupe, integrabilni sistemi i simetrije<br \/>\n<span class=\"normal-font\">(177-0372794-2816)<br \/>\nSa\u0161a Kre\u0161i\u0107-Juri\u0107<\/span><\/a><\/p>\n<p><a href=\"http:\/\/bib.irb.hr\/lista-radova?sif_proj=177-1170889-1287\" target=\"_blank\" rel=\"noopener\">Konveksne funkcije i primjene<br \/>\n<span class=\"normal-font\">(177-1170889-1287)<br \/>\nMarko Mati\u0107<\/span><\/a><\/p>\n<p><a href=\"http:\/\/bib.irb.hr\/lista-radova?sif_proj=177-1170889-3039\" target=\"_blank\" rel=\"noopener\">Nejednakosti i numeri\u010dka analiza<br \/>\n<span class=\"normal-font\">(177-1170889-3039)<br \/>\nNenad Ujevi\u0107<br \/>\n(spojen s projektom 177-1170889-1287 u 2011.)<\/span><\/a><\/p>\n<\/div>\n<\/div>\n[\/vc_column_text][vc_separator color=&#8221;black&#8221; style=&#8221;shadow&#8221; border_width=&#8221;10&#8243;][\/vc_column][\/vc_row][vc_row][vc_column][vc_column_text css=&#8221;.vc_custom_1517993916301{margin-bottom: 0px !important;}&#8221;]\n<div id=\"math-seminari\" class=\"znanstvena-djelatnost\">\n<h3 class=\"title-znanstvena-djelatnost\">Seminari<\/h3>\n<p>Popis seminara akademske godine 2014.\/15. \u010diji su voditelji djelatnici Odjela za matematiku.<\/p>\n<p>&nbsp;<\/p>\n<div class=\"seminar\">\n<div class=\"math-seminari-naziv\">Topolo\u0161ki seminar<\/div>\n<div class=\"math-seminari-voditelj\">Voditelji : V. Matijevi\u0107, N. Kocei\u0107 Bilan<\/div>\n<div class=\"math-seminari-tajnik\">Tajnik :\u00a0G. Erceg<\/div>\n<div class=\"math-seminari-termin\">Termin : petak, 10 &#8211; 12 h<\/div>\n<div class=\"math-seminari-lokacija\">Lokacija : B3-37<\/div>\n<div><a href=\"https:\/\/www.pmfst.unist.hr\/odjel-za-matematiku\/topoloski-seminar\/\">O seminaru&#8230;<\/a><\/div>\n<\/div>\n<p>&nbsp;<\/p>\n<div class=\"seminar\">\n<div class=\"math-seminari-naziv\">Nejednakosti i primjene<\/div>\n<div class=\"math-seminari-voditelj\">Voditelji : M. Mati\u0107<\/div>\n<div class=\"math-seminari-tajnik\">Tajnik : M. Klari\u010di\u0107-Bakula<\/div>\n<div class=\"math-seminari-termin\">Termin : utorak, 17 &#8211; 19 h<\/div>\n<div class=\"math-seminari-lokacija\">Lokacija : B3-49<\/div>\n<div><a href=\"https:\/\/www.pmfst.unist.hr\/odjel-za-matematiku\/nejednakosti-i-primjene\/\">O seminaru&#8230;<\/a><\/div>\n<\/div>\n<p>&nbsp;<\/p>\n<div class=\"seminar\">\n<div class=\"math-seminari-naziv\">Seminar za diskretnu matematiku<\/div>\n<div class=\"math-seminari-voditelj\">Voditelji : J. Mandi\u0107, D. Vuki\u010devi\u0107<\/div>\n<div class=\"math-seminari-tajnik\">Tajnik : T. Vojkovi\u0107<\/div>\n<div class=\"math-seminari-termin\">Termin : \u010cetvrtak 18-20 h<\/div>\n<div class=\"math-seminari-lokacija\">Lokacija : B3-49<\/div>\n<div><a href=\"https:\/\/www.pmfst.unist.hr\/odjel-za-matematiku\/seminar-za-diskretnu-matematiku\/\">O seminaru &#8230;<\/a><\/div>\n<\/div>\n<p>&nbsp;<\/p>\n<\/div>\n<div class=\"calendar-znanstvena-djelatnost\"><\/div>\n<div class=\"clear-both\"><\/div>\n[\/vc_column_text][\/vc_column][\/vc_row][vc_row][vc_column][vc_column_text]\n[\/vc_column_text][\/vc_column][\/vc_row]\n<\/div>","protected":false},"excerpt":{"rendered":"<p>[vc_row][vc_column][vc_separator color=&#8221;black&#8221; style=&#8221;shadow&#8221; border_width=&#8221;10&#8243;][vc_column_text css=&#8221;.vc_custom_1521577070841{margin-bottom: 0px !important;}&#8221;] Projekti Popis znanstvenih projekata MZOS-a aktivnih od 2009. &#8211; 2013. \u010diji su voditelji djelatnici Odjela za matematiku. Tranzitivne grupe i s njima povezane diskretne strukture (177-0000000-0882) Anka Golemac Diskretni matemati\u010dki modeli u kemiji (177-0000000-0884) Damir Vuki\u010devi\u0107 Grubi oblik i klasifikacija natkrivanja (177-0372791-0886) Vlasta Matijevi\u0107 Lijeve grupe, integrabilni sistemi [&hellip;]<\/p>\n","protected":false},"author":1,"featured_media":0,"parent":0,"menu_order":0,"comment_status":"closed","ping_status":"closed","template":"","meta":{"_acf_changed":false,"rs_blank_template":"","rs_page_bg_color":"","slide_template_v7":"","footnotes":""},"class_list":["post-40","page","type-page","status-publish","hentry"],"acf":[],"yoast_head":"<!-- This site is optimized with the Yoast SEO plugin v27.5 - https:\/\/yoast.com\/product\/yoast-seo-wordpress\/ -->\n<title>Aktivnosti - Odjel za matematiku<\/title>\n<meta name=\"robots\" content=\"index, follow, max-snippet:-1, max-image-preview:large, max-video-preview:-1\" \/>\n<link rel=\"canonical\" href=\"https:\/\/www.pmfst.unist.hr\/odjel-za-matematiku\/aktivnosti\/\" \/>\n<meta property=\"og:locale\" content=\"hr_HR\" \/>\n<meta property=\"og:type\" content=\"article\" \/>\n<meta property=\"og:title\" content=\"Aktivnosti - Odjel za matematiku\" \/>\n<meta property=\"og:description\" content=\"[vc_row][vc_column][vc_separator color=&#8221;black&#8221; style=&#8221;shadow&#8221; border_width=&#8221;10&#8243;][vc_column_text css=&#8221;.vc_custom_1521577070841{margin-bottom: 0px !important;}&#8221;] Projekti Popis znanstvenih projekata MZOS-a aktivnih od 2009. &#8211; 2013. \u010diji su voditelji djelatnici Odjela za matematiku. Tranzitivne grupe i s njima povezane diskretne strukture (177-0000000-0882) Anka Golemac Diskretni matemati\u010dki modeli u kemiji (177-0000000-0884) Damir Vuki\u010devi\u0107 Grubi oblik i klasifikacija natkrivanja (177-0372791-0886) Vlasta Matijevi\u0107 Lijeve grupe, integrabilni sistemi [&hellip;]\" \/>\n<meta property=\"og:url\" content=\"https:\/\/www.pmfst.unist.hr\/odjel-za-matematiku\/aktivnosti\/\" \/>\n<meta property=\"og:site_name\" content=\"Odjel za matematiku\" \/>\n<meta property=\"article:modified_time\" content=\"2018-03-20T20:17:56+00:00\" \/>\n<meta name=\"twitter:card\" content=\"summary_large_image\" \/>\n<meta name=\"twitter:label1\" content=\"Procijenjeno vrijeme \u010ditanja\" \/>\n\t<meta name=\"twitter:data1\" content=\"1 minuta\" \/>\n<script type=\"application\/ld+json\" class=\"yoast-schema-graph\">{\"@context\":\"https:\\\/\\\/schema.org\",\"@graph\":[{\"@type\":\"WebPage\",\"@id\":\"https:\\\/\\\/www.pmfst.unist.hr\\\/odjel-za-matematiku\\\/aktivnosti\\\/\",\"url\":\"https:\\\/\\\/www.pmfst.unist.hr\\\/odjel-za-matematiku\\\/aktivnosti\\\/\",\"name\":\"Aktivnosti - Odjel za matematiku\",\"isPartOf\":{\"@id\":\"https:\\\/\\\/www.pmfst.unist.hr\\\/odjel-za-matematiku\\\/#website\"},\"datePublished\":\"2018-02-07T08:47:05+00:00\",\"dateModified\":\"2018-03-20T20:17:56+00:00\",\"breadcrumb\":{\"@id\":\"https:\\\/\\\/www.pmfst.unist.hr\\\/odjel-za-matematiku\\\/aktivnosti\\\/#breadcrumb\"},\"inLanguage\":\"hr\",\"potentialAction\":[{\"@type\":\"ReadAction\",\"target\":[\"https:\\\/\\\/www.pmfst.unist.hr\\\/odjel-za-matematiku\\\/aktivnosti\\\/\"]}]},{\"@type\":\"BreadcrumbList\",\"@id\":\"https:\\\/\\\/www.pmfst.unist.hr\\\/odjel-za-matematiku\\\/aktivnosti\\\/#breadcrumb\",\"itemListElement\":[{\"@type\":\"ListItem\",\"position\":1,\"name\":\"Po\u010detna stranica\",\"item\":\"https:\\\/\\\/www.pmfst.unist.hr\\\/odjel-za-matematiku\\\/\"},{\"@type\":\"ListItem\",\"position\":2,\"name\":\"Aktivnosti\"}]},{\"@type\":\"WebSite\",\"@id\":\"https:\\\/\\\/www.pmfst.unist.hr\\\/odjel-za-matematiku\\\/#website\",\"url\":\"https:\\\/\\\/www.pmfst.unist.hr\\\/odjel-za-matematiku\\\/\",\"name\":\"Odjel za matematiku\",\"description\":\"Odjel za matematiku  Prirodoslovnog-matemati\u010dkiog fakulteta Sveu\u010dili\u0161ta u Splitu\",\"potentialAction\":[{\"@type\":\"SearchAction\",\"target\":{\"@type\":\"EntryPoint\",\"urlTemplate\":\"https:\\\/\\\/www.pmfst.unist.hr\\\/odjel-za-matematiku\\\/?s={search_term_string}\"},\"query-input\":{\"@type\":\"PropertyValueSpecification\",\"valueRequired\":true,\"valueName\":\"search_term_string\"}}],\"inLanguage\":\"hr\"}]}<\/script>\n<!-- \/ Yoast SEO plugin. -->","yoast_head_json":{"title":"Aktivnosti - Odjel za matematiku","robots":{"index":"index","follow":"follow","max-snippet":"max-snippet:-1","max-image-preview":"max-image-preview:large","max-video-preview":"max-video-preview:-1"},"canonical":"https:\/\/www.pmfst.unist.hr\/odjel-za-matematiku\/aktivnosti\/","og_locale":"hr_HR","og_type":"article","og_title":"Aktivnosti - Odjel za matematiku","og_description":"[vc_row][vc_column][vc_separator color=&#8221;black&#8221; style=&#8221;shadow&#8221; border_width=&#8221;10&#8243;][vc_column_text css=&#8221;.vc_custom_1521577070841{margin-bottom: 0px !important;}&#8221;] Projekti Popis znanstvenih projekata MZOS-a aktivnih od 2009. &#8211; 2013. \u010diji su voditelji djelatnici Odjela za matematiku. Tranzitivne grupe i s njima povezane diskretne strukture (177-0000000-0882) Anka Golemac Diskretni matemati\u010dki modeli u kemiji (177-0000000-0884) Damir Vuki\u010devi\u0107 Grubi oblik i klasifikacija natkrivanja (177-0372791-0886) Vlasta Matijevi\u0107 Lijeve grupe, integrabilni sistemi [&hellip;]","og_url":"https:\/\/www.pmfst.unist.hr\/odjel-za-matematiku\/aktivnosti\/","og_site_name":"Odjel za matematiku","article_modified_time":"2018-03-20T20:17:56+00:00","twitter_card":"summary_large_image","twitter_misc":{"Procijenjeno vrijeme \u010ditanja":"1 minuta"},"schema":{"@context":"https:\/\/schema.org","@graph":[{"@type":"WebPage","@id":"https:\/\/www.pmfst.unist.hr\/odjel-za-matematiku\/aktivnosti\/","url":"https:\/\/www.pmfst.unist.hr\/odjel-za-matematiku\/aktivnosti\/","name":"Aktivnosti - Odjel za matematiku","isPartOf":{"@id":"https:\/\/www.pmfst.unist.hr\/odjel-za-matematiku\/#website"},"datePublished":"2018-02-07T08:47:05+00:00","dateModified":"2018-03-20T20:17:56+00:00","breadcrumb":{"@id":"https:\/\/www.pmfst.unist.hr\/odjel-za-matematiku\/aktivnosti\/#breadcrumb"},"inLanguage":"hr","potentialAction":[{"@type":"ReadAction","target":["https:\/\/www.pmfst.unist.hr\/odjel-za-matematiku\/aktivnosti\/"]}]},{"@type":"BreadcrumbList","@id":"https:\/\/www.pmfst.unist.hr\/odjel-za-matematiku\/aktivnosti\/#breadcrumb","itemListElement":[{"@type":"ListItem","position":1,"name":"Po\u010detna stranica","item":"https:\/\/www.pmfst.unist.hr\/odjel-za-matematiku\/"},{"@type":"ListItem","position":2,"name":"Aktivnosti"}]},{"@type":"WebSite","@id":"https:\/\/www.pmfst.unist.hr\/odjel-za-matematiku\/#website","url":"https:\/\/www.pmfst.unist.hr\/odjel-za-matematiku\/","name":"Odjel za matematiku","description":"Odjel za matematiku  Prirodoslovnog-matemati\u010dkiog fakulteta Sveu\u010dili\u0161ta u Splitu","potentialAction":[{"@type":"SearchAction","target":{"@type":"EntryPoint","urlTemplate":"https:\/\/www.pmfst.unist.hr\/odjel-za-matematiku\/?s={search_term_string}"},"query-input":{"@type":"PropertyValueSpecification","valueRequired":true,"valueName":"search_term_string"}}],"inLanguage":"hr"}]}},"_links":{"self":[{"href":"https:\/\/www.pmfst.unist.hr\/odjel-za-matematiku\/wp-json\/wp\/v2\/pages\/40","targetHints":{"allow":["GET"]}}],"collection":[{"href":"https:\/\/www.pmfst.unist.hr\/odjel-za-matematiku\/wp-json\/wp\/v2\/pages"}],"about":[{"href":"https:\/\/www.pmfst.unist.hr\/odjel-za-matematiku\/wp-json\/wp\/v2\/types\/page"}],"author":[{"embeddable":true,"href":"https:\/\/www.pmfst.unist.hr\/odjel-za-matematiku\/wp-json\/wp\/v2\/users\/1"}],"replies":[{"embeddable":true,"href":"https:\/\/www.pmfst.unist.hr\/odjel-za-matematiku\/wp-json\/wp\/v2\/comments?post=40"}],"version-history":[{"count":0,"href":"https:\/\/www.pmfst.unist.hr\/odjel-za-matematiku\/wp-json\/wp\/v2\/pages\/40\/revisions"}],"wp:attachment":[{"href":"https:\/\/www.pmfst.unist.hr\/odjel-za-matematiku\/wp-json\/wp\/v2\/media?parent=40"}],"curies":[{"name":"wp","href":"https:\/\/api.w.org\/{rel}","templated":true}]}}