{"id":25,"date":"2018-02-09T10:16:36","date_gmt":"2018-02-09T09:16:36","guid":{"rendered":"https:\/\/www.pmfst.unist.hr\/samostalna-katedra-za-dhz\/?page_id=25"},"modified":"2019-12-03T11:57:56","modified_gmt":"2019-12-03T10:57:56","slug":"studij","status":"publish","type":"page","link":"https:\/\/www.pmfst.unist.hr\/samostalna-katedra-za-dhz\/studij\/","title":{"rendered":"Studij"},"content":{"rendered":"<div class=\"wpb-content-wrapper\">[vc_row][vc_column][vc_separator color=&#8221;mulled_wine&#8221; style=&#8221;shadow&#8221; border_width=&#8221;2&#8243;][\/vc_column][\/vc_row][vc_row][vc_column width=&#8221;1\/4&#8243;][vc_single_image image=&#8221;28&#8243; img_size=&#8221;full&#8221;][\/vc_column][vc_column width=&#8221;3\/4&#8243;][vc_column_text css=&#8221;.vc_custom_1575370479712{margin-bottom: 0px !important;}&#8221;]ENGLESKI JEZIK<\/p>\n<p>Za studente prirodnih i tehni\u010dkih znanosti u\u010denje engleskog jezika u struci ima va\u017eno zna\u010denje jer im omogu\u0107ava razumijevanje te pisanje znanstvenih i stru\u010dnih tekstova na engleskom jeziku.[\/vc_column_text][\/vc_column][\/vc_row][vc_row][vc_column][vc_separator color=&#8221;mulled_wine&#8221; style=&#8221;shadow&#8221; border_width=&#8221;2&#8243;][\/vc_column][\/vc_row][vc_row][vc_column width=&#8221;1\/4&#8243;][vc_single_image image=&#8221;29&#8243; img_size=&#8221;full&#8221;][\/vc_column][vc_column width=&#8221;3\/4&#8243;][vc_column_text css=&#8221;.vc_custom_1575370501889{margin-bottom: 0px !important;}&#8221;]KINEZIOLO\u0160KA GRUPA KOLEGIJA<\/p>\n<p>Budu\u0107i da se po\u010detkom studiranja studenti nalaze u vrlo osjetljivom \u017eivotnom periodu u kojem se prema rezultatima istra\u017eivanja smanjuje intenzitet i obim kineziolo\u0161kih aktivnosti intencija je kineziolo\u0161kih kolegija odr\u017eavanje i pobolj\u0161anje zdravlja studenata te stvoriti trajnu naviku za <em>naviku<\/em>\u00a0redovitog i samoinicijativnog tjelesnog vje\u017ebanja. Kroz obvezene kolegije Tjelesna i zdravstvena kultura I, II, III i IV te izborni kolegij Kineziolo\u0161ka aktivnost, fitness i zdravlje studentima se poma\u017ee u boljem razumijevanju i provo\u0111enju zdravog na\u010dina \u017eivota.[\/vc_column_text][\/vc_column][\/vc_row][vc_row][vc_column][vc_separator color=&#8221;mulled_wine&#8221; style=&#8221;shadow&#8221; border_width=&#8221;2&#8243;][\/vc_column][\/vc_row][vc_row][vc_column width=&#8221;1\/4&#8243;][vc_single_image image=&#8221;30&#8243; img_size=&#8221;full&#8221;][\/vc_column][vc_column width=&#8221;3\/4&#8243;][vc_column_text css=&#8221;.vc_custom_1575370517077{margin-bottom: 0px !important;}&#8221;]PSIHOLOGIJSKA GRUPA KOLEGIJA<\/p>\n<p>Psihologija koja se najjednostavnije definira kao znanost o psihi\u010dkim procesima i pona\u0161anju ima va\u017enu ulogu u otkrivanju i razumijevanju na\u010dina na koji funkcionira ljudski mozak, te poku\u0161ava prodrijeti u same temelje vrlo raznolikog ljudskog pona\u0161anja. Upoznavanjem temeljnih pojmova iz psihologije pomo\u0107i \u0107e se budu\u0107im nastavnicima prirodnih i tehni\u010dkih znanosti u svom profesionalnom radu s djecom i mladima u sustavu odgoja i obrazovanja. Psihologijska skupina kolegija podijeljena je na obvezne i izborne kolegije \u010diji je zadatak senzibilizirati studente za teme iz djelokruga ljudskog pona\u0161anja. Poznavanje elementarnih pojmova i spoznaja iz op\u0107e i edukacijske psihologije, bolje razumijevanje vlastitog i tu\u0111eg pona\u0161anja, s naglaskom na odgojno-obrazovni sustav osnovni je cilj. Ponudom niza izbornih kolegija poput kognitivne i pozitivne psihologije omogu\u0107uju se spoznaje vezane za koncepte sre\u0107e, zadovoljstva, smisla \u017eivota te poticanja osobnih snaga u ostvarivanju toga. Zadatak psihologijske skupine kolegije je tako\u0111er i upoznavanje i senzibiliziranje studenata s temama iz podru\u010dja pojma o sebi, socijalnih vje\u0161tina, problema komunikacije, stereotipa, predrasuda, diskriminacije i tolerancije.[\/vc_column_text][\/vc_column][\/vc_row][vc_row][vc_column][vc_separator color=&#8221;mulled_wine&#8221; style=&#8221;shadow&#8221; border_width=&#8221;2&#8243;][\/vc_column][\/vc_row][vc_row][vc_column width=&#8221;1\/4&#8243;][vc_single_image image=&#8221;31&#8243; img_size=&#8221;full&#8221;][\/vc_column][vc_column width=&#8221;3\/4&#8243;][vc_column_text css=&#8221;.vc_custom_1575370532158{margin-bottom: 0px !important;}&#8221;]PEDAGO\u0160KO-DIDAKTI\u010cKA GRUPA KOLEGIJA<\/p>\n<p>Program pedago\u0161ko-didakti\u010dkog obrazovanja ima temeljno zna\u010denje jer se njime ostvaruju temeljne pedago\u0161ko-didakti\u010dke kompetencije kojima, uz druge kolegije ovog modula. Magistar obrazovanja mora raspolagati pedago\u0161ko-didakti\u010dkim znanjima kako bi kompetentno mogao obna\u0161ati nastavni\u010dki poziv. Znanja i kompetencije ste\u010dene savladavanjem sadr\u017eaja pedago\u0161ko-didakti\u010dkih kolegija omogu\u0107it \u0107e budu\u0107im magistrima obrazovanja da pedago\u0161ke fenomene i probleme sagledaju interdisciplinarno te ih u tom svjetlu tretiraju i rje\u0161avaju.[\/vc_column_text][\/vc_column][\/vc_row][vc_row][vc_column][vc_separator color=&#8221;mulled_wine&#8221; style=&#8221;shadow&#8221; border_width=&#8221;2&#8243;][\/vc_column][\/vc_row][vc_row][vc_column width=&#8221;1\/4&#8243;][vc_single_image image=&#8221;76&#8243; img_size=&#8221;full&#8221;][\/vc_column][vc_column width=&#8221;3\/4&#8243;][vc_column_text css=&#8221;.vc_custom_1575370558126{margin-bottom: 0px !important;}&#8221;]SOCIOLO\u0160KA GRUPA PREDMETA<\/p>\n<p>Sociolo\u0161ka grupa predmeta omogu\u0107ava studentima razumijevanje i interpretaciju dru\u0161tvenih procesa, vrijednosti i djelovanja, kao i njihovu sposobnost kori\u0161tenja sociolo\u0161kog na\u010dina mi\u0161ljenja u razumijevanju i predvi\u0111anju globalnih dru\u0161tvenih procesa.[\/vc_column_text][\/vc_column][\/vc_row][vc_row][vc_column][vc_separator color=&#8221;mulled_wine&#8221; style=&#8221;shadow&#8221; border_width=&#8221;2&#8243;][\/vc_column][\/vc_row]\n<\/div>","protected":false},"excerpt":{"rendered":"<p>[vc_row][vc_column][vc_separator color=&#8221;mulled_wine&#8221; style=&#8221;shadow&#8221; border_width=&#8221;2&#8243;][\/vc_column][\/vc_row][vc_row][vc_column width=&#8221;1\/4&#8243;][vc_single_image image=&#8221;28&#8243; img_size=&#8221;full&#8221;][\/vc_column][vc_column width=&#8221;3\/4&#8243;][vc_column_text css=&#8221;.vc_custom_1575370479712{margin-bottom: 0px !important;}&#8221;]ENGLESKI JEZIK Za studente prirodnih i tehni\u010dkih znanosti u\u010denje engleskog jezika u struci ima va\u017eno zna\u010denje jer im omogu\u0107ava razumijevanje te pisanje znanstvenih i stru\u010dnih tekstova na engleskom jeziku.[\/vc_column_text][\/vc_column][\/vc_row][vc_row][vc_column][vc_separator color=&#8221;mulled_wine&#8221; style=&#8221;shadow&#8221; border_width=&#8221;2&#8243;][\/vc_column][\/vc_row][vc_row][vc_column width=&#8221;1\/4&#8243;][vc_single_image image=&#8221;29&#8243; img_size=&#8221;full&#8221;][\/vc_column][vc_column width=&#8221;3\/4&#8243;][vc_column_text css=&#8221;.vc_custom_1575370501889{margin-bottom: 0px !important;}&#8221;]KINEZIOLO\u0160KA GRUPA KOLEGIJA Budu\u0107i da se po\u010detkom [&hellip;]<\/p>\n","protected":false},"author":1,"featured_media":0,"parent":0,"menu_order":0,"comment_status":"closed","ping_status":"closed","template":"","meta":{"_acf_changed":false,"rs_blank_template":"","rs_page_bg_color":"","slide_template_v7":"","footnotes":""},"class_list":["post-25","page","type-page","status-publish","hentry"],"acf":[],"yoast_head":"<!-- This site is optimized with the Yoast SEO plugin v27.4 - https:\/\/yoast.com\/product\/yoast-seo-wordpress\/ -->\n<title>Studij - Samostalna katedra za DHZ<\/title>\n<meta name=\"robots\" content=\"index, follow, max-snippet:-1, max-image-preview:large, max-video-preview:-1\" \/>\n<link rel=\"canonical\" href=\"https:\/\/www.pmfst.unist.hr\/samostalna-katedra-za-dhz\/studij\/\" \/>\n<meta property=\"og:locale\" content=\"hr_HR\" \/>\n<meta property=\"og:type\" content=\"article\" \/>\n<meta property=\"og:title\" content=\"Studij - Samostalna katedra za DHZ\" \/>\n<meta property=\"og:description\" content=\"[vc_row][vc_column][vc_separator color=&#8221;mulled_wine&#8221; style=&#8221;shadow&#8221; border_width=&#8221;2&#8243;][\/vc_column][\/vc_row][vc_row][vc_column width=&#8221;1\/4&#8243;][vc_single_image image=&#8221;28&#8243; img_size=&#8221;full&#8221;][\/vc_column][vc_column width=&#8221;3\/4&#8243;][vc_column_text css=&#8221;.vc_custom_1575370479712{margin-bottom: 0px !important;}&#8221;]ENGLESKI JEZIK Za studente prirodnih i tehni\u010dkih znanosti u\u010denje engleskog jezika u struci ima va\u017eno zna\u010denje jer im omogu\u0107ava razumijevanje te pisanje znanstvenih i stru\u010dnih tekstova na engleskom jeziku.[\/vc_column_text][\/vc_column][\/vc_row][vc_row][vc_column][vc_separator color=&#8221;mulled_wine&#8221; style=&#8221;shadow&#8221; border_width=&#8221;2&#8243;][\/vc_column][\/vc_row][vc_row][vc_column width=&#8221;1\/4&#8243;][vc_single_image image=&#8221;29&#8243; img_size=&#8221;full&#8221;][\/vc_column][vc_column width=&#8221;3\/4&#8243;][vc_column_text css=&#8221;.vc_custom_1575370501889{margin-bottom: 0px !important;}&#8221;]KINEZIOLO\u0160KA GRUPA KOLEGIJA Budu\u0107i da se po\u010detkom [&hellip;]\" \/>\n<meta property=\"og:url\" content=\"https:\/\/www.pmfst.unist.hr\/samostalna-katedra-za-dhz\/studij\/\" \/>\n<meta property=\"og:site_name\" content=\"Samostalna katedra za DHZ\" \/>\n<meta property=\"article:modified_time\" content=\"2019-12-03T10:57:56+00:00\" \/>\n<meta name=\"twitter:card\" content=\"summary_large_image\" \/>\n<meta name=\"twitter:label1\" content=\"Procijenjeno vrijeme \u010ditanja\" \/>\n\t<meta name=\"twitter:data1\" content=\"3 minute\" \/>\n<script type=\"application\/ld+json\" class=\"yoast-schema-graph\">{\"@context\":\"https:\\\/\\\/schema.org\",\"@graph\":[{\"@type\":\"WebPage\",\"@id\":\"https:\\\/\\\/www.pmfst.unist.hr\\\/samostalna-katedra-za-dhz\\\/studij\\\/\",\"url\":\"https:\\\/\\\/www.pmfst.unist.hr\\\/samostalna-katedra-za-dhz\\\/studij\\\/\",\"name\":\"Studij - Samostalna katedra za DHZ\",\"isPartOf\":{\"@id\":\"https:\\\/\\\/www.pmfst.unist.hr\\\/samostalna-katedra-za-dhz\\\/#website\"},\"datePublished\":\"2018-02-09T09:16:36+00:00\",\"dateModified\":\"2019-12-03T10:57:56+00:00\",\"breadcrumb\":{\"@id\":\"https:\\\/\\\/www.pmfst.unist.hr\\\/samostalna-katedra-za-dhz\\\/studij\\\/#breadcrumb\"},\"inLanguage\":\"hr\",\"potentialAction\":[{\"@type\":\"ReadAction\",\"target\":[\"https:\\\/\\\/www.pmfst.unist.hr\\\/samostalna-katedra-za-dhz\\\/studij\\\/\"]}]},{\"@type\":\"BreadcrumbList\",\"@id\":\"https:\\\/\\\/www.pmfst.unist.hr\\\/samostalna-katedra-za-dhz\\\/studij\\\/#breadcrumb\",\"itemListElement\":[{\"@type\":\"ListItem\",\"position\":1,\"name\":\"Po\u010detna stranica\",\"item\":\"https:\\\/\\\/www.pmfst.unist.hr\\\/samostalna-katedra-za-dhz\\\/\"},{\"@type\":\"ListItem\",\"position\":2,\"name\":\"Studij\"}]},{\"@type\":\"WebSite\",\"@id\":\"https:\\\/\\\/www.pmfst.unist.hr\\\/samostalna-katedra-za-dhz\\\/#website\",\"url\":\"https:\\\/\\\/www.pmfst.unist.hr\\\/samostalna-katedra-za-dhz\\\/\",\"name\":\"Samostalna katedra za DHZ\",\"description\":\"Samostalna katedra za DHZ  Prirodoslovnog-matemati\u010dkiog fakulteta Sveu\u010dili\u0161ta u Splitu\",\"potentialAction\":[{\"@type\":\"SearchAction\",\"target\":{\"@type\":\"EntryPoint\",\"urlTemplate\":\"https:\\\/\\\/www.pmfst.unist.hr\\\/samostalna-katedra-za-dhz\\\/?s={search_term_string}\"},\"query-input\":{\"@type\":\"PropertyValueSpecification\",\"valueRequired\":true,\"valueName\":\"search_term_string\"}}],\"inLanguage\":\"hr\"}]}<\/script>\n<!-- \/ Yoast SEO plugin. -->","yoast_head_json":{"title":"Studij - Samostalna katedra za DHZ","robots":{"index":"index","follow":"follow","max-snippet":"max-snippet:-1","max-image-preview":"max-image-preview:large","max-video-preview":"max-video-preview:-1"},"canonical":"https:\/\/www.pmfst.unist.hr\/samostalna-katedra-za-dhz\/studij\/","og_locale":"hr_HR","og_type":"article","og_title":"Studij - Samostalna katedra za DHZ","og_description":"[vc_row][vc_column][vc_separator color=&#8221;mulled_wine&#8221; style=&#8221;shadow&#8221; border_width=&#8221;2&#8243;][\/vc_column][\/vc_row][vc_row][vc_column width=&#8221;1\/4&#8243;][vc_single_image image=&#8221;28&#8243; img_size=&#8221;full&#8221;][\/vc_column][vc_column width=&#8221;3\/4&#8243;][vc_column_text css=&#8221;.vc_custom_1575370479712{margin-bottom: 0px !important;}&#8221;]ENGLESKI JEZIK Za studente prirodnih i tehni\u010dkih znanosti u\u010denje engleskog jezika u struci ima va\u017eno zna\u010denje jer im omogu\u0107ava razumijevanje te pisanje znanstvenih i stru\u010dnih tekstova na engleskom jeziku.[\/vc_column_text][\/vc_column][\/vc_row][vc_row][vc_column][vc_separator color=&#8221;mulled_wine&#8221; style=&#8221;shadow&#8221; border_width=&#8221;2&#8243;][\/vc_column][\/vc_row][vc_row][vc_column width=&#8221;1\/4&#8243;][vc_single_image image=&#8221;29&#8243; img_size=&#8221;full&#8221;][\/vc_column][vc_column width=&#8221;3\/4&#8243;][vc_column_text css=&#8221;.vc_custom_1575370501889{margin-bottom: 0px !important;}&#8221;]KINEZIOLO\u0160KA GRUPA KOLEGIJA Budu\u0107i da se po\u010detkom [&hellip;]","og_url":"https:\/\/www.pmfst.unist.hr\/samostalna-katedra-za-dhz\/studij\/","og_site_name":"Samostalna katedra za DHZ","article_modified_time":"2019-12-03T10:57:56+00:00","twitter_card":"summary_large_image","twitter_misc":{"Procijenjeno vrijeme \u010ditanja":"3 minute"},"schema":{"@context":"https:\/\/schema.org","@graph":[{"@type":"WebPage","@id":"https:\/\/www.pmfst.unist.hr\/samostalna-katedra-za-dhz\/studij\/","url":"https:\/\/www.pmfst.unist.hr\/samostalna-katedra-za-dhz\/studij\/","name":"Studij - Samostalna katedra za DHZ","isPartOf":{"@id":"https:\/\/www.pmfst.unist.hr\/samostalna-katedra-za-dhz\/#website"},"datePublished":"2018-02-09T09:16:36+00:00","dateModified":"2019-12-03T10:57:56+00:00","breadcrumb":{"@id":"https:\/\/www.pmfst.unist.hr\/samostalna-katedra-za-dhz\/studij\/#breadcrumb"},"inLanguage":"hr","potentialAction":[{"@type":"ReadAction","target":["https:\/\/www.pmfst.unist.hr\/samostalna-katedra-za-dhz\/studij\/"]}]},{"@type":"BreadcrumbList","@id":"https:\/\/www.pmfst.unist.hr\/samostalna-katedra-za-dhz\/studij\/#breadcrumb","itemListElement":[{"@type":"ListItem","position":1,"name":"Po\u010detna stranica","item":"https:\/\/www.pmfst.unist.hr\/samostalna-katedra-za-dhz\/"},{"@type":"ListItem","position":2,"name":"Studij"}]},{"@type":"WebSite","@id":"https:\/\/www.pmfst.unist.hr\/samostalna-katedra-za-dhz\/#website","url":"https:\/\/www.pmfst.unist.hr\/samostalna-katedra-za-dhz\/","name":"Samostalna katedra za DHZ","description":"Samostalna katedra za DHZ  Prirodoslovnog-matemati\u010dkiog fakulteta Sveu\u010dili\u0161ta u Splitu","potentialAction":[{"@type":"SearchAction","target":{"@type":"EntryPoint","urlTemplate":"https:\/\/www.pmfst.unist.hr\/samostalna-katedra-za-dhz\/?s={search_term_string}"},"query-input":{"@type":"PropertyValueSpecification","valueRequired":true,"valueName":"search_term_string"}}],"inLanguage":"hr"}]}},"_links":{"self":[{"href":"https:\/\/www.pmfst.unist.hr\/samostalna-katedra-za-dhz\/wp-json\/wp\/v2\/pages\/25","targetHints":{"allow":["GET"]}}],"collection":[{"href":"https:\/\/www.pmfst.unist.hr\/samostalna-katedra-za-dhz\/wp-json\/wp\/v2\/pages"}],"about":[{"href":"https:\/\/www.pmfst.unist.hr\/samostalna-katedra-za-dhz\/wp-json\/wp\/v2\/types\/page"}],"author":[{"embeddable":true,"href":"https:\/\/www.pmfst.unist.hr\/samostalna-katedra-za-dhz\/wp-json\/wp\/v2\/users\/1"}],"replies":[{"embeddable":true,"href":"https:\/\/www.pmfst.unist.hr\/samostalna-katedra-za-dhz\/wp-json\/wp\/v2\/comments?post=25"}],"version-history":[{"count":0,"href":"https:\/\/www.pmfst.unist.hr\/samostalna-katedra-za-dhz\/wp-json\/wp\/v2\/pages\/25\/revisions"}],"wp:attachment":[{"href":"https:\/\/www.pmfst.unist.hr\/samostalna-katedra-za-dhz\/wp-json\/wp\/v2\/media?parent=25"}],"curies":[{"name":"wp","href":"https:\/\/api.w.org\/{rel}","templated":true}]}}