{"id":21170,"date":"2024-04-28T19:11:47","date_gmt":"2024-04-28T17:11:47","guid":{"rendered":"https:\/\/www.pmfst.unist.hr\/znanost\/?page_id=21170"},"modified":"2025-05-05T08:56:29","modified_gmt":"2025-05-05T06:56:29","slug":"znanstvena-djelatnost","status":"publish","type":"page","link":"https:\/\/www.pmfst.unist.hr\/znanost\/","title":{"rendered":"Znanstvena djelatnost"},"content":{"rendered":"<div class=\"wpb-content-wrapper\">[vc_row][vc_column][vc_empty_space][\/vc_column][\/vc_row][vc_row disable_element=&#8221;yes&#8221;][vc_column][vc_separator color=&#8221;mulled_wine&#8221; style=&#8221;shadow&#8221; border_width=&#8221;5&#8243;][\/vc_column][\/vc_row][vc_row][vc_column width=&#8221;4\/5&#8243;][vc_column_text css=&#8221;.vc_custom_1726512467163{margin-bottom: 0px !important;}&#8221;]Znanstvena istra\u017eivanja na Prirodoslovno-matemati\u010dkom fakultetu Sveu\u010dili\u0161ta u Splitu pokrivaju \u0161irok spektar znanstvenih podru\u010dja, uklju\u010duju\u0107i prirodne, tehni\u010dke, biotehni\u010dke, biomedicinske i dru\u0161tvene znanosti. Fakultet se oslanja na strate\u0161ke smjernice Sveu\u010dili\u0161ta u Splitu, kao i na nacionalne i me\u0111unarodne znanstvene strategije. Znanstvena strategija Fakulteta, uskla\u0111ena s Akcijskim planom, temeljni je dokument koji uklju\u010duje misiju, viziju, analizu postoje\u0107eg stanja te glavne strate\u0161ke prioritete, s razra\u0111enim zadacima, aktivnostima i \u017eeljenim rezultatima.<\/p>\n<p>Iako su temeljne akademske vrijednosti stalne, specifi\u010dni ciljevi i aktivnosti znanstveno-istra\u017eiva\u010dkih grupa mogu se prilagoditi tijekom provedbe strategije. Fakultet pridonosi znanstvenoj raznolikosti u regiji nagla\u0161avaju\u0107i multidisciplinarni pristup te kombiniraju\u0107i teorijski i eksperimentalni pristup istra\u017eivanjima. Ovaj pristup omogu\u0107uje razumijevanje temeljnih znanstvenih principa, dok primijenjena istra\u017eivanja donose rje\u0161enja za konkretne dru\u0161tvene izazove. Istra\u017eivanja obuhva\u0107aju razine od fundamentalnih do primijenjenih, usmjerena na stvaranje prakti\u010dnih rje\u0161enja za dru\u0161tvo.<\/p>\n<h4><a href=\"https:\/\/www.pmfst.unist.hr\/znanost\/znanstveni-radovi\/\" target=\"_blank\" rel=\"noopener\">ZNANSTVENO-ISTRA\u017dIVA\u010cKI RAD<\/a><\/h4>\n<p>Znanstveno-istra\u017eiva\u010dki rad djelatnika Prirodoslovno-matemati\u010dkog fakulteta kontinuirano bilje\u017ei pozitivan trend, kako u pogledu znanstvene produktivnosti, tako i u broju citiranosti. Ovaj rast citiranosti i publikacija svjedo\u010di o va\u017enom i stalnom doprinosu koje akademska zajednica i istra\u017eiva\u010di Fakulteta daju unutar svojih znanstvenih disciplina. Njihovi radovi \u010desto su objavljeni u presti\u017enim \u010dasopisima, \u0161to doprinosi me\u0111unarodnom ugledu Fakulteta. Dugotrajni pozitivan trend u znanstvenoj produktivnosti ne samo da pove\u0107ava ugled Fakulteta, ve\u0107 tako\u0111er doprinosi razvoju inovacija, tehnologija i rje\u0161avanju aktualnih dru\u0161tvenih i tehnolo\u0161kih izazova. Ovi rezultati odra\u017eavaju predanost istra\u017eiva\u010da izvrsnosti u svom znanstvenom radu.<strong>\u00a0<\/strong><\/p>\n<h4><a href=\"https:\/\/www.pmfst.unist.hr\/znanost\/projekti\/\" target=\"_blank\" rel=\"noopener\">PROJEKTI<\/a><\/h4>\n<p>Djelatnici Fakulteta sudjeluju u brojnim me\u0111unarodnim i doma\u0107im projektima, \u010dime se dodatno ja\u010da istra\u017eiva\u010dka i inovacijska suradnja. Ovi projekti \u010desto rezultiraju visoko citiranim radovima i prakti\u010dnim primjenama znanstvenih rezultata. Suradnja s akademskim institucijama, industrijom i drugim relevantnim sektorima klju\u010dna je za daljnji razvoj znanosti i tehnologije, a Fakultet je prepoznat po svojoj sposobnosti povezivanja teorijskih istra\u017eivanja s primjenom u stvarnom svijetu.[\/vc_column_text][vc_column_text css=&#8221;.vc_custom_1726512253850{margin-bottom: 0px !important;}&#8221;]\n<h4>IZDAVA\u010cKA DJELATNOST<\/h4>\n<p>Stru\u010dno-metodi\u010dki \u010dasopis iz matematike <em>Acta mathematica Spalatensia. Series didactica<\/em> izdaju Splitsko matemati\u010dko dru\u0161tvo i Odjel za matematiku Prirodoslovno-matemati\u010dkog fakulteta Sveu\u010dili\u0161ta u Splitu.<\/p>\n<p><img loading=\"lazy\" decoding=\"async\" class=\"alignnone size-medium wp-image-21877\" src=\"https:\/\/www.pmfst.unist.hr\/znanost\/wp-content\/uploads\/sites\/29\/2024\/09\/izdavacka_djelatnost-300x53.png\" alt=\"\" width=\"300\" height=\"53\" srcset=\"https:\/\/www.pmfst.unist.hr\/znanost\/wp-content\/uploads\/sites\/29\/2024\/09\/izdavacka_djelatnost-300x53.png 300w, https:\/\/www.pmfst.unist.hr\/znanost\/wp-content\/uploads\/sites\/29\/2024\/09\/izdavacka_djelatnost.png 473w\" sizes=\"auto, (max-width: 300px) 100vw, 300px\" \/>[\/vc_column_text][\/vc_column][vc_column width=&#8221;1\/5&#8243;][mk_title_box color=&#8221;#1e73be&#8221; margin_bottom=&#8221;0&#8243; font_family=&#8221;none&#8221;][\/mk_title_box][mk_employees style=&#8221;boxed&#8221; column=&#8221;1&#8243; employees=&#8221;18434&#8243;][\/vc_column][\/vc_row][vc_row][vc_column][vc_separator color=&#8221;mulled_wine&#8221; style=&#8221;shadow&#8221; border_width=&#8221;6&#8243;][\/vc_column][\/vc_row]\n<\/div>","protected":false},"excerpt":{"rendered":"<p>[vc_row][vc_column][vc_empty_space][\/vc_column][\/vc_row][vc_row disable_element=&#8221;yes&#8221;][vc_column][vc_separator color=&#8221;mulled_wine&#8221; style=&#8221;shadow&#8221; border_width=&#8221;5&#8243;][\/vc_column][\/vc_row][vc_row][vc_column width=&#8221;4\/5&#8243;][vc_column_text css=&#8221;.vc_custom_1726512467163{margin-bottom: 0px !important;}&#8221;]Znanstvena istra\u017eivanja na Prirodoslovno-matemati\u010dkom fakultetu Sveu\u010dili\u0161ta u Splitu pokrivaju \u0161irok spektar znanstvenih podru\u010dja, uklju\u010duju\u0107i prirodne, tehni\u010dke, biotehni\u010dke, biomedicinske i dru\u0161tvene znanosti. Fakultet se oslanja na strate\u0161ke smjernice Sveu\u010dili\u0161ta u Splitu, kao i na nacionalne i me\u0111unarodne znanstvene strategije. Znanstvena strategija Fakulteta, uskla\u0111ena s Akcijskim planom, temeljni je [&hellip;]<\/p>\n","protected":false},"author":1,"featured_media":0,"parent":0,"menu_order":0,"comment_status":"closed","ping_status":"closed","template":"","meta":{"_acf_changed":false,"rs_blank_template":"","rs_page_bg_color":"","slide_template_v7":"","footnotes":""},"class_list":["post-21170","page","type-page","status-publish","hentry"],"acf":[],"yoast_head":"<!-- This site is optimized with the Yoast SEO plugin v27.2 - https:\/\/yoast.com\/product\/yoast-seo-wordpress\/ -->\n<title>Znanstvena djelatnost - Znanstvena djelatnost, PMF Split<\/title>\n<meta name=\"robots\" content=\"index, follow, max-snippet:-1, max-image-preview:large, max-video-preview:-1\" \/>\n<link rel=\"canonical\" href=\"https:\/\/www.pmfst.unist.hr\/znanost\/\" \/>\n<meta property=\"og:locale\" content=\"hr_HR\" \/>\n<meta property=\"og:type\" content=\"article\" \/>\n<meta property=\"og:title\" content=\"Znanstvena djelatnost - Znanstvena djelatnost, PMF Split\" \/>\n<meta property=\"og:description\" content=\"[vc_row][vc_column][vc_empty_space][\/vc_column][\/vc_row][vc_row disable_element=&#8221;yes&#8221;][vc_column][vc_separator color=&#8221;mulled_wine&#8221; style=&#8221;shadow&#8221; border_width=&#8221;5&#8243;][\/vc_column][\/vc_row][vc_row][vc_column width=&#8221;4\/5&#8243;][vc_column_text css=&#8221;.vc_custom_1726512467163{margin-bottom: 0px !important;}&#8221;]Znanstvena istra\u017eivanja na Prirodoslovno-matemati\u010dkom fakultetu Sveu\u010dili\u0161ta u Splitu pokrivaju \u0161irok spektar znanstvenih podru\u010dja, uklju\u010duju\u0107i prirodne, tehni\u010dke, biotehni\u010dke, biomedicinske i dru\u0161tvene znanosti. Fakultet se oslanja na strate\u0161ke smjernice Sveu\u010dili\u0161ta u Splitu, kao i na nacionalne i me\u0111unarodne znanstvene strategije. Znanstvena strategija Fakulteta, uskla\u0111ena s Akcijskim planom, temeljni je [&hellip;]\" \/>\n<meta property=\"og:url\" content=\"https:\/\/www.pmfst.unist.hr\/znanost\/\" \/>\n<meta property=\"og:site_name\" content=\"Znanstvena djelatnost, PMF Split\" \/>\n<meta property=\"article:publisher\" content=\"https:\/\/www.facebook.com\/pmfst\/\" \/>\n<meta property=\"article:modified_time\" content=\"2025-05-05T06:56:29+00:00\" \/>\n<meta property=\"og:image\" content=\"https:\/\/www.pmfst.unist.hr\/znanost\/wp-content\/uploads\/sites\/29\/2024\/09\/izdavacka_djelatnost.png\" \/>\n\t<meta property=\"og:image:width\" content=\"473\" \/>\n\t<meta property=\"og:image:height\" content=\"83\" \/>\n\t<meta property=\"og:image:type\" content=\"image\/png\" \/>\n<meta name=\"twitter:card\" content=\"summary_large_image\" \/>\n<meta name=\"twitter:site\" content=\"@PmfSplit\" \/>\n<meta name=\"twitter:label1\" content=\"Procijenjeno vrijeme \u010ditanja\" \/>\n\t<meta name=\"twitter:data1\" content=\"3 minute\" \/>\n<script type=\"application\/ld+json\" class=\"yoast-schema-graph\">{\"@context\":\"https:\/\/schema.org\",\"@graph\":[{\"@type\":\"WebPage\",\"@id\":\"https:\/\/www.pmfst.unist.hr\/znanost\/\",\"url\":\"https:\/\/www.pmfst.unist.hr\/znanost\/\",\"name\":\"Znanstvena djelatnost - Znanstvena djelatnost, PMF Split\",\"isPartOf\":{\"@id\":\"https:\/\/www.pmfst.unist.hr\/znanost\/#website\"},\"primaryImageOfPage\":{\"@id\":\"https:\/\/www.pmfst.unist.hr\/znanost\/#primaryimage\"},\"image\":{\"@id\":\"https:\/\/www.pmfst.unist.hr\/znanost\/#primaryimage\"},\"thumbnailUrl\":\"https:\/\/www.pmfst.unist.hr\/znanost\/wp-content\/uploads\/sites\/29\/2024\/09\/izdavacka_djelatnost-300x53.png\",\"datePublished\":\"2024-04-28T17:11:47+00:00\",\"dateModified\":\"2025-05-05T06:56:29+00:00\",\"breadcrumb\":{\"@id\":\"https:\/\/www.pmfst.unist.hr\/znanost\/#breadcrumb\"},\"inLanguage\":\"hr\",\"potentialAction\":[{\"@type\":\"ReadAction\",\"target\":[\"https:\/\/www.pmfst.unist.hr\/znanost\/\"]}]},{\"@type\":\"ImageObject\",\"inLanguage\":\"hr\",\"@id\":\"https:\/\/www.pmfst.unist.hr\/znanost\/#primaryimage\",\"url\":\"https:\/\/www.pmfst.unist.hr\/znanost\/wp-content\/uploads\/sites\/29\/2024\/09\/izdavacka_djelatnost.png\",\"contentUrl\":\"https:\/\/www.pmfst.unist.hr\/znanost\/wp-content\/uploads\/sites\/29\/2024\/09\/izdavacka_djelatnost.png\",\"width\":473,\"height\":83},{\"@type\":\"BreadcrumbList\",\"@id\":\"https:\/\/www.pmfst.unist.hr\/znanost\/#breadcrumb\",\"itemListElement\":[{\"@type\":\"ListItem\",\"position\":1,\"name\":\"Po\u010detna stranica\",\"item\":\"https:\/\/www.pmfst.unist.hr\/znanost\/\"},{\"@type\":\"ListItem\",\"position\":2,\"name\":\"Znanstvena djelatnost\"}]},{\"@type\":\"WebSite\",\"@id\":\"https:\/\/www.pmfst.unist.hr\/znanost\/#website\",\"url\":\"https:\/\/www.pmfst.unist.hr\/znanost\/\",\"name\":\"Znanstvena djelatnost, PMF Split\",\"description\":\"Znanost -  Prirodoslovno-matemati\u010dki fakultet Sveu\u010dili\u0161ta u Splitu\",\"publisher\":{\"@id\":\"https:\/\/www.pmfst.unist.hr\/znanost\/#organization\"},\"potentialAction\":[{\"@type\":\"SearchAction\",\"target\":{\"@type\":\"EntryPoint\",\"urlTemplate\":\"https:\/\/www.pmfst.unist.hr\/znanost\/?s={search_term_string}\"},\"query-input\":{\"@type\":\"PropertyValueSpecification\",\"valueRequired\":true,\"valueName\":\"search_term_string\"}}],\"inLanguage\":\"hr\"},{\"@type\":\"Organization\",\"@id\":\"https:\/\/www.pmfst.unist.hr\/znanost\/#organization\",\"name\":\"Prirodoslovno-matemati\u010dki fakultet u Splitu\",\"url\":\"https:\/\/www.pmfst.unist.hr\/znanost\/\",\"logo\":{\"@type\":\"ImageObject\",\"inLanguage\":\"hr\",\"@id\":\"https:\/\/www.pmfst.unist.hr\/znanost\/#\/schema\/logo\/image\/\",\"url\":\"https:\/\/www.pmfst.unist.hr\/znanost\/wp-content\/uploads\/sites\/29\/2018\/01\/logotip2.png\",\"contentUrl\":\"https:\/\/www.pmfst.unist.hr\/znanost\/wp-content\/uploads\/sites\/29\/2018\/01\/logotip2.png\",\"width\":195,\"height\":195,\"caption\":\"Prirodoslovno-matemati\u010dki fakultet u Splitu\"},\"image\":{\"@id\":\"https:\/\/www.pmfst.unist.hr\/znanost\/#\/schema\/logo\/image\/\"},\"sameAs\":[\"https:\/\/www.facebook.com\/pmfst\/\",\"https:\/\/x.com\/PmfSplit\",\"https:\/\/www.instagram.com\/pmfsplit\/\",\"https:\/\/www.youtube.com\/channel\/UCHVTsYgWvDAsqkWMfa8Jfsg\"]}]}<\/script>\n<!-- \/ Yoast SEO plugin. -->","yoast_head_json":{"title":"Znanstvena djelatnost - Znanstvena djelatnost, PMF Split","robots":{"index":"index","follow":"follow","max-snippet":"max-snippet:-1","max-image-preview":"max-image-preview:large","max-video-preview":"max-video-preview:-1"},"canonical":"https:\/\/www.pmfst.unist.hr\/znanost\/","og_locale":"hr_HR","og_type":"article","og_title":"Znanstvena djelatnost - Znanstvena djelatnost, PMF Split","og_description":"[vc_row][vc_column][vc_empty_space][\/vc_column][\/vc_row][vc_row disable_element=&#8221;yes&#8221;][vc_column][vc_separator color=&#8221;mulled_wine&#8221; style=&#8221;shadow&#8221; border_width=&#8221;5&#8243;][\/vc_column][\/vc_row][vc_row][vc_column width=&#8221;4\/5&#8243;][vc_column_text css=&#8221;.vc_custom_1726512467163{margin-bottom: 0px !important;}&#8221;]Znanstvena istra\u017eivanja na Prirodoslovno-matemati\u010dkom fakultetu Sveu\u010dili\u0161ta u Splitu pokrivaju \u0161irok spektar znanstvenih podru\u010dja, uklju\u010duju\u0107i prirodne, tehni\u010dke, biotehni\u010dke, biomedicinske i dru\u0161tvene znanosti. Fakultet se oslanja na strate\u0161ke smjernice Sveu\u010dili\u0161ta u Splitu, kao i na nacionalne i me\u0111unarodne znanstvene strategije. Znanstvena strategija Fakulteta, uskla\u0111ena s Akcijskim planom, temeljni je [&hellip;]","og_url":"https:\/\/www.pmfst.unist.hr\/znanost\/","og_site_name":"Znanstvena djelatnost, PMF Split","article_publisher":"https:\/\/www.facebook.com\/pmfst\/","article_modified_time":"2025-05-05T06:56:29+00:00","og_image":[{"width":473,"height":83,"url":"https:\/\/www.pmfst.unist.hr\/znanost\/wp-content\/uploads\/sites\/29\/2024\/09\/izdavacka_djelatnost.png","type":"image\/png"}],"twitter_card":"summary_large_image","twitter_site":"@PmfSplit","twitter_misc":{"Procijenjeno vrijeme \u010ditanja":"3 minute"},"schema":{"@context":"https:\/\/schema.org","@graph":[{"@type":"WebPage","@id":"https:\/\/www.pmfst.unist.hr\/znanost\/","url":"https:\/\/www.pmfst.unist.hr\/znanost\/","name":"Znanstvena djelatnost - Znanstvena djelatnost, PMF Split","isPartOf":{"@id":"https:\/\/www.pmfst.unist.hr\/znanost\/#website"},"primaryImageOfPage":{"@id":"https:\/\/www.pmfst.unist.hr\/znanost\/#primaryimage"},"image":{"@id":"https:\/\/www.pmfst.unist.hr\/znanost\/#primaryimage"},"thumbnailUrl":"https:\/\/www.pmfst.unist.hr\/znanost\/wp-content\/uploads\/sites\/29\/2024\/09\/izdavacka_djelatnost-300x53.png","datePublished":"2024-04-28T17:11:47+00:00","dateModified":"2025-05-05T06:56:29+00:00","breadcrumb":{"@id":"https:\/\/www.pmfst.unist.hr\/znanost\/#breadcrumb"},"inLanguage":"hr","potentialAction":[{"@type":"ReadAction","target":["https:\/\/www.pmfst.unist.hr\/znanost\/"]}]},{"@type":"ImageObject","inLanguage":"hr","@id":"https:\/\/www.pmfst.unist.hr\/znanost\/#primaryimage","url":"https:\/\/www.pmfst.unist.hr\/znanost\/wp-content\/uploads\/sites\/29\/2024\/09\/izdavacka_djelatnost.png","contentUrl":"https:\/\/www.pmfst.unist.hr\/znanost\/wp-content\/uploads\/sites\/29\/2024\/09\/izdavacka_djelatnost.png","width":473,"height":83},{"@type":"BreadcrumbList","@id":"https:\/\/www.pmfst.unist.hr\/znanost\/#breadcrumb","itemListElement":[{"@type":"ListItem","position":1,"name":"Po\u010detna stranica","item":"https:\/\/www.pmfst.unist.hr\/znanost\/"},{"@type":"ListItem","position":2,"name":"Znanstvena djelatnost"}]},{"@type":"WebSite","@id":"https:\/\/www.pmfst.unist.hr\/znanost\/#website","url":"https:\/\/www.pmfst.unist.hr\/znanost\/","name":"Znanstvena djelatnost, PMF Split","description":"Znanost -  Prirodoslovno-matemati\u010dki fakultet Sveu\u010dili\u0161ta u Splitu","publisher":{"@id":"https:\/\/www.pmfst.unist.hr\/znanost\/#organization"},"potentialAction":[{"@type":"SearchAction","target":{"@type":"EntryPoint","urlTemplate":"https:\/\/www.pmfst.unist.hr\/znanost\/?s={search_term_string}"},"query-input":{"@type":"PropertyValueSpecification","valueRequired":true,"valueName":"search_term_string"}}],"inLanguage":"hr"},{"@type":"Organization","@id":"https:\/\/www.pmfst.unist.hr\/znanost\/#organization","name":"Prirodoslovno-matemati\u010dki fakultet u Splitu","url":"https:\/\/www.pmfst.unist.hr\/znanost\/","logo":{"@type":"ImageObject","inLanguage":"hr","@id":"https:\/\/www.pmfst.unist.hr\/znanost\/#\/schema\/logo\/image\/","url":"https:\/\/www.pmfst.unist.hr\/znanost\/wp-content\/uploads\/sites\/29\/2018\/01\/logotip2.png","contentUrl":"https:\/\/www.pmfst.unist.hr\/znanost\/wp-content\/uploads\/sites\/29\/2018\/01\/logotip2.png","width":195,"height":195,"caption":"Prirodoslovno-matemati\u010dki fakultet u Splitu"},"image":{"@id":"https:\/\/www.pmfst.unist.hr\/znanost\/#\/schema\/logo\/image\/"},"sameAs":["https:\/\/www.facebook.com\/pmfst\/","https:\/\/x.com\/PmfSplit","https:\/\/www.instagram.com\/pmfsplit\/","https:\/\/www.youtube.com\/channel\/UCHVTsYgWvDAsqkWMfa8Jfsg"]}]}},"_links":{"self":[{"href":"https:\/\/www.pmfst.unist.hr\/znanost\/wp-json\/wp\/v2\/pages\/21170","targetHints":{"allow":["GET"]}}],"collection":[{"href":"https:\/\/www.pmfst.unist.hr\/znanost\/wp-json\/wp\/v2\/pages"}],"about":[{"href":"https:\/\/www.pmfst.unist.hr\/znanost\/wp-json\/wp\/v2\/types\/page"}],"author":[{"embeddable":true,"href":"https:\/\/www.pmfst.unist.hr\/znanost\/wp-json\/wp\/v2\/users\/1"}],"replies":[{"embeddable":true,"href":"https:\/\/www.pmfst.unist.hr\/znanost\/wp-json\/wp\/v2\/comments?post=21170"}],"version-history":[{"count":0,"href":"https:\/\/www.pmfst.unist.hr\/znanost\/wp-json\/wp\/v2\/pages\/21170\/revisions"}],"wp:attachment":[{"href":"https:\/\/www.pmfst.unist.hr\/znanost\/wp-json\/wp\/v2\/media?parent=21170"}],"curies":[{"name":"wp","href":"https:\/\/api.w.org\/{rel}","templated":true}]}}